{"id":7,"date":"2024-04-03T23:15:46","date_gmt":"2024-04-03T20:15:46","guid":{"rendered":"https:\/\/sisu.ut.ee\/ladinasubstantiiv\/i-kaandkond\/"},"modified":"2024-04-30T17:34:42","modified_gmt":"2024-04-30T14:34:42","slug":"i-kaandkond","status":"publish","type":"page","link":"https:\/\/sisu.ut.ee\/ladinasubstantiiv\/i-kaandkond\/","title":{"rendered":"I k\u00e4\u00e4ndkond"},"content":{"rendered":"<p>Videos n\u00e4idatakse, kuidas eristada \u00fcksteisest ladina k\u00e4\u00e4ndkondi, kuidas leida ladina nimis\u00f5nade t\u00fcvi ning kuidas deklineerida I k\u00e4\u00e4ndkonda kuuluvaid s\u00f5nu.<\/p>\n<p style=\"text-align: center;\"><\/p><div class=\"ratio ratio-16x9 mb-3\"><div class=\"video-placeholder-wrapper video-placeholder-wrapper--16x9\">\n\t\t\t    <div class=\"video-placeholder d-flex justify-content-center align-items-center\">\n\t\t\t        <div class=\"overlay text-white p-2 w-100 text-center d-block justify-content-center align-items-center\">\n\t\t\t            <div>Kolmandate osapoolte sisu n\u00e4gemiseks palun n\u00f5ustu k\u00fcpsistega.<\/div>\n\t\t\t            <button class=\"btn btn-secondary btn-sm mt-1 consent-change\">Muuda n\u00f5usolekut<\/button>\n\t\t\t        <\/div>\n\t\t\t    <\/div>\n\t\t\t<\/div>\n<\/div>\n<p style=\"text-align: center;\"><a href=\"http:\/\/www.uttv.ee\/naita?id=17897\" target=\"_blank\" rel=\"noopener\">http:\/\/www.uttv.ee\/naita?id=17897<\/a><\/p>\n<p><\/p><div class=\"accordion mb-3\">\n        <div class=\"accordion-item accordion-item--white\">\n        <h2 class=\"accordion-header\" id=\"accordion-69d087847a67c-heading\">\n            <button class=\"accordion-button collapsed\" type=\"button\" data-bs-toggle=\"collapse\" data-bs-target=\"#accordion-69d087847a67c-collapse\" aria-expanded=\"true\" aria-controls=\"accordion-69d087847a67c-collapse\">Nimetage ladina keele k\u00e4\u00e4nded. Millistele k\u00fcsimustele vastavas k\u00e4\u00e4ndes s\u00f5na vastab?<\/button>\n        <\/h2>\n        <div id=\"accordion-69d087847a67c-collapse\" class=\"accordion-collapse collapse\" aria-labelledby=\"accordion-69d087847a67c-heading\">\n            <div class=\"accordion-body\"><br>\nNominativus \u2013 kes? mis? Genitivus \u2013 kelle? mille? Dativus \u2013 kellel(e)? millel(e)? Accusativus (keda? mida?) Ablativus (kellega? millega? kellest? millest? kus? millal? kuidas?)<\/div>\n        <\/div>\n        <\/div>\n    <\/div><br>\n<div class=\"accordion mb-3\">\n        <div class=\"accordion-item accordion-item--white\">\n        <h2 class=\"accordion-header\" id=\"accordion-69d087847a69c-heading\">\n            <button class=\"accordion-button collapsed\" type=\"button\" data-bs-toggle=\"collapse\" data-bs-target=\"#accordion-69d087847a69c-collapse\" aria-expanded=\"true\" aria-controls=\"accordion-69d087847a69c-collapse\">K\u00e4\u00e4nake s\u00f5na \u2018silva, silvae\u2019, mets nii ainsuses kui ka mitmuses.<\/button>\n        <\/h2>\n        <div id=\"accordion-69d087847a69c-collapse\" class=\"accordion-collapse collapse\" aria-labelledby=\"accordion-69d087847a69c-heading\">\n            <div class=\"accordion-body\"><br>\nSg. Nom. silva Gen. silvae Dat. silvae Acc. silvam Abl. silva Pl. Nom. silvae Gen. silvarum Dat. silvis Acc. silvas. Abl. silvis<\/div>\n        <\/div>\n        <\/div>\n    <\/div><br>\n<div class=\"accordion mb-3\">\n        <div class=\"accordion-item accordion-item--white\">\n        <h2 class=\"accordion-header\" id=\"accordion-69d087847a69e-heading\">\n            <button class=\"accordion-button collapsed\" type=\"button\" data-bs-toggle=\"collapse\" data-bs-target=\"#accordion-69d087847a69e-collapse\" aria-expanded=\"true\" aria-controls=\"accordion-69d087847a69e-collapse\">Mille poolest erinevad s\u00f5nad \u2018nauta\u2019 (meremees), \u2018poeta\u2019 (luuletaja), \u2018agricola\u2019 (talumees), \u2018clepta\u2019 (varas) reeglip\u00e4rastest I k\u00e4\u00e4ndkonna s\u00f5nadest?<\/button>\n        <\/h2>\n        <div id=\"accordion-69d087847a69e-collapse\" class=\"accordion-collapse collapse\" aria-labelledby=\"accordion-69d087847a69e-heading\">\n            <div class=\"accordion-body\"><br>\nNeed on meessoost s\u00f5nad, mis k\u00e4\u00e4nduvad I k\u00e4\u00e4ndkonna reeglite j\u00e4rgi.<\/div>\n        <\/div>\n        <\/div>\n    <\/div>\n<div id=\"accordion\" class=\"accordion\"><\/div>\n<div id=\"accordion\" class=\"accordion\">\n<div><\/div>\n<\/div>\n","protected":false},"excerpt":{"rendered":"<p>Videos n\u00e4idatakse, kuidas eristada \u00fcksteisest ladina k\u00e4\u00e4ndkondi, kuidas leida ladina nimis\u00f5nade t\u00fcvi ning kuidas deklineerida I k\u00e4\u00e4ndkonda kuuluvaid s\u00f5nu. Kolmandate osapoolte sisu n\u00e4gemiseks palun n\u00f5ustu k\u00fcpsistega. Muuda n\u00f5usolekut http:\/\/www.uttv.ee\/naita?id=17897 Nimetage ladina keele k\u00e4\u00e4nded. Millistele k\u00fcsimustele vastavas k\u00e4\u00e4ndes s\u00f5na vastab? Nominativus &#8230;<\/p>\n","protected":false},"author":24,"featured_media":0,"parent":0,"menu_order":0,"comment_status":"closed","ping_status":"closed","template":"","meta":{"_acf_changed":false,"inline_featured_image":false,"footnotes":""},"class_list":["post-7","page","type-page","status-publish","hentry"],"acf":[],"_links":{"self":[{"href":"https:\/\/sisu.ut.ee\/ladinasubstantiiv\/wp-json\/wp\/v2\/pages\/7","targetHints":{"allow":["GET"]}}],"collection":[{"href":"https:\/\/sisu.ut.ee\/ladinasubstantiiv\/wp-json\/wp\/v2\/pages"}],"about":[{"href":"https:\/\/sisu.ut.ee\/ladinasubstantiiv\/wp-json\/wp\/v2\/types\/page"}],"author":[{"embeddable":true,"href":"https:\/\/sisu.ut.ee\/ladinasubstantiiv\/wp-json\/wp\/v2\/users\/24"}],"replies":[{"embeddable":true,"href":"https:\/\/sisu.ut.ee\/ladinasubstantiiv\/wp-json\/wp\/v2\/comments?post=7"}],"version-history":[{"count":2,"href":"https:\/\/sisu.ut.ee\/ladinasubstantiiv\/wp-json\/wp\/v2\/pages\/7\/revisions"}],"predecessor-version":[{"id":36,"href":"https:\/\/sisu.ut.ee\/ladinasubstantiiv\/wp-json\/wp\/v2\/pages\/7\/revisions\/36"}],"wp:attachment":[{"href":"https:\/\/sisu.ut.ee\/ladinasubstantiiv\/wp-json\/wp\/v2\/media?parent=7"}],"curies":[{"name":"wp","href":"https:\/\/api.w.org\/{rel}","templated":true}]}}