{"id":10,"date":"2024-04-03T23:15:46","date_gmt":"2024-04-03T20:15:46","guid":{"rendered":"https:\/\/sisu.ut.ee\/ladinasubstantiiv\/iv-v-kaandkond\/"},"modified":"2024-04-30T17:41:51","modified_gmt":"2024-04-30T14:41:51","slug":"iv-v-kaandkond","status":"publish","type":"page","link":"https:\/\/sisu.ut.ee\/ladinasubstantiiv\/iv-v-kaandkond\/","title":{"rendered":"IV-V k\u00e4\u00e4ndkond"},"content":{"rendered":"<p>Selles videos k\u00e4sitletakse IV k\u00e4\u00e4ndkonna mees- ja kesksoost s\u00f5nu ning v\u00e4ikest r\u00fchma V k\u00e4\u00e4ndkonna kuuluvaid s\u00f5nu. Saate teada, kuidas leida nende s\u00f5nade t\u00fcvi ning millised k\u00e4\u00e4ndel\u00f5pud tuleb \u00f5ige k\u00e4\u00e4nde saamiseks vastavale t\u00fcvele liita.<\/p>\n<p style=\"text-align: center;\"><\/p><div class=\"ratio ratio-16x9 mb-3\"><div class=\"video-placeholder-wrapper video-placeholder-wrapper--16x9\">\n\t\t\t    <div class=\"video-placeholder d-flex justify-content-center align-items-center\">\n\t\t\t        <div class=\"overlay text-white p-2 w-100 text-center d-block justify-content-center align-items-center\">\n\t\t\t            <div>Kolmandate osapoolte sisu n\u00e4gemiseks palun n\u00f5ustu k\u00fcpsistega.<\/div>\n\t\t\t            <button class=\"btn btn-secondary btn-sm mt-1 consent-change\">Muuda n\u00f5usolekut<\/button>\n\t\t\t        <\/div>\n\t\t\t    <\/div>\n\t\t\t<\/div>\n<\/div>\n<p style=\"text-align: center;\"><a href=\"http:\/\/www.uttv.ee\/naita?id=18032\" target=\"_blank\" rel=\"noopener\">http:\/\/www.uttv.ee\/naita?id=18032<\/a><\/p>\n<p><\/p><div class=\"accordion mb-3\">\n        <div class=\"accordion-item accordion-item--white\">\n        <h2 class=\"accordion-header\" id=\"accordion-69d0baa59f37c-heading\">\n            <button class=\"accordion-button collapsed\" type=\"button\" data-bs-toggle=\"collapse\" data-bs-target=\"#accordion-69d0baa59f37c-collapse\" aria-expanded=\"true\" aria-controls=\"accordion-69d0baa59f37c-collapse\">Nimetage IV k\u00e4\u00e4ndkonna tunnus.<\/button>\n        <\/h2>\n        <div id=\"accordion-69d0baa59f37c-collapse\" class=\"accordion-collapse collapse\" aria-labelledby=\"accordion-69d0baa59f37c-heading\">\n            <div class=\"accordion-body\"><br>IV k\u00e4\u00e4ndkonna tunnus on -us teise p\u00f5hivormi l\u00f5pus; tunnuse eemaldamisel saadakse k\u00e4\u00e4namiseks vajalik t\u00fcvi.<\/div>\n        <\/div>\n        <\/div>\n    <\/div><br><div class=\"accordion mb-3\">\n        <div class=\"accordion-item accordion-item--white\">\n        <h2 class=\"accordion-header\" id=\"accordion-69d0baa59f395-heading\">\n            <button class=\"accordion-button collapsed\" type=\"button\" data-bs-toggle=\"collapse\" data-bs-target=\"#accordion-69d0baa59f395-collapse\" aria-expanded=\"true\" aria-controls=\"accordion-69d0baa59f395-collapse\">K\u00e4\u00e4nake s\u00f5na \u2018gradus, gradus m\u2019, samm.<\/button>\n        <\/h2>\n        <div id=\"accordion-69d0baa59f395-collapse\" class=\"accordion-collapse collapse\" aria-labelledby=\"accordion-69d0baa59f395-heading\">\n            <div class=\"accordion-body\"><br>Sg. Nom. gradus Gen. gradus Dat. gradui Acc. gradum Abl. gradu Pl. Nom. gradus Gen. graduum Dat. gradibus Acc. gradus Abl. gradibus<\/div>\n        <\/div>\n        <\/div>\n    <\/div><br><div class=\"accordion mb-3\">\n        <div class=\"accordion-item accordion-item--white\">\n        <h2 class=\"accordion-header\" id=\"accordion-69d0baa59f397-heading\">\n            <button class=\"accordion-button collapsed\" type=\"button\" data-bs-toggle=\"collapse\" data-bs-target=\"#accordion-69d0baa59f397-collapse\" aria-expanded=\"true\" aria-controls=\"accordion-69d0baa59f397-collapse\">K\u00e4\u00e4nake s\u00f5na \u2019dies, diei m f\u2019 p\u00e4ev<\/button>\n        <\/h2>\n        <div id=\"accordion-69d0baa59f397-collapse\" class=\"accordion-collapse collapse\" aria-labelledby=\"accordion-69d0baa59f397-heading\">\n            <div class=\"accordion-body\"><br>Sg. Nom. dies Gen. diei Dat. diei Acc. diem Abl. die Pl. Nom. dies Gen. dierum \u00a0Dat. diebus Acc. dies Abl. diebus<\/div>\n        <\/div>\n        <\/div>\n    <\/div>\n<div id=\"accordion\" class=\"accordion\">\u00a0<\/div>\n<div id=\"accordion\" class=\"accordion\">\n<div>\u00a0<\/div>\n<\/div>\n\n\n<p><\/p>\n","protected":false},"excerpt":{"rendered":"<p>Selles videos k\u00e4sitletakse IV k\u00e4\u00e4ndkonna mees- ja kesksoost s\u00f5nu ning v\u00e4ikest r\u00fchma V k\u00e4\u00e4ndkonna kuuluvaid s\u00f5nu. Saate teada, kuidas leida nende s\u00f5nade t\u00fcvi ning millised k\u00e4\u00e4ndel\u00f5pud tuleb \u00f5ige k\u00e4\u00e4nde saamiseks vastavale t\u00fcvele liita. Kolmandate osapoolte sisu n\u00e4gemiseks palun n\u00f5ustu k\u00fcpsistega. &#8230;<\/p>\n","protected":false},"author":24,"featured_media":0,"parent":0,"menu_order":0,"comment_status":"closed","ping_status":"closed","template":"","meta":{"_acf_changed":false,"inline_featured_image":false,"footnotes":""},"class_list":["post-10","page","type-page","status-publish","hentry"],"acf":[],"_links":{"self":[{"href":"https:\/\/sisu.ut.ee\/ladinasubstantiiv\/wp-json\/wp\/v2\/pages\/10","targetHints":{"allow":["GET"]}}],"collection":[{"href":"https:\/\/sisu.ut.ee\/ladinasubstantiiv\/wp-json\/wp\/v2\/pages"}],"about":[{"href":"https:\/\/sisu.ut.ee\/ladinasubstantiiv\/wp-json\/wp\/v2\/types\/page"}],"author":[{"embeddable":true,"href":"https:\/\/sisu.ut.ee\/ladinasubstantiiv\/wp-json\/wp\/v2\/users\/24"}],"replies":[{"embeddable":true,"href":"https:\/\/sisu.ut.ee\/ladinasubstantiiv\/wp-json\/wp\/v2\/comments?post=10"}],"version-history":[{"count":2,"href":"https:\/\/sisu.ut.ee\/ladinasubstantiiv\/wp-json\/wp\/v2\/pages\/10\/revisions"}],"predecessor-version":[{"id":42,"href":"https:\/\/sisu.ut.ee\/ladinasubstantiiv\/wp-json\/wp\/v2\/pages\/10\/revisions\/42"}],"wp:attachment":[{"href":"https:\/\/sisu.ut.ee\/ladinasubstantiiv\/wp-json\/wp\/v2\/media?parent=10"}],"curies":[{"name":"wp","href":"https:\/\/api.w.org\/{rel}","templated":true}]}}