{"id":9,"date":"2024-04-04T08:51:28","date_gmt":"2024-04-04T05:51:28","guid":{"rendered":"https:\/\/sisu.ut.ee\/kybertiigrid\/kontakt\/"},"modified":"2024-04-04T08:51:33","modified_gmt":"2024-04-04T05:51:33","slug":"kontakt","status":"publish","type":"page","link":"https:\/\/sisu.ut.ee\/kybertiigrid\/kontakt\/","title":{"rendered":"Kontakt"},"content":{"rendered":"<p>\n\tProjekti vastutav uurija on Tartu \u00dclikooli ps\u00fchholoogia instituudi teadur Iiris Tuvi, PhD.\n<\/p>\n<p>\n\t<strong>Ps\u00fchholoogia instituut<\/strong><br>N\u00e4ituse 2<br>50409 Tartu<br>psyhholoogia@ut.ee\n<\/p>\n<p>\n\t<strong>Iiris Tuvi<\/strong>, PhD, vastutav uurija<br>iiris.tuvi@ut.ee\n<\/p>\n<p>\n\t<b>Liis Siiroja<\/b>, kaasuurija<br>liis.siiroja@ut.ee\n<\/p>\n<p>\n\t<strong>Heli Tafenau<\/strong>, kaasuurija\u00a0<br>heli.tafenau@ut.ee\n<\/p>\n<p>\n\t<a data-url=\"https:\/\/www.facebook.com\/profile.php?id=100093156231978\" href=\"https:\/\/www.facebook.com\/profile.php?id=100093156231978\" target=\"_blank\" title=\"\" rel=\"noopener\">Facebook<\/a><br><a data-url=\"https:\/\/www.linkedin.com\/company\/cybertigers\" href=\"https:\/\/www.linkedin.com\/company\/cybertigers\" target=\"_blank\" title=\"\" rel=\"noopener\">Linkedin<\/a>\n<\/p>\n<p>\n\t\u00a0\n<\/p>\n<p>\n\t\u00a0<\/p>\n","protected":false},"excerpt":{"rendered":"<p>Projekti vastutav uurija on Tartu \u00dclikooli ps\u00fchholoogia instituudi teadur Iiris Tuvi, PhD. Ps\u00fchholoogia instituutN\u00e4ituse 250409 Tartupsyhholoogia@ut.ee Iiris Tuvi, PhD, vastutav uurijaiiris.tuvi@ut.ee Liis Siiroja, kaasuurijaliis.siiroja@ut.ee Heli Tafenau, kaasuurija\u00a0heli.tafenau@ut.ee FacebookLinkedin \u00a0 \u00a0<\/p>\n","protected":false},"author":318,"featured_media":0,"parent":0,"menu_order":0,"comment_status":"closed","ping_status":"closed","template":"","meta":{"_acf_changed":false,"inline_featured_image":false,"footnotes":""},"class_list":["post-9","page","type-page","status-publish","hentry"],"acf":[],"_links":{"self":[{"href":"https:\/\/sisu.ut.ee\/kybertiigrid\/wp-json\/wp\/v2\/pages\/9","targetHints":{"allow":["GET"]}}],"collection":[{"href":"https:\/\/sisu.ut.ee\/kybertiigrid\/wp-json\/wp\/v2\/pages"}],"about":[{"href":"https:\/\/sisu.ut.ee\/kybertiigrid\/wp-json\/wp\/v2\/types\/page"}],"author":[{"embeddable":true,"href":"https:\/\/sisu.ut.ee\/kybertiigrid\/wp-json\/wp\/v2\/users\/318"}],"replies":[{"embeddable":true,"href":"https:\/\/sisu.ut.ee\/kybertiigrid\/wp-json\/wp\/v2\/comments?post=9"}],"version-history":[{"count":1,"href":"https:\/\/sisu.ut.ee\/kybertiigrid\/wp-json\/wp\/v2\/pages\/9\/revisions"}],"predecessor-version":[{"id":31,"href":"https:\/\/sisu.ut.ee\/kybertiigrid\/wp-json\/wp\/v2\/pages\/9\/revisions\/31"}],"wp:attachment":[{"href":"https:\/\/sisu.ut.ee\/kybertiigrid\/wp-json\/wp\/v2\/media?parent=9"}],"curies":[{"name":"wp","href":"https:\/\/api.w.org\/{rel}","templated":true}]}}