{"id":8,"date":"2024-04-04T08:51:28","date_gmt":"2024-04-04T05:51:28","guid":{"rendered":"https:\/\/sisu.ut.ee\/kybertiigrid\/uudised\/"},"modified":"2024-04-04T08:51:33","modified_gmt":"2024-04-04T05:51:33","slug":"uudised","status":"publish","type":"page","link":"https:\/\/sisu.ut.ee\/kybertiigrid\/uudised\/","title":{"rendered":"Uudised"},"content":{"rendered":"<p>\n\t\u00a0\n<\/p>\n<p>\n\t<span style=\"font-size:16px\"><strong>1. august 2023<\/strong><\/span>\n<\/p>\n<p>\n\t<span>Saatsime\u00a0K\u00fcberakadeemias osalenud t\u00fcdrukutele\u00a0uuringus osalemise kutsed! Uurimuse infokirja\u00a0on v\u00f5imalik lugeda\u00a0<\/span><a data-url=\"https:\/\/sisu.ut.ee\/kybertiigrid\/osale-uuringus\" href=\"https:\/\/sisu.ut.ee\/kybertiigrid\/osale-uuringus\" target=\"_blank\" title=\"\" rel=\"noopener\">\u201cOsale uuringus\u201d<\/a><span> lehel, kust leiab\u00a0ka viite\u00a0uurimuse online k\u00fcsimustikule.<\/span>\n<\/p>\n<p>\n\t\u00a0\n<\/p>\n<p>\n\t<span style=\"font-size:16px\"><strong>6. juuli 2023<\/strong><\/span>\n<\/p>\n<p>\n\t<span style=\"font-size:14px\">Meie uurimist\u00f6\u00f6\u00a0\u201cK\u00fcberTiigrid: T\u00fctarlaste k\u00fcber\u00f5ppe motivatsioon ja saavutused\u201d sai\u00a0Tartu \u00dclikooli inimuuringute eetika komitee koosk\u00f5lastuse. L\u00e4hiajal saadame v\u00e4lja uuringus osalemise kutsed!<\/span>\n<\/p>\n<p>\n\t\u00a0\n<\/p>\n<p>\n\t<span style=\"font-size:16px\"><strong>18. november 2023<\/strong><\/span>\n<\/p>\n<p>\n\t<span>Uurimist\u00f6\u00f6\u00a0\u201cK\u00fcberTiigrid: T\u00fctarlaste k\u00fcber\u00f5ppe motivatsioon ja saavutused\u201d andmekorje on l\u00f5ppenud.<\/span><\/p>\n","protected":false},"excerpt":{"rendered":"<p>\u00a0 1. august 2023 Saatsime\u00a0K\u00fcberakadeemias osalenud t\u00fcdrukutele\u00a0uuringus osalemise kutsed! Uurimuse infokirja\u00a0on v\u00f5imalik lugeda\u00a0\u201cOsale uuringus\u201d lehel, kust leiab\u00a0ka viite\u00a0uurimuse online k\u00fcsimustikule. \u00a0 6. juuli 2023 Meie uurimist\u00f6\u00f6\u00a0\u201cK\u00fcberTiigrid: T\u00fctarlaste k\u00fcber\u00f5ppe motivatsioon ja saavutused\u201d sai\u00a0Tartu \u00dclikooli inimuuringute eetika komitee koosk\u00f5lastuse. L\u00e4hiajal saadame v\u00e4lja &#8230;<\/p>\n","protected":false},"author":318,"featured_media":0,"parent":0,"menu_order":0,"comment_status":"closed","ping_status":"closed","template":"","meta":{"_acf_changed":false,"inline_featured_image":false,"footnotes":""},"class_list":["post-8","page","type-page","status-publish","hentry"],"acf":[],"_links":{"self":[{"href":"https:\/\/sisu.ut.ee\/kybertiigrid\/wp-json\/wp\/v2\/pages\/8","targetHints":{"allow":["GET"]}}],"collection":[{"href":"https:\/\/sisu.ut.ee\/kybertiigrid\/wp-json\/wp\/v2\/pages"}],"about":[{"href":"https:\/\/sisu.ut.ee\/kybertiigrid\/wp-json\/wp\/v2\/types\/page"}],"author":[{"embeddable":true,"href":"https:\/\/sisu.ut.ee\/kybertiigrid\/wp-json\/wp\/v2\/users\/318"}],"replies":[{"embeddable":true,"href":"https:\/\/sisu.ut.ee\/kybertiigrid\/wp-json\/wp\/v2\/comments?post=8"}],"version-history":[{"count":1,"href":"https:\/\/sisu.ut.ee\/kybertiigrid\/wp-json\/wp\/v2\/pages\/8\/revisions"}],"predecessor-version":[{"id":32,"href":"https:\/\/sisu.ut.ee\/kybertiigrid\/wp-json\/wp\/v2\/pages\/8\/revisions\/32"}],"wp:attachment":[{"href":"https:\/\/sisu.ut.ee\/kybertiigrid\/wp-json\/wp\/v2\/media?parent=8"}],"curies":[{"name":"wp","href":"https:\/\/api.w.org\/{rel}","templated":true}]}}

<p>
	 
</p>
<p>
	<span style="font-size:16px"><strong>1. august 2023</strong></span>
</p>
<p>
	<span>Saatsime Küberakadeemias osalenud tüdrukutele uuringus osalemise kutsed! Uurimuse infokirja on võimalik lugeda </span><a data-url="https://sisu.ut.ee/kybertiigrid/osale-uuringus" href="https://sisu.ut.ee/kybertiigrid/osale-uuringus" target="_blank" title="" rel="noopener">“Osale uuringus”</a><span> lehel, kust leiab ka viite uurimuse online küsimustikule.</span>
</p>
<p>
	 
</p>
<p>
	<span style="font-size:16px"><strong>6. juuli 2023</strong></span>
</p>
<p>
	<span style="font-size:14px">Meie uurimistöö “KüberTiigrid: Tütarlaste küberõppe motivatsioon ja saavutused” sai Tartu Ülikooli inimuuringute eetika komitee kooskõlastuse. Lähiajal saadame välja uuringus osalemise kutsed!</span>
</p>
<p>
	 
</p>
<p>
	<span style="font-size:16px"><strong>18. november 2023</strong></span>
</p>
<p>
	<span>Uurimistöö “KüberTiigrid: Tütarlaste küberõppe motivatsioon ja saavutused” andmekorje on lõppenud.</span></p>

<p>  1. august 2023 Saatsime Küberakadeemias osalenud tüdrukutele uuringus osalemise kutsed! Uurimuse infokirja on võimalik lugeda “Osale uuringus” lehel, kust leiab ka viite uurimuse online küsimustikule.   6. juuli 2023 Meie uurimistöö “KüberTiigrid: Tütarlaste küberõppe motivatsioon ja saavutused” sai Tartu Ülikooli inimuuringute eetika komitee kooskõlastuse. Lähiajal saadame välja &#8230;</p>
