{"id":6,"date":"2024-04-04T08:51:28","date_gmt":"2024-04-04T05:51:28","guid":{"rendered":"https:\/\/sisu.ut.ee\/kybertiigrid\/avaleht\/"},"modified":"2024-04-24T10:38:19","modified_gmt":"2024-04-24T07:38:19","slug":"avaleht","status":"publish","type":"page","link":"https:\/\/sisu.ut.ee\/kybertiigrid\/","title":{"rendered":"Avaleht"},"content":{"rendered":"<p><img loading=\"lazy\" decoding=\"async\" class=\"size-large wp-image-13 aligncenter\" src=\"https:\/\/sisu.ut.ee\/wp-content\/uploads\/sites\/642\/kubertiigrid_tutarlaste_kuberoppe_motivatsioon_ja_saavutused_1-1024x307.jpg\" alt=\"Woman with techology on background\" width=\"1024\" height=\"307\" srcset=\"https:\/\/sisu.ut.ee\/wp-content\/uploads\/sites\/642\/kubertiigrid_tutarlaste_kuberoppe_motivatsioon_ja_saavutused_1-1024x307.jpg 1024w, https:\/\/sisu.ut.ee\/wp-content\/uploads\/sites\/642\/kubertiigrid_tutarlaste_kuberoppe_motivatsioon_ja_saavutused_1-300x90.jpg 300w, https:\/\/sisu.ut.ee\/wp-content\/uploads\/sites\/642\/kubertiigrid_tutarlaste_kuberoppe_motivatsioon_ja_saavutused_1-768x230.jpg 768w, https:\/\/sisu.ut.ee\/wp-content\/uploads\/sites\/642\/kubertiigrid_tutarlaste_kuberoppe_motivatsioon_ja_saavutused_1-1536x461.jpg 1536w, https:\/\/sisu.ut.ee\/wp-content\/uploads\/sites\/642\/kubertiigrid_tutarlaste_kuberoppe_motivatsioon_ja_saavutused_1-1920x576.jpg 1920w, https:\/\/sisu.ut.ee\/wp-content\/uploads\/sites\/642\/kubertiigrid_tutarlaste_kuberoppe_motivatsioon_ja_saavutused_1.jpg 2000w\" sizes=\"auto, (max-width: 1024px) 100vw, 1024px\"><\/p>\n<p style=\"text-align: justify;\">Uurimisprojekt \u201cK\u00fcberTiigrid: T\u00fctarlaste k\u00fcber\u00f5ppe motivatsioon ja saavutused\u201d tugineb 2022. aastal CTF Tech ja Tartu \u00dclikooli teaduskooli poolt l\u00e4bi viidud K\u00fcberakadeemia programmile.\u00a0K\u00fcberakadeemiasse olid osalema oodatud eranditult ainult t\u00fcdrukud, kes \u00f5ppisid programmi toimumise ajal g\u00fcmnaasiumi 10.-12. klassis, samuti v\u00f5isid osaleda\u00a0kutsekoolide ja \u00fclikoolide esmakursuslased.\u00a0Programm tutvustas t\u00fctarlastele\u00a0k\u00fcbervaldkonda, \u00f5petades osalejatele erinevaid\u00a0k\u00fcberteadmisi, mis aitaksid neil tuvastada ja ennetada k\u00fcberohte. Samuti oli K\u00fcberakadeemia korraldajate\u00a0sooviks julgustada\u00a0t\u00fcdrukuid rohkem osalema info- ja kommunikatsioonitehnoloogia valdkonnas.<\/p>\n<p style=\"text-align: justify;\">Uurimisprojekti K\u00fcberTiigrid peamiseks eesm\u00e4rgiks\u00a0on K\u00fcberakadeemias osalenud t\u00fctarlaste subjektiivsete hinnangute ja arvamuste abil\u00a0v\u00e4lja selgitada v\u00f5imalused, kuidas organiseerida k\u00fcberturvalisuse \u00f5ppeprogramme t\u00fctarlastele viisil, mis kujundaksid noortes neidudes p\u00fcsiva huvi ja motivatsiooni\u00a0m\u00e4\u00e4ratleda enda\u00a0karj\u00e4\u00e4riorientatsiooni k\u00fcberturvalisuse valdkonnas. Projekti p\u00f5hjalikum kirjeldus on leitav <a title=\"\" href=\"https:\/\/sisu.ut.ee\/kybertiigrid\/ylevaade\" data-url=\"https:\/\/sisu.ut.ee\/kybertiigrid\/ylevaade\">projekti \u00fclevaates<\/a>.<\/p>\n<p style=\"text-align: justify;\">Projekti kestvus on juuli 2023\u00a0kuni juuni 2024.<\/p>\n<p style=\"text-align: justify;\">Projekti vastutav uurija on Tartu \u00dclikooli ps\u00fchholoogia instituudi teadur\u00a0Iiris Tuvi, PhD.<\/p>\n<p style=\"text-align: justify;\">Projekti viiakse ellu Eesti Interneti SA abiga.<\/p>\n<p style=\"text-align: justify;\"><a title=\"\" href=\"https:\/\/www.facebook.com\/profile.php?id=100093156231978\" target=\"_blank\" rel=\"noopener\" data-url=\"https:\/\/www.facebook.com\/profile.php?id=100093156231978\">Facebook<\/a><br>\n<a title=\"\" href=\"https:\/\/www.linkedin.com\/company\/cybertigers\" target=\"_blank\" rel=\"noopener\" data-url=\"https:\/\/www.linkedin.com\/company\/cybertigers\">Linkedin<\/a><\/p>\n<p style=\"text-align: justify;\"><a href=\"https:\/\/www.internet.ee\/et\" target=\"_blank\" rel=\"noopener\"><img loading=\"lazy\" decoding=\"async\" width=\"200\" height=\"200\" class=\"wp-image-14 alignnone\" style=\"width: 200px; height: 200px;\" title=\"eis_logo.jpeg\" src=\"https:\/\/sisu.ut.ee\/wp-content\/uploads\/sites\/642\/eis_logo.jpeg\" alt=\"Eesti Interneti SA logo\" srcset=\"https:\/\/sisu.ut.ee\/wp-content\/uploads\/sites\/642\/eis_logo.jpeg 200w, https:\/\/sisu.ut.ee\/wp-content\/uploads\/sites\/642\/eis_logo-150x150.jpeg 150w\" sizes=\"auto, (max-width: 200px) 100vw, 200px\"><\/a><\/p>\n","protected":false},"excerpt":{"rendered":"<p>Uurimisprojekt \u201cK\u00fcberTiigrid: T\u00fctarlaste k\u00fcber\u00f5ppe motivatsioon ja saavutused\u201d tugineb 2022. aastal CTF Tech ja Tartu \u00dclikooli teaduskooli poolt l\u00e4bi viidud K\u00fcberakadeemia programmile.\u00a0K\u00fcberakadeemiasse olid osalema oodatud eranditult ainult t\u00fcdrukud, kes \u00f5ppisid programmi toimumise ajal g\u00fcmnaasiumi 10.-12. klassis, samuti v\u00f5isid osaleda\u00a0kutsekoolide ja \u00fclikoolide &#8230;<\/p>\n","protected":false},"author":318,"featured_media":0,"parent":0,"menu_order":0,"comment_status":"closed","ping_status":"closed","template":"","meta":{"_acf_changed":false,"inline_featured_image":false,"footnotes":""},"class_list":["post-6","page","type-page","status-publish","hentry"],"acf":[],"_links":{"self":[{"href":"https:\/\/sisu.ut.ee\/kybertiigrid\/wp-json\/wp\/v2\/pages\/6","targetHints":{"allow":["GET"]}}],"collection":[{"href":"https:\/\/sisu.ut.ee\/kybertiigrid\/wp-json\/wp\/v2\/pages"}],"about":[{"href":"https:\/\/sisu.ut.ee\/kybertiigrid\/wp-json\/wp\/v2\/types\/page"}],"author":[{"embeddable":true,"href":"https:\/\/sisu.ut.ee\/kybertiigrid\/wp-json\/wp\/v2\/users\/318"}],"replies":[{"embeddable":true,"href":"https:\/\/sisu.ut.ee\/kybertiigrid\/wp-json\/wp\/v2\/comments?post=6"}],"version-history":[{"count":7,"href":"https:\/\/sisu.ut.ee\/kybertiigrid\/wp-json\/wp\/v2\/pages\/6\/revisions"}],"predecessor-version":[{"id":61,"href":"https:\/\/sisu.ut.ee\/kybertiigrid\/wp-json\/wp\/v2\/pages\/6\/revisions\/61"}],"wp:attachment":[{"href":"https:\/\/sisu.ut.ee\/kybertiigrid\/wp-json\/wp\/v2\/media?parent=6"}],"curies":[{"name":"wp","href":"https:\/\/api.w.org\/{rel}","templated":true}]}}