{"id":29,"date":"2024-04-04T04:48:26","date_gmt":"2024-04-04T01:48:26","guid":{"rendered":"https:\/\/sisu.ut.ee\/kutseopetaja\/meie-uliopilased\/"},"modified":"2024-04-04T04:48:55","modified_gmt":"2024-04-04T01:48:55","slug":"meie-uliopilased","status":"publish","type":"page","link":"https:\/\/sisu.ut.ee\/kutseopetaja\/meie-uliopilased\/","title":{"rendered":"Meie meediakajastused"},"content":{"rendered":"<p>\n\t<a data-url=\"https:\/\/www.ut.ee\/et\/uudised\/taiskasvanuna-ulikooli-astunud-leidsid-endale-sobrad-kogu-eluks\" href=\"https:\/\/www.ut.ee\/et\/uudised\/taiskasvanuna-ulikooli-astunud-leidsid-endale-sobrad-kogu-eluks\" target=\"_blank\" title=\"\" rel=\"noopener\">T\u00e4iskasvanuna \u00fclikooli astunud leidsid endale s\u00f5brad kogu eluks<\/a>\n<\/p>\n<p>\n\t<a data-url=\"https:\/\/www.ht.ut.ee\/et\/uudised\/mobvet-toetab-kutseopetajate-mobiilsust\" href=\"https:\/\/www.ht.ut.ee\/et\/uudised\/mobvet-toetab-kutseopetajate-mobiilsust\" target=\"_blank\" title=\"\" rel=\"noopener\">MOBVET toetab kutse\u00f5petajate mobiilsust<\/a>\n<\/p>\n<p>\n\t<a data-url=\" https:\/\/opleht.ee\/2018\/11\/ulikool-ja-kutsekoolid-uhist-mobiilsusakent-paotamas\/\" href=\"https:\/\/opleht.ee\/2018\/11\/ulikool-ja-kutsekoolid-uhist-mobiilsusakent-paotamas\/\" target=\"_blank\" title=\"\" rel=\"noopener\">\u00dclikool ja kutsekoolid \u00fchist mobiilsusakent paotamas<\/a>\n<\/p>\n<p>\n\t<a data-url=\"https:\/\/dea.digar.ee\/cgi-bin\/dea?a=d&amp;d=opetajateleht20181207.2.10.1\" href=\"https:\/\/dea.digar.ee\/cgi-bin\/dea?a=d&amp;d=opetajateleht20181207.2.10.1\" target=\"_blank\" title=\"\" rel=\"noopener\">Tsenter- edulugu hariduse ja ettev\u00f5tluse koost\u00f6\u00f6st<\/a>\n<\/p>\n<p>\n\t<a data-url=\"https:\/\/www.ht.ut.ee\/et\/uudised\/tartu-ulikooli-kutseopetajad-uurisid-opirande-kogemusi-parnu-kolleegidelt\" href=\"https:\/\/www.ht.ut.ee\/et\/uudised\/tartu-ulikooli-kutseopetajad-uurisid-opirande-kogemusi-parnu-kolleegidelt\" target=\"_blank\" title=\"\" rel=\"noopener\">Tartu \u00dclikooli kutse\u00f5petajad uurisid \u00f5pir\u00e4nde kogemusi P\u00e4rnu kolleegidelt<\/a><\/p>\n","protected":false},"excerpt":{"rendered":"<p>T\u00e4iskasvanuna \u00fclikooli astunud leidsid endale s\u00f5brad kogu eluks MOBVET toetab kutse\u00f5petajate mobiilsust \u00dclikool ja kutsekoolid \u00fchist mobiilsusakent paotamas Tsenter- edulugu hariduse ja ettev\u00f5tluse koost\u00f6\u00f6st Tartu \u00dclikooli kutse\u00f5petajad uurisid \u00f5pir\u00e4nde kogemusi P\u00e4rnu kolleegidelt<\/p>\n","protected":false},"author":177,"featured_media":0,"parent":0,"menu_order":0,"comment_status":"closed","ping_status":"closed","template":"","meta":{"_acf_changed":false,"inline_featured_image":false,"footnotes":""},"class_list":["post-29","page","type-page","status-publish","hentry"],"acf":[],"_links":{"self":[{"href":"https:\/\/sisu.ut.ee\/kutseopetaja\/wp-json\/wp\/v2\/pages\/29","targetHints":{"allow":["GET"]}}],"collection":[{"href":"https:\/\/sisu.ut.ee\/kutseopetaja\/wp-json\/wp\/v2\/pages"}],"about":[{"href":"https:\/\/sisu.ut.ee\/kutseopetaja\/wp-json\/wp\/v2\/types\/page"}],"author":[{"embeddable":true,"href":"https:\/\/sisu.ut.ee\/kutseopetaja\/wp-json\/wp\/v2\/users\/177"}],"replies":[{"embeddable":true,"href":"https:\/\/sisu.ut.ee\/kutseopetaja\/wp-json\/wp\/v2\/comments?post=29"}],"version-history":[{"count":1,"href":"https:\/\/sisu.ut.ee\/kutseopetaja\/wp-json\/wp\/v2\/pages\/29\/revisions"}],"predecessor-version":[{"id":185,"href":"https:\/\/sisu.ut.ee\/kutseopetaja\/wp-json\/wp\/v2\/pages\/29\/revisions\/185"}],"wp:attachment":[{"href":"https:\/\/sisu.ut.ee\/kutseopetaja\/wp-json\/wp\/v2\/media?parent=29"}],"curies":[{"name":"wp","href":"https:\/\/api.w.org\/{rel}","templated":true}]}}