{"id":8,"date":"2024-04-04T03:19:18","date_gmt":"2024-04-04T00:19:18","guid":{"rendered":"https:\/\/sisu.ut.ee\/kultuuridkoolis\/mas\/"},"modified":"2024-04-04T03:19:25","modified_gmt":"2024-04-04T00:19:25","slug":"mas","status":"publish","type":"page","link":"https:\/\/sisu.ut.ee\/kultuuridkoolis\/mas\/","title":{"rendered":"Maskuliinsus-feminiinsus"},"content":{"rendered":"<p>Selle dimensiooni puhul on k\u00fcsimus, kuiv\u00f5rd v\u00e4\u00e4rtustatakse \u00fchiskonnas \u201cpehmeid\u201d v\u00f5i \u201ck\u00f5vasid\u201d v\u00e4\u00e4rtusi ning millised on soorollid.<\/p>\n<p><\/p><div class=\"accordion mb-3\">\n        <div class=\"accordion-item accordion-item--white\">\n        <h2 class=\"accordion-header\" id=\"accordion-69da601bf2122-heading\">\n            <button class=\"accordion-button collapsed\" type=\"button\" data-bs-toggle=\"collapse\" data-bs-target=\"#accordion-69da601bf2122-collapse\" aria-expanded=\"true\" aria-controls=\"accordion-69da601bf2122-collapse\">Mis iseloomustab maskuliinset \u00a0kultuuri?<\/button>\n        <\/h2>\n        <div id=\"accordion-69da601bf2122-collapse\" class=\"accordion-collapse collapse\" aria-labelledby=\"accordion-69da601bf2122-heading\">\n            <div class=\"accordion-body\">\n<p><strong>Maskuliinses kultuuris <\/strong>ollakse orienteeritud<strong>\u00a0<\/strong>saavutustele, valitseb konkurents ja iga eba\u00f5nnestumine on suur l\u00f6\u00f6k inimese enesehinnangule. Valitsevad ranged soorollid (n\u00e4iteks algklasside \u00f5petajad peamiselt naised, \u00fclikoolide \u00f5ppej\u00f5ud peamiselt mehed). K\u00f5ige k\u00f5rgema maskuliinsusega on Jaapan, mille skooriks on 95, Euroopas on k\u00f5ige maskuliinsem Ungari skooriga 88.<\/p>\n<p><\/p><\/div>\n        <\/div>\n        <\/div>\n    <\/div>\n<p><\/p><div class=\"accordion mb-3\">\n        <div class=\"accordion-item accordion-item--white\">\n        <h2 class=\"accordion-header\" id=\"accordion-69da601bf212d-heading\">\n            <button class=\"accordion-button collapsed\" type=\"button\" data-bs-toggle=\"collapse\" data-bs-target=\"#accordion-69da601bf212d-collapse\" aria-expanded=\"true\" aria-controls=\"accordion-69da601bf212d-collapse\">Kuidas avaldub maskuliinne kultuur koolis?<\/button>\n        <\/h2>\n        <div id=\"accordion-69da601bf212d-collapse\" class=\"accordion-collapse collapse\" aria-labelledby=\"accordion-69da601bf212d-heading\">\n            <div class=\"accordion-body\">\n<p><img loading=\"lazy\" decoding=\"async\" src=\"\/wp-content\/uploads\/sites\/208\/masculinity.jpg\" width=\"400\" height=\"300\"><\/p>\n<div>\n<ul>\n<li>\u00d5pilased soovivad silma paista, omavahel v\u00f5isteldes p\u00fc\u00fctakse olla parim.<\/li>\n<li>Iga eba\u00f5nnestumist on raske taluda.<\/li>\n<li>Vanemate k\u00f5rged ootused oma laste saavutuste suhtes.<\/li>\n<li>\u00d5petaja juures on hinnatud tema esmaklassilised teadmised ja akadeemiline kraad<\/li>\n<li>Eksida on h\u00e4bi<\/li>\n<li>\n<p>\u00d5ppekava valikud tehakse karj\u00e4\u00e4riootusi silmas pidades<\/p>\n<\/li>\n<\/ul>\n<\/div>\n<p><\/p><\/div>\n        <\/div>\n        <\/div>\n    <\/div>\n<p><\/p><div class=\"accordion mb-3\">\n        <div class=\"accordion-item accordion-item--white\">\n        <h2 class=\"accordion-header\" id=\"accordion-69da601bf2130-heading\">\n            <button class=\"accordion-button collapsed\" type=\"button\" data-bs-toggle=\"collapse\" data-bs-target=\"#accordion-69da601bf2130-collapse\" aria-expanded=\"true\" aria-controls=\"accordion-69da601bf2130-collapse\">Mis iseloomustab feminiinset kultuuri?<\/button>\n        <\/h2>\n        <div id=\"accordion-69da601bf2130-collapse\" class=\"accordion-collapse collapse\" aria-labelledby=\"accordion-69da601bf2130-heading\">\n            <div class=\"accordion-body\">\n<p><strong>Feminiinsed kultuurid<\/strong>\u00a0on elukvaliteedile, hoolitsusele, kaastundele ja solidaarsusele orienteeritud kultuurid. Siin on hajus rollijaotus (n\u00e4iteks \u00f5petajate hulgas on v\u00f5rdselt mehi ja naisi). Eesti kultuuris domineerivad pigem feminiinsed\u00a0 jooned, Hofstede skaalal on Eesti maskuliinsusindeks 30. k\u00f5ige madal on maskuliinsus Rootsis \u2013 seal on indeks 5.<\/p>\n<p><\/p><\/div>\n        <\/div>\n        <\/div>\n    <\/div>\n<p><\/p><div class=\"accordion mb-3\">\n        <div class=\"accordion-item accordion-item--white\">\n        <h2 class=\"accordion-header\" id=\"accordion-69da601bf2133-heading\">\n            <button class=\"accordion-button collapsed\" type=\"button\" data-bs-toggle=\"collapse\" data-bs-target=\"#accordion-69da601bf2133-collapse\" aria-expanded=\"true\" aria-controls=\"accordion-69da601bf2133-collapse\">Kuidas avaldub feminiinne kultuur koolis?<\/button>\n        <\/h2>\n        <div id=\"accordion-69da601bf2133-collapse\" class=\"accordion-collapse collapse\" aria-labelledby=\"accordion-69da601bf2133-heading\">\n            <div class=\"accordion-body\">\n<p><img loading=\"lazy\" decoding=\"async\" src=\"\/wp-content\/uploads\/sites\/208\/caring_culture.jpg\" width=\"297\" height=\"170\"><\/p>\n<div>\n<ul>\n<li>R\u00f5hutatakse sotsiaalset kohanemist, teistest hoolimist.<\/li>\n<li>Eba\u00f5nnestumisest ei tehta numbrit, normiks on keskmine \u00f5pilane, priimuste ja \u00fclip\u00fc\u00fcdlike \u00fcle v\u00f5idakse naerda.<\/li>\n<li>\u00d5petaja juures hinnatud tema suhtlemisoskused, loovus ja s\u00f5bralikkus.<\/li>\n<li>Keskendutakse konsensuse leidmisele<\/li>\n<li>\u00d5ppekava valikud tehakse sisemise motivatsiooni j\u00e4rgi<\/li>\n<li>Eksimist n\u00e4hakse v\u00f5imalusena \u00f5ppida<\/li>\n<\/ul>\n<\/div>\n<p><\/p><\/div>\n        <\/div>\n        <\/div>\n    <\/div>\n","protected":false},"excerpt":{"rendered":"<p>Selle dimensiooni puhul on k\u00fcsimus, kuiv\u00f5rd v\u00e4\u00e4rtustatakse \u00fchiskonnas \u201cpehmeid\u201d v\u00f5i \u201ck\u00f5vasid\u201d v\u00e4\u00e4rtusi ning millised on soorollid. Mis iseloomustab maskuliinset \u00a0kultuuri? Maskuliinses kultuuris ollakse orienteeritud\u00a0saavutustele, valitseb konkurents ja iga eba\u00f5nnestumine on suur l\u00f6\u00f6k inimese enesehinnangule. Valitsevad ranged soorollid (n\u00e4iteks algklasside \u00f5petajad &#8230;<\/p>\n","protected":false},"author":31,"featured_media":0,"parent":0,"menu_order":0,"comment_status":"closed","ping_status":"closed","template":"","meta":{"_acf_changed":false,"inline_featured_image":false,"footnotes":""},"class_list":["post-8","page","type-page","status-publish","hentry"],"acf":[],"_links":{"self":[{"href":"https:\/\/sisu.ut.ee\/kultuuridkoolis\/wp-json\/wp\/v2\/pages\/8","targetHints":{"allow":["GET"]}}],"collection":[{"href":"https:\/\/sisu.ut.ee\/kultuuridkoolis\/wp-json\/wp\/v2\/pages"}],"about":[{"href":"https:\/\/sisu.ut.ee\/kultuuridkoolis\/wp-json\/wp\/v2\/types\/page"}],"author":[{"embeddable":true,"href":"https:\/\/sisu.ut.ee\/kultuuridkoolis\/wp-json\/wp\/v2\/users\/31"}],"replies":[{"embeddable":true,"href":"https:\/\/sisu.ut.ee\/kultuuridkoolis\/wp-json\/wp\/v2\/comments?post=8"}],"version-history":[{"count":1,"href":"https:\/\/sisu.ut.ee\/kultuuridkoolis\/wp-json\/wp\/v2\/pages\/8\/revisions"}],"predecessor-version":[{"id":55,"href":"https:\/\/sisu.ut.ee\/kultuuridkoolis\/wp-json\/wp\/v2\/pages\/8\/revisions\/55"}],"wp:attachment":[{"href":"https:\/\/sisu.ut.ee\/kultuuridkoolis\/wp-json\/wp\/v2\/media?parent=8"}],"curies":[{"name":"wp","href":"https:\/\/api.w.org\/{rel}","templated":true}]}}