{"id":13,"date":"2024-04-04T03:19:18","date_gmt":"2024-04-04T00:19:18","guid":{"rendered":"https:\/\/sisu.ut.ee\/kultuuridkoolis\/iii-kultuuriliste-erinevuste-vahendamine\/"},"modified":"2024-11-21T12:08:16","modified_gmt":"2024-11-21T10:08:16","slug":"iii-kultuuriliste-erinevuste-vahendamine","status":"publish","type":"page","link":"https:\/\/sisu.ut.ee\/kultuuridkoolis\/iii-kultuuriliste-erinevuste-vahendamine\/","title":{"rendered":"III. Kultuuriliste erinevuste v\u00e4hendamine"},"content":{"rendered":"<p>Eelmise staadiumi vastandamine annab maad \u00e4ratundmisele, et olenemata kultuurist jagatakse midagi \u00fcldinimlikku. Tuttavat kultuurilist maailmapilti kaitstakse uskudes, et sisimas me oleme sarnased, kas f\u00fc\u00fcsiliselt, ps\u00fchholoogiliselt, vaimselt v\u00f5i filosoofiliselt. See sarnasuse r\u00f5hutamine takistab aga oma kultuuriliste mustrite \u00e4ratundmist ja teiste m\u00f5istmist, ja l\u00f5puks vajalike kohanduste tegemist. T\u00fc\u00fcpiliselt tehakse \u00fcldistused etnotsentriliselt \u2013 kuna k\u00f5ik on p\u00f5him\u00f5tteliselt nagu meie, siis kultuuridevahelisel suhtlemisel \u201etuleb olla lihtsalt sa ise\u201c.<\/p>\n<h4>Alakategooriad<\/h4>\n<p><strong>Inimlik sarnasus: <\/strong>V\u00e4liste erinevuste, nagu toitumine jmt tundmine, samas veendumus, et olulistes ps\u00fchholoogilistes aspektides on k\u00f5ik inimesed siiski sarnased, n\u00e4iteks vajadus s\u00fc\u00fca ja paljuneda. Just sarnasuse aspektist p\u00fc\u00fctakse m\u00f5ista eri kultuure: \u201eoleme l\u00f5puks k\u00f5ik inimesed\u201c.<\/p>\n<p><strong>Universaalsed v\u00e4\u00e4rtused: <\/strong>R\u00f5hk on inimeste sarnasuses p\u00f5hiv\u00e4\u00e4rtuste m\u00f5ttes, tavaliselt on need p\u00e4rit oma kultuurist.<\/p>\n<p><\/p><div class=\"accordion mb-3\">\n        <div class=\"accordion-item accordion-item--white\">\n        <h2 class=\"accordion-header\" id=\"accordion-69da7820111bf-heading\">\n            <button class=\"accordion-button collapsed\" type=\"button\" data-bs-toggle=\"collapse\" data-bs-target=\"#accordion-69da7820111bf-collapse\" aria-expanded=\"true\" aria-controls=\"accordion-69da7820111bf-collapse\">T\u00fc\u00fcpilised v\u00e4ljendid selles staadiumis <\/button>\n        <\/h2>\n        <div id=\"accordion-69da7820111bf-collapse\" class=\"accordion-collapse collapse\" aria-labelledby=\"accordion-69da7820111bf-heading\">\n            <div class=\"accordion-body\">\n<ul>\n<li>\u201cV\u00f5ti teiste kultuuridega suhtlemisel on lihtsalt olla sa ise \u2013 autentne ja aus!\u201d<\/li>\n<li>\u201cLoomulikult tavad erinevad, kuid kui sa neid l\u00e4hemalt tundma \u00f5pid, on nad t\u00e4pselt nagu meie omad.\u201d<\/li>\n<li>\u201cSuhtlen intuitiivselt inimestega, olenemata nende kultuurist.\u201d<\/li>\n<li>\u201cOlenemata kultuurist motiveerivad inimesi \u00fcsna samad asjad.\u201d<\/li>\n<li>\u201cKui inimesed on ausad, taipavad nad, et m\u00f5ned v\u00e4\u00e4rtused on \u00fcldinimlikud.\u201d<\/li>\n<li>\u201eOleme k\u00f5ik Jumala lapsed, kas me teame seda v\u00f5i mitte.\u201c<\/li>\n<li>\u201eK\u00f5ik me allume samadele turumajandusreeglitele.\u201c<\/li>\n<li>\u201eK\u00f5ik me igatseme v\u00f5rdset kohtlemist.\u201c<\/li><\/ul><\/div>\n        <\/div>\n        <\/div>\n    <\/div>\n\n<p><strong>Koolides, kus domineerib kultuuriliste erinevuste v\u00e4hendamine<\/strong>, r\u00f5hutatakse k\u00f5igi inimeste ja kultuuride olemuslikku sarnasust ja v\u00f5rdsust, hoidutakse erinevuste r\u00f5hutamisest. Ka n\u00e4iteks r\u00fchmade moodustamisel\u00a0 p\u00f6\u00f6ratakse t\u00e4helepanu sellele, et eri rahvustest \u00f5pilased saaksid teha koost\u00f6\u00f6d.<\/p>\n<p>Vaata edasi: <a style=\"font-weight: var(--bs-body-font-weight); text-align: var(--bs-body-text-align);\" href=\"https:\/\/sisu.ut.ee\/kultuuridkoolis\/iv-kultuuriliste-erinevuste-aktsepteerimine\/\" data-type=\"page\" data-id=\"14\">Aktsepteerimine<\/a><span style=\"font-weight: var(--bs-body-font-weight); text-align: var(--bs-body-text-align);\">\u200b<\/span><\/p>\n","protected":false},"excerpt":{"rendered":"<p>Eelmise staadiumi vastandamine annab maad \u00e4ratundmisele, et olenemata kultuurist jagatakse midagi \u00fcldinimlikku. Tuttavat kultuurilist maailmapilti kaitstakse uskudes, et sisimas me oleme sarnased, kas f\u00fc\u00fcsiliselt, ps\u00fchholoogiliselt, vaimselt v\u00f5i filosoofiliselt. See sarnasuse r\u00f5hutamine takistab aga oma kultuuriliste mustrite \u00e4ratundmist ja teiste m\u00f5istmist, &#8230;<\/p>\n","protected":false},"author":31,"featured_media":0,"parent":0,"menu_order":0,"comment_status":"closed","ping_status":"closed","template":"","meta":{"_acf_changed":false,"inline_featured_image":false,"footnotes":""},"class_list":["post-13","page","type-page","status-publish","hentry"],"acf":[],"_links":{"self":[{"href":"https:\/\/sisu.ut.ee\/kultuuridkoolis\/wp-json\/wp\/v2\/pages\/13","targetHints":{"allow":["GET"]}}],"collection":[{"href":"https:\/\/sisu.ut.ee\/kultuuridkoolis\/wp-json\/wp\/v2\/pages"}],"about":[{"href":"https:\/\/sisu.ut.ee\/kultuuridkoolis\/wp-json\/wp\/v2\/types\/page"}],"author":[{"embeddable":true,"href":"https:\/\/sisu.ut.ee\/kultuuridkoolis\/wp-json\/wp\/v2\/users\/31"}],"replies":[{"embeddable":true,"href":"https:\/\/sisu.ut.ee\/kultuuridkoolis\/wp-json\/wp\/v2\/comments?post=13"}],"version-history":[{"count":3,"href":"https:\/\/sisu.ut.ee\/kultuuridkoolis\/wp-json\/wp\/v2\/pages\/13\/revisions"}],"predecessor-version":[{"id":90,"href":"https:\/\/sisu.ut.ee\/kultuuridkoolis\/wp-json\/wp\/v2\/pages\/13\/revisions\/90"}],"wp:attachment":[{"href":"https:\/\/sisu.ut.ee\/kultuuridkoolis\/wp-json\/wp\/v2\/media?parent=13"}],"curies":[{"name":"wp","href":"https:\/\/api.w.org\/{rel}","templated":true}]}}