{"id":4,"date":"2024-04-04T03:12:54","date_gmt":"2024-04-04T00:12:54","guid":{"rendered":"https:\/\/sisu.ut.ee\/kultuur\/kultuuriline-distants\/"},"modified":"2024-04-04T03:12:57","modified_gmt":"2024-04-04T00:12:57","slug":"kultuuriline-distants","status":"publish","type":"page","link":"https:\/\/sisu.ut.ee\/kultuur\/kultuuriline-distants\/","title":{"rendered":"5. Kultuuriline distants"},"content":{"rendered":"<p style=\"text-align: justify\"><span style=\"color: #4c4c4c\" data-mce-mark=\"1\"><\/span><\/p>\n<p style=\"text-align: justify\"><span style=\"color: #4c4c4c\" data-mce-mark=\"1\">Kultuuriantropoloog <span style=\"color: #000000\" data-mce-mark=\"1\">Edward T. Hall<\/span> (1963) uuris \u00fche kultuuridevahelise suhtluse aspektina ruumikasutust, mida ta n\u00e4eb suhtluse varjatud dimensioonina, mis aitab m\u00f5ista mitte ainult inimestevahelist suhtlust, vaid ka nende ruumikasutust laiemalt.<\/span><\/p>\n<p style=\"text-align: justify\"><span style=\"color: #4c4c4c\" data-mce-mark=\"1\"><span style=\"color: #000000\" data-mce-mark=\"1\">Edward T. Hall<\/span> toob v\u00e4lja neli p\u00f5hilist inimestevahelise distantsit\u00fc\u00fcpi:<\/span><\/p>\n<p style=\"text-align: justify;padding-left: 30px\"><span style=\"color: #4c4c4c\" data-mce-mark=\"1\">1. Intiimne (45 cm) ruumiv\u00f6\u00f6nd (kasutame sosistamiseks v\u00f5i embamiseks)<\/span><br><span style=\"color: #4c4c4c\" data-mce-mark=\"1\">2. Isiklik (45 cm \u2013 120 cm) ruumiv\u00f6\u00f6nd (kasutame heade s\u00f5prade ja pereliikmetega)<\/span><br><span style=\"color: #4c4c4c\" data-mce-mark=\"1\">3. Sotsiaalne (120 \u2013 350) ruumiv\u00f6\u00f6nd (kasutame suheldes tuttavatega)<\/span><br><span style=\"color: #4c4c4c\" data-mce-mark=\"1\">4. Avalik (350 \u2013 ) ruumiv\u00f6\u00f6nd (kasutame avalikes kontekstides).<\/span><\/p>\n<p style=\"text-align: justify\"><span style=\"color: #4c4c4c\" data-mce-mark=\"1\"><a href=\"http:\/\/www.eki.ee\/dict\/vsl\/index.cgi?Q=Intiimne+&amp;F=M&amp;C06=en\" target=\"_blank\" rel=\"noopener\">Intiimne <\/a>ja isiklik ruumiv\u00f6\u00f6nd tervikuna moodustavad meie isikliku ruumi, sotsiaalne v\u00f6\u00f6nd meie sotsiaalse ja avalik v\u00f6\u00f6nd meie avaliku ruumi. Ruum, millesse me inimesel siseneda lubame, m\u00e4rgib meie suhet temaga (kas ta on s\u00f5ber, lihtsalt tuttav v\u00f5i t\u00e4iesti v\u00f5\u00f5ras inimene). Avalikku ruumi v\u00f5ib siseneda iga\u00fcks, intiimsesse ruumi lubame vaid v\u00e4heseid. Me kanname seda ruumi endaga kaasas, kuhu iganes me l\u00e4heme (t\u00e4naval, t\u00f6\u00f6l, puhkehetkel).<\/span><\/p>\n<p style=\"text-align: justify\"><span style=\"color: #4c4c4c\">Kui v\u00f5\u00f5ras meie isiklikku ruumi tungib, siis tunneme ebamugavust v\u00f5i isegi \u00e4rritust. Probleemid v\u00f5ivadki tekkida sellest, et v\u00f6\u00f6ndite pikkused on kultuuriti erinevad, s.t erinevate kultuuride esindajad m\u00f5istavad isikliku ruumi piire erinevalt ning ei oska seega tajuda, millisest hetkest nad on kas liiga l\u00e4hedal v\u00f5i liiga kaugel. \u00dcldiselt on P\u00f5hjamaade isiklik ruum kuni poole v\u00f5rra suurem kui romaani kultuuride oma.<\/span><\/p>\n<blockquote>\n<p style=\"text-align: justify\"><span style=\"color: #4c89b1;font-size: medium\">Saame r\u00e4\u00e4kida kontaktsetest ja mittekontaktsetest kultuuridest (Hall 1959). Kontaktsetes kultuurides seisavad inimesed jutuajamise k\u00e4igus teineteisele l\u00e4hedal, hoiavad silmsidet, puudutavad teineteist ning r\u00e4\u00e4givad valju h\u00e4\u00e4lega. Mittekontaktsetes kultuurides seisavad inimesed kaugemal, ei hoia pidevat silmsidet ning v\u00e4ldivad puudutamist. Lisaks kultuurile m\u00f5jutavad neid valikuid ka inimestevaheline suhe, staatus, vanus ja kontekst, milles suhtlus aset leiab.<\/span><\/p>\n<\/blockquote>\n<p style=\"text-align: justify\"><span style=\"color: #4c4c4c\">Erinevates kultuurides toimuvad tegevused eri v\u00f6\u00f6ndites: m\u00f5nes kultuuris v\u00f5ib sotsiaalse suhtlusega kaasneda puudutamine, teises mitte (nt p\u00f5semusi v\u00f5rrelduna k\u00e4esurumisega). Suure isikliku ruumiga kultuurides v\u00f5ib ootamatu puudutamine tunduda r\u00fcnnakuna.<\/span><\/p>\n<p style=\"text-align: justify\"><span style=\"color: #4c4c4c\">Ruumitaju m\u00f5jutab rahvastiku tihedus, aga ka nt sotsiaalne klass (priviligeeritumad inimesed eeldavat suuremat personaalset ruumi).<\/span><br><span style=\"color: #4c4c4c\">Suhtluses tuleb leida m\u00f5lemale osapoolele sobiv ruum, kus me ei tundu liiga k\u00fclmad, aga ka mitte liiga \u00e4hvardavad.<\/span><\/p>\n<p>\u00a0<\/p>\n<p style=\"text-align: justify\">\n<\/p><p style=\"text-align: justify\">\u00a0<img loading=\"lazy\" decoding=\"async\" src=\"\/wp-content\/uploads\/sites\/193\/nota-bene.png\" width=\"50\" height=\"50\"><strong style=\"color: #313131\"><\/strong><\/p>\n<table class=\"table table-hover\" style=\"background-color: #e7eeee\" border=\"0\">\n<tbody>\n<tr>\n<td>\n<ul>\n<li>Arusaam intiimsest, isiklikust ja avalikust ruumist on kultuuriti v\u00e4ga erinev.<\/li>\n<li>On kultuure, mis on kontaktsed (distants v\u00e4ike, puudutamine lubatud) ja teisi, mis on mittekontaktsed (distants suur, puudutamine pole lubatud).<\/li>\n<li>Kultuuride vahelises suhtluses tuleb leida distants, mis on m\u00f5lemale suhtluspartnerile mugav.<\/li>\n<\/ul>\n<\/td>\n<\/tr>\n<\/tbody>\n<\/table>\n<p>\u00a0<\/p>\n<p>Tartu \u00dclikooli filosoofia ja semiootika instituudi doktorant Remo Gramigna on p\u00e4rit L\u00f5una-Itaaliast. Intervjuus r\u00e4\u00e4gib ta sellest, mis teda eestlaste suhtlemisk\u00e4itumise juures k\u00f5ige enam \u00fcllatab ning milliseid probleeme v\u00f5ib eestlastel itaalastega suheldes tekkida.<\/p>\n\n<p style=\"text-align: justify\"><\/p><div class=\"ratio ratio-16x9 mb-3\"><div class=\"video-placeholder-wrapper video-placeholder-wrapper--16x9\">\n\t\t\t    <div class=\"video-placeholder d-flex justify-content-center align-items-center\">\n\t\t\t        <div class=\"overlay text-white p-2 w-100 text-center d-block justify-content-center align-items-center\">\n\t\t\t            <div>Kolmandate osapoolte sisu n\u00e4gemiseks palun n\u00f5ustu k\u00fcpsistega.<\/div>\n\t\t\t            <button class=\"btn btn-secondary btn-sm mt-1 consent-change\">Muuda n\u00f5usolekut<\/button>\n\t\t\t        <\/div>\n\t\t\t    <\/div>\n\t\t\t<\/div>\n<\/div>\n<hr>\n<h4 style=\"text-align: justify\"><span style=\"color: #4c89b1\">Enesekontrollik\u00fcsimused<\/span><\/h4>\n<p style=\"text-align: justify\"><span style=\"color: #4c4c4c\">1. Milles seisneb Edward T. Halli poolt m\u00e4\u00e4ratletud nelja ruumilise distantsi erip\u00e4ra?<br><div class=\"accordion mb-3\">\n        <div class=\"accordion-item accordion-item--white\">\n        <h2 class=\"accordion-header\" id=\"accordion-69e293c77b10a-heading\">\n            <button class=\"accordion-button collapsed\" type=\"button\" data-bs-toggle=\"collapse\" data-bs-target=\"#accordion-69e293c77b10a-collapse\" aria-expanded=\"true\" aria-controls=\"accordion-69e293c77b10a-collapse\">Vastus<\/button>\n        <\/h2>\n        <div id=\"accordion-69e293c77b10a-collapse\" class=\"accordion-collapse collapse\" aria-labelledby=\"accordion-69e293c77b10a-heading\">\n            <div class=\"accordion-body\">Need m\u00e4\u00e4ratlevad v\u00f6\u00f6ndid, milles me teatud tegevusi sooritame; v\u00f6\u00f6ndite pikkus v\u00f5ib kultuuriti erineda.<\/div>\n        <\/div>\n        <\/div>\n    <\/div><br>2. Mis on meie isiklik ruum?<br><div class=\"accordion mb-3\">\n        <div class=\"accordion-item accordion-item--white\">\n        <h2 class=\"accordion-header\" id=\"accordion-69e293c77b110-heading\">\n            <button class=\"accordion-button collapsed\" type=\"button\" data-bs-toggle=\"collapse\" data-bs-target=\"#accordion-69e293c77b110-collapse\" aria-expanded=\"true\" aria-controls=\"accordion-69e293c77b110-collapse\">Vastus<\/button>\n        <\/h2>\n        <div id=\"accordion-69e293c77b110-collapse\" class=\"accordion-collapse collapse\" aria-labelledby=\"accordion-69e293c77b110-heading\">\n            <div class=\"accordion-body\">Halli s\u00fcsteemis moodustab selle meie intiimne ja isiklik ruumiv\u00f6\u00f6nd, s.t ruum, kuhu me lubame endale l\u00e4hedased inimesed.<\/div>\n        <\/div>\n        <\/div>\n    <\/div><br>3. Mille poolest erinevad kontaktsed kultuurid mitte-kontaktsetest?<br><div class=\"accordion mb-3\">\n        <div class=\"accordion-item accordion-item--white\">\n        <h2 class=\"accordion-header\" id=\"accordion-69e293c77b112-heading\">\n            <button class=\"accordion-button collapsed\" type=\"button\" data-bs-toggle=\"collapse\" data-bs-target=\"#accordion-69e293c77b112-collapse\" aria-expanded=\"true\" aria-controls=\"accordion-69e293c77b112-collapse\">Vastus<\/button>\n        <\/h2>\n        <div id=\"accordion-69e293c77b112-collapse\" class=\"accordion-collapse collapse\" aria-labelledby=\"accordion-69e293c77b112-heading\">\n            <div class=\"accordion-body\">Kontaktsetes kultuurides on kaask\u00f5neleja puudutamine lubatud, mitte-kontaktsetes kultuurides pigem keelatud.<\/div>\n        <\/div>\n        <\/div>\n    <\/div><br>4. Remo Gramigna ei saa aru kahest eestlastele omasest k\u00e4itumisviisist. Millised need on?<br><div class=\"accordion mb-3\">\n        <div class=\"accordion-item accordion-item--white\">\n        <h2 class=\"accordion-header\" id=\"accordion-69e293c77b113-heading\">\n            <button class=\"accordion-button collapsed\" type=\"button\" data-bs-toggle=\"collapse\" data-bs-target=\"#accordion-69e293c77b113-collapse\" aria-expanded=\"true\" aria-controls=\"accordion-69e293c77b113-collapse\">Vastus<\/button>\n        <\/h2>\n        <div id=\"accordion-69e293c77b113-collapse\" class=\"accordion-collapse collapse\" aria-labelledby=\"accordion-69e293c77b113-heading\">\n            <div class=\"accordion-body\">Eestlased ei soovi oma isiklikust elust r\u00e4\u00e4kida ning m\u00f5nikord nad teesklevad t\u00e4naval, et pole tuttavat m\u00e4rganud.<\/div>\n        <\/div>\n        <\/div>\n    <\/div><br>5. Millistes olukordades v\u00f5ib eestlastel Itaalias probleeme ja arusaamatusi tekkida? <br><div class=\"accordion mb-3\">\n        <div class=\"accordion-item accordion-item--white\">\n        <h2 class=\"accordion-header\" id=\"accordion-69e293c77b115-heading\">\n            <button class=\"accordion-button collapsed\" type=\"button\" data-bs-toggle=\"collapse\" data-bs-target=\"#accordion-69e293c77b115-collapse\" aria-expanded=\"true\" aria-controls=\"accordion-69e293c77b115-collapse\">Vastus<\/button>\n        <\/h2>\n        <div id=\"accordion-69e293c77b115-collapse\" class=\"accordion-collapse collapse\" aria-labelledby=\"accordion-69e293c77b115-heading\">\n            <div class=\"accordion-body\">Itaallased kasutavad suhtlemisel h\u00e4\u00e4lt, \u017eeste ja miimikat nii, et eestlasele v\u00f5ib tunduda nagu nad t\u00fclitseksid. Itaalias v\u00f5idakse puudutada t\u00e4helepanu saamiseks. Itaalias ei v\u00f5eta pidudele oma alkoholi kaasa.<\/div>\n        <\/div>\n        <\/div>\n    <\/div><br>6. Mida \u00fctleb Remo Gramigna suudlemise ja kallistuste kohta Eestis ja Itaalias?<br><div class=\"accordion mb-3\">\n        <div class=\"accordion-item accordion-item--white\">\n        <h2 class=\"accordion-header\" id=\"accordion-69e293c77b116-heading\">\n            <button class=\"accordion-button collapsed\" type=\"button\" data-bs-toggle=\"collapse\" data-bs-target=\"#accordion-69e293c77b116-collapse\" aria-expanded=\"true\" aria-controls=\"accordion-69e293c77b116-collapse\">Vastus<\/button>\n        <\/h2>\n        <div id=\"accordion-69e293c77b116-collapse\" class=\"accordion-collapse collapse\" aria-labelledby=\"accordion-69e293c77b116-heading\">\n            <div class=\"accordion-body\">Itaallased suudlevad tervitamisel k\u00f5iki olenemata soost (aga need pole p\u00e4ris suudlused). Eestlased kallistavad oma s\u00f5pru.<\/div>\n        <\/div>\n        <\/div>\n    <\/div> <\/span><\/p>\n<p><\/p>\n","protected":false},"excerpt":{"rendered":"<p>Kultuuriantropoloog Edward T. Hall (1963) uuris \u00fche kultuuridevahelise suhtluse aspektina ruumikasutust, mida ta n\u00e4eb suhtluse varjatud dimensioonina, mis aitab m\u00f5ista mitte ainult inimestevahelist suhtlust, vaid ka nende ruumikasutust laiemalt. Edward T. Hall toob v\u00e4lja neli p\u00f5hilist inimestevahelise distantsit\u00fc\u00fcpi: 1. Intiimne &#8230;<\/p>\n","protected":false},"author":95,"featured_media":0,"parent":0,"menu_order":0,"comment_status":"closed","ping_status":"closed","template":"","meta":{"_acf_changed":false,"inline_featured_image":false,"footnotes":""},"class_list":["post-4","page","type-page","status-publish","hentry"],"acf":[],"_links":{"self":[{"href":"https:\/\/sisu.ut.ee\/kultuur\/wp-json\/wp\/v2\/pages\/4","targetHints":{"allow":["GET"]}}],"collection":[{"href":"https:\/\/sisu.ut.ee\/kultuur\/wp-json\/wp\/v2\/pages"}],"about":[{"href":"https:\/\/sisu.ut.ee\/kultuur\/wp-json\/wp\/v2\/types\/page"}],"author":[{"embeddable":true,"href":"https:\/\/sisu.ut.ee\/kultuur\/wp-json\/wp\/v2\/users\/95"}],"replies":[{"embeddable":true,"href":"https:\/\/sisu.ut.ee\/kultuur\/wp-json\/wp\/v2\/comments?post=4"}],"version-history":[{"count":1,"href":"https:\/\/sisu.ut.ee\/kultuur\/wp-json\/wp\/v2\/pages\/4\/revisions"}],"predecessor-version":[{"id":37,"href":"https:\/\/sisu.ut.ee\/kultuur\/wp-json\/wp\/v2\/pages\/4\/revisions\/37"}],"wp:attachment":[{"href":"https:\/\/sisu.ut.ee\/kultuur\/wp-json\/wp\/v2\/media?parent=4"}],"curies":[{"name":"wp","href":"https:\/\/api.w.org\/{rel}","templated":true}]}}