{"id":9,"date":"2024-04-04T07:15:36","date_gmt":"2024-04-04T04:15:36","guid":{"rendered":"https:\/\/sisu.ut.ee\/koostooprojekt\/podcastid\/"},"modified":"2024-04-19T10:15:47","modified_gmt":"2024-04-19T07:15:47","slug":"podcastid","status":"publish","type":"page","link":"https:\/\/sisu.ut.ee\/koostooprojekt\/podcastid\/","title":{"rendered":"Podcastide ajakava ja t\u00f6\u00f6juhised"},"content":{"rendered":"<figure id=\"attachment_24\" aria-describedby=\"caption-attachment-24\" style=\"width: 1024px\" class=\"wp-caption alignnone\"><a href=\"https:\/\/podcasters.spotify.com\/pod\/show\/espanolut\" target=\"_blank\" rel=\"noopener\"><img loading=\"lazy\" decoding=\"async\" class=\"wp-image-24 size-large\" src=\"https:\/\/sisu.ut.ee\/wp-content\/uploads\/sites\/498\/podcasts_ecos_portada-1024x537.jpg\" alt=\"Podcastide seeria kodulehe pilt\" width=\"1024\" height=\"537\" srcset=\"https:\/\/sisu.ut.ee\/wp-content\/uploads\/sites\/498\/podcasts_ecos_portada-1024x537.jpg 1024w, https:\/\/sisu.ut.ee\/wp-content\/uploads\/sites\/498\/podcasts_ecos_portada-300x157.jpg 300w, https:\/\/sisu.ut.ee\/wp-content\/uploads\/sites\/498\/podcasts_ecos_portada-768x402.jpg 768w, https:\/\/sisu.ut.ee\/wp-content\/uploads\/sites\/498\/podcasts_ecos_portada.jpg 1330w\" sizes=\"auto, (max-width: 1024px) 100vw, 1024px\"><\/a><figcaption id=\"caption-attachment-24\" class=\"wp-caption-text\">Podcastide seeria \u201cEcos de la historia en la literatura espa\u00f1ola\u201d koduleht<\/figcaption><\/figure>\n<p><a title=\"\" href=\"https:\/\/sisu.ut.ee\/koostooprojekt\/podcastid\/juhised-tudengile\" target=\"_blank\" rel=\"noopener\" data-url=\"https:\/\/sisu.ut.ee\/koostooprojekt\/podcastid\/juhised-tudengile\">Juhised tudengile (v\u00e4ljav\u00f5te Moodle\u2019ist)<\/a><\/p>\n<p>Eelt\u00f6\u00f6: asjatundjatega konsulteerimine ja sobilike raamatute nimekirja koostamine.<\/p>\n<p>1. n\u00e4dal (11.-17.02.): projekti tutvustus ja r\u00fchmade moodustamine.<\/p>\n<p>2.-5. n\u00e4dal (19.02.-18.03.): lugemine ja raamatu kokkuv\u00f5tte kirjutamine (individuaalne \u00fclesanne).<\/p>\n<p>6.-8. n\u00e4dal (18.03.-7.04.): <i>podcast<\/i>\u2019i mustandi kirjutamine r\u00fchmat\u00f6\u00f6na.<\/p>\n<p>9.-10. n\u00e4dal (8.04.-21.04.): \u00f5ppej\u00f5ud parandavad ja kommenteerivad mustandeid.<\/p>\n<p>11.-12. n\u00e4dal (22.04.-5.05.): puhtandi (<i>podcast<\/i>\u2019i stsenaariumi) kirjutamine r\u00fchmat\u00f6\u00f6na.<\/p>\n<p>13. n\u00e4dal (6.-12.05.): \u00f5ppej\u00f5ud parandavad ja kommenteerivad tekstide teist versiooni.<\/p>\n<p>14.-15. n\u00e4dal (13.-26.05.): <i>podcast<\/i>\u2019ide salvestamine ja \u00f5ppej\u00f5ududele saatmine.<\/p>\n<p>Suvi (3.06.-5.08.): valminud 10 taskuh\u00e4\u00e4lingusaadet lastakse \u00fcksteise j\u00e4rel eetrisse. Vastutav \u00f5ppej\u00f5ud laeb uue osa keskkonda neljap\u00e4eviti. Linki seeria kodulehele levitatakse postiloendites ja sotsiaalmeedias.<\/p>\n","protected":false},"excerpt":{"rendered":"<p>Juhised tudengile (v\u00e4ljav\u00f5te Moodle\u2019ist) Eelt\u00f6\u00f6: asjatundjatega konsulteerimine ja sobilike raamatute nimekirja koostamine. 1. n\u00e4dal (11.-17.02.): projekti tutvustus ja r\u00fchmade moodustamine. 2.-5. n\u00e4dal (19.02.-18.03.): lugemine ja raamatu kokkuv\u00f5tte kirjutamine (individuaalne \u00fclesanne). 6.-8. n\u00e4dal (18.03.-7.04.): podcast\u2019i mustandi kirjutamine r\u00fchmat\u00f6\u00f6na. 9.-10. n\u00e4dal (8.04.-21.04.): &#8230;<\/p>\n","protected":false},"author":259,"featured_media":0,"parent":0,"menu_order":0,"comment_status":"closed","ping_status":"closed","template":"","meta":{"_acf_changed":false,"inline_featured_image":false,"footnotes":""},"class_list":["post-9","page","type-page","status-publish","hentry"],"acf":[],"_links":{"self":[{"href":"https:\/\/sisu.ut.ee\/koostooprojekt\/wp-json\/wp\/v2\/pages\/9","targetHints":{"allow":["GET"]}}],"collection":[{"href":"https:\/\/sisu.ut.ee\/koostooprojekt\/wp-json\/wp\/v2\/pages"}],"about":[{"href":"https:\/\/sisu.ut.ee\/koostooprojekt\/wp-json\/wp\/v2\/types\/page"}],"author":[{"embeddable":true,"href":"https:\/\/sisu.ut.ee\/koostooprojekt\/wp-json\/wp\/v2\/users\/259"}],"replies":[{"embeddable":true,"href":"https:\/\/sisu.ut.ee\/koostooprojekt\/wp-json\/wp\/v2\/comments?post=9"}],"version-history":[{"count":2,"href":"https:\/\/sisu.ut.ee\/koostooprojekt\/wp-json\/wp\/v2\/pages\/9\/revisions"}],"predecessor-version":[{"id":57,"href":"https:\/\/sisu.ut.ee\/koostooprojekt\/wp-json\/wp\/v2\/pages\/9\/revisions\/57"}],"wp:attachment":[{"href":"https:\/\/sisu.ut.ee\/koostooprojekt\/wp-json\/wp\/v2\/media?parent=9"}],"curies":[{"name":"wp","href":"https:\/\/api.w.org\/{rel}","templated":true}]}}