{"id":6,"date":"2024-04-04T07:15:36","date_gmt":"2024-04-04T04:15:36","guid":{"rendered":"https:\/\/sisu.ut.ee\/koostooprojekt\/naidisprojektid\/"},"modified":"2024-04-04T07:15:42","modified_gmt":"2024-04-04T04:15:42","slug":"naidisprojektid","status":"publish","type":"page","link":"https:\/\/sisu.ut.ee\/koostooprojekt\/naidisprojektid\/","title":{"rendered":"N\u00e4idisprojektid"},"content":{"rendered":"<p>\n\tN\u00e4itena toome \u00e4ra kolme projekti koostamise protsesside kirjelduse (ajakava ja t\u00f6\u00f6juhised):\n<\/p>\n<hr>\n<p>\n\t<strong><a data-url=\"https:\/\/sisu.ut.ee\/koostooprojekt\/virtuaalnaitus\" href=\"https:\/\/sisu.ut.ee\/koostooprojekt\/virtuaalnaitus\" target=\"_blank\" title=\"\" rel=\"noopener\">2019\/2020 \u00f5ppeaastal valminud kakskeelne virtuaaln\u00e4itus Hispaania ajaloolistest v\u00e4ikelinnadest ja k\u00fcladest (juhised ja ajakava).<\/a><\/strong>\n<\/p>\n<p style=\"text-align: justify\">\n\tTeema valikul arvestasime selle <strong>aktuaalsust<\/strong> nii tegijate kui publiku jaoks, sest maapiirkondade t\u00fchjenemine on Hispaanias ja Eestis \u00fchine probleem. Meie virtuaaln\u00e4ituse eesm\u00e4rgiks oli tutvustada erinevaid k\u00fclasid, millel on olnud roll Hispaania ajaloos, et k\u00fclastajal tekkiks \u00fclevaade sealsetest v\u00e4hem tuntud kohtadest. Samuti oli see sobivalt <strong>seotud kaasatud ainete sisuga<\/strong>: I kursusel intensiivne keele\u00f5pe, II kursusel Hispaania ajalugu ja kultuur. N\u00e4ituse koostamise eest said tudengid lisaks meeskonnat\u00f6\u00f6 praktika raames 3 EAP.\n<\/p>\n<p style=\"text-align: justify\">\n\t<img loading=\"lazy\" decoding=\"async\" width=\"1519\" height=\"346\" class=\"alignnone wp-image-19\" src=\"https:\/\/sisu.ut.ee\/wp-content\/uploads\/sites\/498\/portada_expo_pequena.jpg\" title=\"portada_expo_pequena.jpg\" alt=\"Exposici\u00f3n de pueblos peque\u00f1os\" srcset=\"https:\/\/sisu.ut.ee\/wp-content\/uploads\/sites\/498\/portada_expo_pequena.jpg 1519w, https:\/\/sisu.ut.ee\/wp-content\/uploads\/sites\/498\/portada_expo_pequena-300x68.jpg 300w, https:\/\/sisu.ut.ee\/wp-content\/uploads\/sites\/498\/portada_expo_pequena-1024x233.jpg 1024w, https:\/\/sisu.ut.ee\/wp-content\/uploads\/sites\/498\/portada_expo_pequena-768x175.jpg 768w\" sizes=\"auto, (max-width: 1519px) 100vw, 1519px\">\n<\/p>\n<p>\n\tN\u00e4itus ise on k\u00fclastatav siin:\n<\/p>\n<p class=\"MsoPlainText\">\n\t<a data-url=\"https:\/\/sites.google.com\/view\/historiasdepueblos\/home\" href=\"https:\/\/sites.google.com\/view\/historiasdepueblos\/home\" target=\"_blank\" title=\"\" rel=\"noopener\">https:\/\/sites.google.com\/view\/historiasdepueblos\/home<\/a> (hispaania keeles)\n<\/p>\n<p class=\"MsoPlainText\">\n\t<a href=\"https:\/\/sites.google.com\/view\/hispaaniaajalugu\/home\">https:\/\/sites.google.com\/view\/hispaaniaajalugu\/home<\/a> (eesti keeles)\n<\/p>\n<p class=\"MsoPlainText\">\n\tJuhendajad Virginia Rap\u00fan Mombiela ja Mari Kruse\n<\/p>\n<hr>\n<p>\n\t<strong><a data-url=\"https:\/\/sisu.ut.ee\/koostooprojekt\/ajakiri\" href=\"https:\/\/sisu.ut.ee\/koostooprojekt\/ajakiri\" target=\"_blank\" title=\"\" rel=\"noopener\">2020\/2021 ja 2021\/22 \u00f5ppeaastal valminud veebiajakiri Espa\u00f1arte Hispaania \u00fchiskonna, kultuuri ja kunstiajaloo teemadel (juhised ja ajakava)<\/a><\/strong>\n<\/p>\n<p style=\"text-align: justify\">\n\tHispaania \u00fchiskonda ja kultuuri k\u00e4sitleva kursuse t\u00e4iendusena koostasid tudengid semestri jooksul r\u00fchmat\u00f6\u00f6na virtuaalse ajakirja keskkonnas Madmagz. K\u00f5ige olulisem oli l\u00e4heneda Hispaania \u00fchiskonnale stereot\u00fc\u00fcpidest vaba pilguga ja vaadelda v\u00e4lja valitud teemasid erinevatest perspektiividest. Materjali valimise protsess oli aegan\u00f5udev ja l\u00e4bim\u00f5eldud, artiklite l\u00f5ppversioonid said hoolikalt l\u00e4bi kirjutatud ja m\u00f5eldud. Erilist t\u00e4helepanu p\u00f6\u00f6rasime kasutatud allikatele viitamisele ning kasutuspiiranguteta illustratsioonide valimisele, mis on digitaalse kirjaoskuse seisukohast oluline praktika. Kasutatud veebikeskkonna valisid tudengid l\u00e4bir\u00e4\u00e4kimiste tulemusena, kaaludes erinevate v\u00f5imaluste plusse ja miinuseid.\n<\/p>\n<p style=\"text-align: justify\">\n\t<img loading=\"lazy\" decoding=\"async\" width=\"1281\" height=\"256\" class=\"alignnone wp-image-20\" src=\"https:\/\/sisu.ut.ee\/wp-content\/uploads\/sites\/498\/revista_digital_espanarte_portada_pequena.jpg\" title=\"revista_digital_espanarte_portada_pequena.jpg\" alt=\"Revista Espa\u00f1arte\" srcset=\"https:\/\/sisu.ut.ee\/wp-content\/uploads\/sites\/498\/revista_digital_espanarte_portada_pequena.jpg 1281w, https:\/\/sisu.ut.ee\/wp-content\/uploads\/sites\/498\/revista_digital_espanarte_portada_pequena-300x60.jpg 300w, https:\/\/sisu.ut.ee\/wp-content\/uploads\/sites\/498\/revista_digital_espanarte_portada_pequena-1024x205.jpg 1024w, https:\/\/sisu.ut.ee\/wp-content\/uploads\/sites\/498\/revista_digital_espanarte_portada_pequena-768x153.jpg 768w\" sizes=\"auto, (max-width: 1281px) 100vw, 1281px\">\n<\/p>\n<p>\n\tAjakiri on loetav siit:\n<\/p>\n<p>\n\t<a data-url=\"https:\/\/madmagz.com\/magazine\/1825887#\/\" href=\"https:\/\/madmagz.com\/magazine\/1825887#\/\" target=\"_blank\" title=\"https:\/\/madmagz.com\/magazine\/1825887#\/\" rel=\"noopener\">https:\/\/madmagz.com\/magazine\/1825887#\/<\/a> (nr 1, 2021)\n<\/p>\n<p>\n\t<a data-url=\"\/koostooprojekt\/\" href=\"\/koostooprojekt\/\" target=\"_blank\" title=\"https:\/\/madmagz.com\/magazine\/1971080#\/\" rel=\"noopener\">https:\/\/madmagz.com\/magazine\/1971080#\/<\/a> (nr 2, 2022)\n<\/p>\n<p>\n\tJuhendaja Virginia Rap\u00fan Mombiela\n<\/p>\n<hr>\n<p>\n\t<strong><a data-url=\"https:\/\/sisu.ut.ee\/koostooprojekt\/podcastid\" href=\"https:\/\/sisu.ut.ee\/koostooprojekt\/podcastid\" target=\"_blank\" title=\"\" rel=\"noopener\">2020\/2021 \u00f5ppeaastal valminud podcastide seeria Hispaania ajaloo kujutamisest kirjandusteostes<\/a> <\/strong>(juhised ja ajakava)<strong>.<\/strong>\n<\/p>\n<p style=\"text-align: justify\">\n\tNagu aasta varem, valmis kevadsemestril I ja II kursuse hispaania filoloogide koost\u00f6\u00f6s seeria taskuh\u00e4\u00e4linguepisoode, kus tudengid tutvustasid valitud teoseid Hispaania kirjandusvarast ja avasid nende ajaloolist konteksti. Vastutavad \u00f5ppej\u00f5ud panid koost\u00f6\u00f6s kirjanduse asjatundjatega kokku nimekirja teostest, mis p\u00f5hinesid ajaloolistel s\u00fcndmustel v\u00f5i kus ajaloolisel taustal oli tegevuses oluline roll; k\u00f5ik teosed on ka eesti keelde t\u00f5lgitud, nii et lugeda v\u00f5is vastavalt soovile kas hispaaniakeelset originaali v\u00f5i eesti\/inglise keelset t\u00f5lget. I kursusel oli projekt osa intensiivse keele\u00f5ppe kursusest ja selle p\u00f5hieesm\u00e4rk oli anda Hispaania kirjaniku teose lugemiskogemus, II kursus tegeles taskuh\u00e4\u00e4lingutega Hispaania ajaloo ja kultuuri kursusel ja \u00f5ppis selle kaudu m\u00e4rkama ajaloolise tausta rolli ilukirjanduses. Podcasti koostamise eest said tudengid lisaks meeskonnat\u00f6\u00f6 praktika raames 3 EAP.\n<\/p>\n<p style=\"text-align: justify\">\n\t<img loading=\"lazy\" decoding=\"async\" width=\"994\" height=\"241\" class=\"alignnone wp-image-21\" src=\"https:\/\/sisu.ut.ee\/wp-content\/uploads\/sites\/498\/podcasts_ecos_portada_pequena.jpg\" title=\"podcasts_ecos_portada_pequena.jpg\" alt=\"Podcasts Ecos de la historia\" srcset=\"https:\/\/sisu.ut.ee\/wp-content\/uploads\/sites\/498\/podcasts_ecos_portada_pequena.jpg 994w, https:\/\/sisu.ut.ee\/wp-content\/uploads\/sites\/498\/podcasts_ecos_portada_pequena-300x73.jpg 300w, https:\/\/sisu.ut.ee\/wp-content\/uploads\/sites\/498\/podcasts_ecos_portada_pequena-768x186.jpg 768w\" sizes=\"auto, (max-width: 994px) 100vw, 994px\">\n<\/p>\n<p>\n\tPodcaste saab kuulata siit:\n<\/p>\n<p>\n\t<a data-url=\"https:\/\/anchor.fm\/espanolut\" href=\"https:\/\/anchor.fm\/espanolut\" target=\"_blank\" title=\"\" rel=\"noopener\">https:\/\/anchor.fm\/espanolut<\/a>\n<\/p>\n<p>\n\tJuhendajad Virginia Rap\u00fan Mombiela ja Mari Kruse<\/p>\n","protected":false},"excerpt":{"rendered":"<p>N\u00e4itena toome \u00e4ra kolme projekti koostamise protsesside kirjelduse (ajakava ja t\u00f6\u00f6juhised): 2019\/2020 \u00f5ppeaastal valminud kakskeelne virtuaaln\u00e4itus Hispaania ajaloolistest v\u00e4ikelinnadest ja k\u00fcladest (juhised ja ajakava). Teema valikul arvestasime selle aktuaalsust nii tegijate kui publiku jaoks, sest maapiirkondade t\u00fchjenemine on Hispaanias ja &#8230;<\/p>\n","protected":false},"author":259,"featured_media":0,"parent":0,"menu_order":0,"comment_status":"closed","ping_status":"closed","template":"","meta":{"_acf_changed":false,"inline_featured_image":false,"footnotes":""},"class_list":["post-6","page","type-page","status-publish","hentry"],"acf":[],"_links":{"self":[{"href":"https:\/\/sisu.ut.ee\/koostooprojekt\/wp-json\/wp\/v2\/pages\/6","targetHints":{"allow":["GET"]}}],"collection":[{"href":"https:\/\/sisu.ut.ee\/koostooprojekt\/wp-json\/wp\/v2\/pages"}],"about":[{"href":"https:\/\/sisu.ut.ee\/koostooprojekt\/wp-json\/wp\/v2\/types\/page"}],"author":[{"embeddable":true,"href":"https:\/\/sisu.ut.ee\/koostooprojekt\/wp-json\/wp\/v2\/users\/259"}],"replies":[{"embeddable":true,"href":"https:\/\/sisu.ut.ee\/koostooprojekt\/wp-json\/wp\/v2\/comments?post=6"}],"version-history":[{"count":1,"href":"https:\/\/sisu.ut.ee\/koostooprojekt\/wp-json\/wp\/v2\/pages\/6\/revisions"}],"predecessor-version":[{"id":36,"href":"https:\/\/sisu.ut.ee\/koostooprojekt\/wp-json\/wp\/v2\/pages\/6\/revisions\/36"}],"wp:attachment":[{"href":"https:\/\/sisu.ut.ee\/koostooprojekt\/wp-json\/wp\/v2\/media?parent=6"}],"curies":[{"name":"wp","href":"https:\/\/api.w.org\/{rel}","templated":true}]}}