{"id":24,"date":"2024-04-04T06:14:39","date_gmt":"2024-04-04T03:14:39","guid":{"rendered":"https:\/\/sisu.ut.ee\/kooligeograafia\/loppvoor-0\/"},"modified":"2026-04-06T09:51:12","modified_gmt":"2026-04-06T06:51:12","slug":"loppvoor-0","status":"publish","type":"page","link":"https:\/\/sisu.ut.ee\/kooligeograafia\/loppvoor-0\/","title":{"rendered":"Geograafia ol\u00fcmpiaadi l\u00f5ppvooru kursusele registreerumine"},"content":{"rendered":"<p class=\"x\"><span style=\"background: white;\"><span style=\"color: black;\">Leia HTM Moodlest kursus <b>Geograafia ol\u00fcmpiaadi l\u00f5ppvoor <\/b>ja<b> <\/b>registreeri ennast sellele kursusele. <\/span> <\/span><\/p>\n<p class=\"x\"><span style=\"background: white;\"><span style=\"color: black;\">Vajuta nuppu: <b>Registreeri mind<\/b>!<\/span> <\/span><\/p>\n<p class=\"x\"><span style=\"background: white;\"><span style=\"color: black;\">Sulle saadetakse kinnitus, et oled edukalt registreerunud kursusele.<\/span> <\/span><\/p>\n<p class=\"x\"><span style=\"background: white;\"><span style=\"color: black;\">Kui sul on kasutajanimi olemas, aga oled selle unustanud, siis leiad sisselogimise alt viite <\/span><b><span style=\"color: black;\"><a href=\"https:\/\/moodle.hitsa.ee\/login\/forgot_password.php\" target=\"_blank\" rel=\"noopener\" data-auth=\"NotApplicable\" data-linkindex=\"0\"><span style=\"color: #428bca;\">salas\u00f5na ununenud?<\/span><\/a><\/span><\/b><span style=\"color: black;\"> P\u00e4rast selle vajutamist pead m\u00e4letama oma kasutajanime v\u00f5i e-posti aadressi, sisesta \u00fcks nendest ja vajuta otsi ning sinu epostile saadetakse viide, mille abil saad endale uue salas\u00f5na m\u00e4\u00e4rata.<\/span> <\/span><\/p>\n<p>V\u00f5ti: Rakvere<\/p>\n","protected":false},"excerpt":{"rendered":"<p>Leia HTM Moodlest kursus Geograafia ol\u00fcmpiaadi l\u00f5ppvoor ja registreeri ennast sellele kursusele. Vajuta nuppu: Registreeri mind! Sulle saadetakse kinnitus, et oled edukalt registreerunud kursusele. Kui sul on kasutajanimi olemas, aga oled selle unustanud, siis leiad sisselogimise alt viite salas\u00f5na ununenud? &#8230;<\/p>\n","protected":false},"author":230,"featured_media":0,"parent":0,"menu_order":0,"comment_status":"closed","ping_status":"closed","template":"","meta":{"_acf_changed":false,"inline_featured_image":false,"footnotes":""},"class_list":["post-24","page","type-page","status-publish","hentry"],"acf":[],"_links":{"self":[{"href":"https:\/\/sisu.ut.ee\/kooligeograafia\/wp-json\/wp\/v2\/pages\/24","targetHints":{"allow":["GET"]}}],"collection":[{"href":"https:\/\/sisu.ut.ee\/kooligeograafia\/wp-json\/wp\/v2\/pages"}],"about":[{"href":"https:\/\/sisu.ut.ee\/kooligeograafia\/wp-json\/wp\/v2\/types\/page"}],"author":[{"embeddable":true,"href":"https:\/\/sisu.ut.ee\/kooligeograafia\/wp-json\/wp\/v2\/users\/230"}],"replies":[{"embeddable":true,"href":"https:\/\/sisu.ut.ee\/kooligeograafia\/wp-json\/wp\/v2\/comments?post=24"}],"version-history":[{"count":4,"href":"https:\/\/sisu.ut.ee\/kooligeograafia\/wp-json\/wp\/v2\/pages\/24\/revisions"}],"predecessor-version":[{"id":331,"href":"https:\/\/sisu.ut.ee\/kooligeograafia\/wp-json\/wp\/v2\/pages\/24\/revisions\/331"}],"wp:attachment":[{"href":"https:\/\/sisu.ut.ee\/kooligeograafia\/wp-json\/wp\/v2\/media?parent=24"}],"curies":[{"name":"wp","href":"https:\/\/api.w.org\/{rel}","templated":true}]}}