{"id":5,"date":"2024-04-04T06:42:55","date_gmt":"2024-04-04T03:42:55","guid":{"rendered":"https:\/\/sisu.ut.ee\/konverentskliinik\/kava\/"},"modified":"2026-03-27T11:21:42","modified_gmt":"2026-03-27T09:21:42","slug":"kava","status":"publish","type":"page","link":"https:\/\/sisu.ut.ee\/konverentskliinik\/kava\/","title":{"rendered":"KONVERENTSIKAVA"},"content":{"rendered":"<h1 class=\"wp-block-heading\">Konverents Kliinik 2026 (03.-05.02.2026)<br><\/h1>\n\n\n\n<h2 class=\"wp-block-heading\"><strong><a href=\"https:\/\/uttv.ee\/otsing#sona=kliinik%202026\">J\u00e4relvaatamine<\/a><\/strong><\/h2>\n\n\n\n<p><\/p>\n\n\n<h2 class=\"wp-block-heading has-secondary-color has-text-color has-link-color\"><strong>3. veebruar\u00a0<\/strong><\/h2>\n\n\n<div style=\"height:32px\" aria-hidden=\"true\" class=\"wp-block-spacer\"><\/div>\n\n\n\n<p>09.00 \u2013 10.00 Registreerumine ja kohv<\/p>\n\n\n\n<div style=\"height:28px\" aria-hidden=\"true\" class=\"wp-block-spacer\"><\/div>\n\n\n\n<p class=\"has-large-font-size\" id=\"block-1a49f598-1f8e-4497-8fe5-828c5c8d3da5\"><strong>10.00 \u2013 10.10 Avamine<\/strong>. <strong>Avas\u00f5nad.<\/strong><\/p>\n\n\n\n<p>professor <strong>K\u00fclli Kingo<\/strong> T\u00dc meditsiiniteaduste valdkonna dekaan<\/p>\n\n\n\n<p>professor <strong>Pille Taba<\/strong> T\u00dc kliinilise meditsiini instituudi juhataja<\/p>\n\n\n\n<p>Eesti Vabariigi sotsiaalminister <strong>Karmen Joller<\/strong><\/p>\n\n\n\n<div style=\"height:45px\" aria-hidden=\"true\" class=\"wp-block-spacer\"><\/div>\n\n\n\n<p class=\"has-large-font-size\" id=\"block-1d62cd05-5f4c-47e3-87e4-cc0e939b3a6e\"><strong>10.10-12.00 Andmep\u00f5hine tervishoid \u2013 andmed tervisest ja tervis andmetest<\/strong><\/p>\n\n\n\n<p><\/p>\n\n\n\n<p>Sessiooni juhataja:<strong> Alar Irs<\/strong>, vanemarst-\u00f5ppej\u00f5ud, T\u00dc Kliinikumi s\u00fcdamekliinik ja radioloogiakliinik; meditsiinin\u00f5unik, Ravimiamet<\/p>\n\n\n\n<p>10.10-10.20 Mis andmed?! <strong>Alar Irs<\/strong>, vanemarst-\u00f5ppej\u00f5ud, T\u00dc Kliinikumi s\u00fcdamekliinik ja radioloogiakliinik; meditsiinin\u00f5unik, Ravimiamet<\/p>\n\n\n\n<p>10.20-10.45 Eesti terviseandmed ja nende kasutusv\u00f5imalused. <strong>Sulev Reisberg<\/strong>, terviseinformaatika teadur, Tartu \u00dclikool.<\/p>\n\n\n\n<p>10.45-11.05 Andmed kui t\u00f6\u00f6riist tervisepoliitika kujundamisel. <strong>Mariken Ross<\/strong>, spetsialiseeritud abi poliitika juht, Sotsiaalministeerium<\/p>\n\n\n\n<p>11.05-11.25 Tervisekassa andmevaade. <strong>Karl-Henrik Peterson<\/strong>, juhatuse liige, Tervisekassa<\/p>\n\n\n\n<p>11.25-12.00 Arutelu. Arutelus osalevad lisaks ettekandjate <strong>Liisi Lillipuu<\/strong>, andmepoliitika juht, Sotsiaalministeerium ja <strong>Jarno Raid,<\/strong> vanemanal\u00fc\u00fctik, Tartu \u00dclikooli Kliinikum<\/p>\n\n\n\n<div style=\"height:24px\" aria-hidden=\"true\" class=\"wp-block-spacer\"><\/div>\n\n\n\n<p>12.00 \u2013 13.00 L\u00f5una<\/p>\n\n\n\n<div style=\"height:25px\" aria-hidden=\"true\" class=\"wp-block-spacer\"><\/div>\n\n\n\n<p class=\"has-large-font-size\"><strong>13.00\u201315.00 Insuldi raviteekond \u2013 meeskonnat\u00f6\u00f6 patsiendi heaolu nimel<\/strong> <\/p>\n\n\n\n<p>Sessiooni juhataja: <strong>Janika K\u00f5rv<\/strong>, kliinilise neuroloogia professor, Tartu \u00dclikool; vanemarst-\u00f5ppej\u00f5ud neuroloogia erialal, T\u00dc Kliinikumi n\u00e4rvikliinik<\/p>\n\n\n\n<p>13.00-13.20 Insuldi raviteekond \u2013 Tervisekassa vaade. <strong>Maivi Parv<\/strong>, juhatuse liige, Tervisekassa<\/p>\n\n\n\n<p>13.20-13.40 Akuutse ajuinfarkti k\u00e4sitlus \u2013 aeg on aju. <strong>Janika K\u00f5rv<\/strong>, kliinilise neuroloogia professor, Tartu \u00dclikool; vanemarst-\u00f5ppej\u00f5ud neuroloogia erialal, T\u00dc Kliinikumi n\u00e4rvikliinik<\/p>\n\n\n\n<p>13.40-14.00 Ajuinfarkti etioloogia ja haiglaj\u00e4rgne k\u00e4sitlus. <strong>Riina Vibo<\/strong>, neuroloogia teadur, Tartu \u00dclikool; vanemarst-\u00f5ppej\u00f5ud neuroloogia erialal, T\u00dc Kliinikumi n\u00e4rvikliinik<\/p>\n\n\n\n<p>14.00-14.20 Insuldi\u00f5e roll \u2013 struktureeritud lahenduskeskne l\u00e4henemine. <strong>Triinu Kurvits<\/strong>, kliiniline \u00f5de, T\u00dc Kliinikumi n\u00e4rvikliinik<\/p>\n\n\n\n<p>14.20-14.40 Insuldikoordinaatori roll \u2013 patsiendi sujuv \u00fcleminek haiglast tavaellu. <strong>Triin Saarna<\/strong>, insuldikoordinaator, T\u00dc Kliinikumi n\u00e4rvikliinik<\/p>\n\n\n\n<p>14.40-15.00 Insuldi raviteekond patsiendi vaates. <strong>Elen Kirt<\/strong>, Eesti Insuldipatsientide Seltsi juhatuse liige<\/p>\n\n\n\n<div style=\"height:24px\" aria-hidden=\"true\" class=\"wp-block-spacer\"><\/div>\n\n\n\n<p>15.00-15.30 Kohvipaus<\/p>\n\n\n\n<div style=\"height:24px\" aria-hidden=\"true\" class=\"wp-block-spacer\"><\/div>\n\n\n\n<p class=\"has-large-font-size\"><strong>15.30\u201317.00 Rasvmaksast siirikmaksani<\/strong><\/p>\n\n\n\n<p class=\"has-large-font-size\" id=\"block-d4ea0f32-1bdd-4410-8b5b-5cc0c8c09e71\"><\/p>\n\n\n\n<p>Sessiooni juhataja: <strong>Margus Lember<\/strong>, sisehaiguste propedeutika professor, Tartu \u00dclikool; \u00fclemarst-\u00f5ppej\u00f5ud, T\u00dc Kliinikumi sisekliinik<\/p>\n\n\n\n<p>15.30-15.45 Haiguse uus nimi \u2013 kas muutus ka sisu ja haiguse k\u00e4sitlus? <strong>Margus Lember<\/strong>, sisehaiguste professor, Tartu \u00dclikool; \u00fclemarst-\u00f5ppej\u00f5ud, T\u00dc Kliinikumi sisekliinik<\/p>\n\n\n\n<p>15.45-16.00 Kuiv\u00f5rd on haiguse p\u00f5hjus geenides?  <strong>Priit Palta<\/strong>, rakendusliku genoomika professor, Tartu \u00dclikooli genoomika instituut<\/p>\n\n\n\n<p>16.00 \u2013 16.15 Millistest laboriproovidest on abi diagnoosimisel?  <strong>Kalle Kisand<\/strong>, laborimeditsiini professor, Tartu \u00dclikool<\/p>\n\n\n\n<p>16.15-16.30 Kas haiguse progresseerumise riske saab hinnata?\u00a0 <strong>Ana Botchorishvili<\/strong>, gastroenteroloogia arst-\u00f5ppej\u00f5ud, T\u00dc Kliinikumi sisekliinik<\/p>\n\n\n\n<p>16.30-16.45 Kas haiguse kulgu on v\u00f5imalik m\u00f5jutada? <strong>Riina Salupere<\/strong>, gastroenteroloogia kaasprofessor, Tartu \u00dclikool; vanemarst-\u00f5ppej\u00f5ud, T\u00dc Kliinikumi sisekliinik<\/p>\n\n\n\n<p>16.45-17.00 Kes v\u00f5ivad vajada siirikmaksa? <strong>Andrei Uksov<\/strong>, vanemarst-\u00f5ppej\u00f5ud,\u00a0T\u00dc Kliinikumi kirurgiakliinik<\/p>\n\n\n\n<div style=\"height:25px\" aria-hidden=\"true\" class=\"wp-block-spacer\"><\/div>\n\n\n\n<p><strong>17.00-19.00 Bankett<\/strong><\/p>\n\n\n\n<div style=\"height:45px\" aria-hidden=\"true\" class=\"wp-block-spacer\"><\/div>\n\n\n\n<p class=\"has-large-font-size\" id=\"block-d4ea0f32-1bdd-4410-8b5b-5cc0c8c09e71\"><\/p>\n\n\n\n<h2 class=\"wp-block-heading has-secondary-color has-text-color has-link-color wp-elements-13b5bc3ce275c3e4a99ac14bef8df5f4\"><strong>4. veebruar\u00a0<\/strong><\/h2>\n\n\n\n<div style=\"height:45px\" aria-hidden=\"true\" class=\"wp-block-spacer\"><\/div>\n\n\n\n<p class=\"has-large-font-size\"><strong>08.30\u201309.30 Doktorantide ettekanded<\/strong><\/p>\n\n\n\n<p>Sessiooni juhataja: <strong>Alan Altraja<\/strong>, pulmonoloogia professor, Tartu \u00dclikool; \u00fclemarst-\u00f5ppej\u00f5ud, T\u00dc Kliinikumi kopsukliinik<\/p>\n\n\n\n<p>08.30\u201308.45 Omandatud veritsushaiguse 2016-2025 andmete retrospektiivne anal\u00fc\u00fcs \u00fche keskuse p\u00f5hjal.  <strong>Ines Vaide<\/strong>, doktorant, Tartu \u00dclikool; hematoloog, SA P\u00e4rnu Haigla ja SA Kuressaare Haigla<\/p>\n\n\n\n<p>08.45\u201309.00 Rakendus vankom\u00fctsiini individuaalseks annustamiseks: arendamine ja kliinilise uuringu tulemused. <strong>Kadri Hanna Laas<\/strong>, mikrobioloogia nooremteadur, Tartu \u00dclikool<\/p>\n\n\n\n<p>09.00\u201309.15 Mitte-oklusiivse mesenteriaalisheemia iseloomustus AMESI andmekogu p\u00f5hjal. <strong>Vladislav Mihnovit\u0161<\/strong>, anestesioloogia nooremteadur, Tartu \u00dclikool<\/p>\n\n\n\n<p><\/p>\n\n\n\n<p>09.15\u201309.30 Kaasas\u00fcndinud s\u00fcdamerikete levimus Eestis, s\u00fcnnieelne avastamism\u00e4\u00e4r ja seda m\u00f5jutavad tegurid. <strong>Eva-Liina S\u00fc\u00fcden<\/strong>, s\u00fcnnitusabi ja g\u00fcnekoloogia assistent, lootemeditsiini nooremteadur, Tartu \u00dclikool, kliinilise meditsiini instituut<\/p>\n\n\n\n<div style=\"height:25px\" aria-hidden=\"true\" class=\"wp-block-spacer\"><\/div>\n\n\n\n<p>9.30-9.50 Kohvipaus<\/p>\n\n\n\n<div style=\"height:24px\" aria-hidden=\"true\" class=\"wp-block-spacer\"><\/div>\n\n\n\n<p class=\"has-large-font-size\"><strong>09.50\u201311.20 Aktuaalset erakorralises meditsiinis<\/strong><\/p>\n\n\n\n<p>Sessiooni juhataja: <strong>Aime Keis<\/strong>, vanemarst-\u00f5ppej\u00f5ud, T\u00dc Kliinikumi anestesioloogia ja intensiivravi kliinik<\/p>\n\n\n\n<p>09.50\u201310.10 Tulevikutehnoloogiad erakorralises meditsiinis \u2013 tehisaru poolt juhitud patsiendi k\u00e4sitluse v\u00f5imalused. <strong>Aime Keis<\/strong>, vanemarst-\u00f5ppej\u00f5ud, T\u00dc Kliinikumi anestesioloogia ja intensiivravi kliinik<\/p>\n\n\n\n<p>10.10\u201310.30 Seljavaluga patsiendi k\u00e4sitlus erakorralises meditsiinis. <strong>Ando Vaher<\/strong>, vanemarst-\u00f5ppej\u00f5ud, T\u00dc Kliinikumi n\u00e4rvikliinik<\/p>\n\n\n\n<p>10.30\u201310.50 Uued s\u00fcnteetilised opioidid. <strong>Kristiina P\u00f5ld<\/strong>, vanemarst, P\u00f5hja-Eesti Regionaalhaigla erakorralise meditsiini osakond<\/p>\n\n\n\n<p>10.50\u201311.10 EMO \u00f5ppetunnid \u2013 kliiniline haigusjuht. <strong>Kaarel Uba<\/strong>, arst-\u00f5ppej\u00f5ud, T\u00dc Kliinikumi anestesioloogia ja intensiivravi kliinik ja <strong>Liis Maarand,<\/strong> arst-\u00f5ppej\u00f5ud, T\u00dc Kliinikumi anestesioloogia ja intensiivravi kliinik<\/p>\n\n\n\n<p>11.10\u201311.20 K\u00fcsimused ja arutelu\u00a0<\/p>\n\n\n\n<div style=\"height:24px\" aria-hidden=\"true\" class=\"wp-block-spacer\"><\/div>\n\n\n\n<p>11.20-11.50 Kohvipaus<\/p>\n\n\n\n<div style=\"height:25px\" aria-hidden=\"true\" class=\"wp-block-spacer\"><\/div>\n\n\n\n<p class=\"has-large-font-size\"><strong>11.50-13.40 <strong>Suu\u00f5\u00f5s \u00fcldarsti vastutusalas<\/strong><\/strong><\/p>\n\n\n\n<p><\/p>\n\n\n\n<p>Sessiooni juhataja: <strong>Riina Runnel<\/strong>, suu- ja hambahaiguste lektor, Tartu \u00dclikooli hambaarstiteaduse instituut<\/p>\n\n\n\n<p>11.50\u201311.55 Tervitus ja sissejuhatus. Miks patsiendi suu\u00f5\u00f5ne seisund on ka \u00fcldarsti vastutusala. <strong>Riina Runnel<\/strong>, suu- ja hambahaiguste lektor, Tartu \u00dclikooli hambaarstiteaduse instituut<\/p>\n\n\n\n<p>11.55\u201312.15 Kui hammastest saab ajalugu: hambaproteeside roll patsiendi tervise ja elukvaliteedi s\u00e4ilitamises. <strong>Kirill Valdas<\/strong>, arst-resident, T\u00dc Kliinikumi stomatoloogiakliinik<\/p>\n\n\n\n<p>12.15\u201312.30 S\u00fcdameasjad: kardiovaskulaarne tervis ja suu\u00f5\u00f5ne p\u00f5letik. <strong>Raili Luikmel<\/strong>, arst-resident, T\u00dc Kliinikumi stomatoloogiakliinik<\/p>\n\n\n\n<p>12.30\u201312.50 Suu\u00f5\u00f5s kui peegel: potentsiaalselt pahaloomulised muutused ja nende \u00e4ratundmine, <strong>Karin Keernik<\/strong>, arst-\u00f5ppej\u00f5ud, T\u00dc Kliinikumi stomatoloogiakliinik<\/p>\n\n\n\n<p>12.50-13.10 Punased ja valged hoiatusm\u00e4rgid: praktiline juhend suu\u00f5\u00f5nev\u00e4hkide s\u00f5elumiseks. <strong>Tiiu Kivimaa<\/strong>, arst-\u00f5ppej\u00f5ud, T\u00dc Kliinikumi stomatoloogiakliinik<\/p>\n\n\n\n<p>13.10\u201313.25 Hambaravi erakorralised olukorrad (Kutsung 112). <strong>Marjo Sinij\u00e4rv<\/strong>, vanemarst-\u00f5ppej\u00f5ud, T\u00dc Kliinikumi stomatoloogiakliinik<\/p>\n\n\n\n<p>13.25\u201313.40 L\u00f5pp-paneel: K\u00fcsimused-vastused ja arutelu \u201eKuidas \u00fcles ehitada sujuv patsiendi teekond\u201c<\/p>\n\n\n\n<div style=\"height:23px\" aria-hidden=\"true\" class=\"wp-block-spacer\"><\/div>\n\n\n\n<p>13.40-14.30 L\u00f5una<\/p>\n\n\n\n<div style=\"height:24px\" aria-hidden=\"true\" class=\"wp-block-spacer\"><\/div>\n\n\n\n<p class=\"has-large-font-size\"><strong>14.30\u201316.00 Abistatud enesetapp ja eutanaasia \u2013 eetika, juriidika ja praktika<\/strong><\/p>\n\n\n\n<p><\/p>\n\n\n\n<p>Sessiooni juhataja: <strong>Katrin Elmet<\/strong>, vanemarst-\u00f5ppej\u00f5ud, T\u00dc Kliinikumi anestesioloogia ja intensiivravi kliinik, eetika\u00f5ppej\u00f5ud<\/p>\n\n\n\n<p>14.30\u201314.50\u00a0 Abistatud enesetapp ja eutanaasia eetika vaatenurgast. <strong>Margit Sutrop<\/strong>, praktilise filosoofia professor, eetikakeskuse juhataja, Tartu \u00dclikool; Riigikogu liige\u00a0\u00a0<\/p>\n\n\n\n<p>14.50\u201315.10 Juriidilised k\u00fcsimused seoses abistatud enesetapu ja eutanaasiaga. <strong>Ants N\u00f5mper<\/strong>, Tartu \u00dclikooli n\u00f5ukogu liige, vandeadvokaat, meditsiin\u00f5iguse ekspert\u00a0<\/p>\n\n\n\n<p>15.10\u201315.30 N\u00fc\u00fcdisaegsed v\u00f5imalused raskete haigete elul\u00f5pu ravis. <strong>Tiina Tasmuth<\/strong>, onkoloog, valu- ja palliatiivravi spetsialist, Helsingi \u00dclikoolihaigla, Helsingi Hospiits Terhokoti<\/p>\n\n\n\n<p>15.30 \u2013 16.00 Arutelu\u00a0<\/p>\n\n\n\n<div style=\"height:24px\" aria-hidden=\"true\" class=\"wp-block-spacer\"><\/div>\n\n\n\n<p>16.00-16.30 Kohvipaus<\/p>\n\n\n\n<div style=\"height:24px\" aria-hidden=\"true\" class=\"wp-block-spacer\"><\/div>\n\n\n\n<p class=\"has-large-font-size\"><strong>16.30\u201318.10 Uut lasteneuroloogias<\/strong><\/p>\n\n\n\n<p class=\"has-large-font-size\"><\/p>\n\n\n\n<p>Sessiooni juhatajad: <strong>Eve \u00d5iglane-\u0160lik<\/strong>, lasteneuroloogia kaasprofessor, Tartu \u00dclikool; vanemarst-\u00f5ppej\u00f5ud, T\u00dc Kliinikumi lastekliinik ja <strong>Rael Laugesaar<\/strong>, T\u00dc lastehaiguste lektor; vanemarst-\u00f5ppej\u00f5ud, T\u00dc Kliinikumi lastekliinik<\/p>\n\n\n\n<p>16.30\u201316.50 Spinaalse lihasatroofia ja Duchenne\u2019i lihasd\u00fcstroofia uued raviv\u00f5imalused. <strong>Eve \u00d5iglane-\u0160lik<\/strong>, lasteneuroloogia kaasprofessor, Tartu \u00dclikool; vanemarst-\u00f5ppej\u00f5ud, T\u00dc Kliinikumi lastekliinik<\/p>\n\n\n\n<p>16.50\u201317.10 Neurofibromatoos 1 t\u00e4nap\u00e4evane k\u00e4sitlus. <strong>Stella Lilles<\/strong>, arst-\u00f5ppej\u00f5ud, T\u00dc Kliinikumi lastekliinik<\/p>\n\n\n\n<p>17.10\u201317.30 Sissejuhatus epileptilistesse entsefalopaatiatesse. <strong>Ulvi  Vaher<\/strong>, radioloogia teadur; Tartu \u00dclikool; vanemarst-\u00f5ppej\u00f5ud, T\u00dc Kliinikumi lastekliinik<\/p>\n\n\n\n<p>17.30\u201317.50 Uneh\u00e4ired lapseeas. <strong>Klari Heidmets<\/strong>, lastehaiguste lektor, Tartu \u00dclikool; vanemarst-\u00f5ppej\u00f5ud, T\u00dc Kliinikumi lastekliiinik<\/p>\n\n\n\n<p>17.50\u201318.10 Hemipleegiline migreen kui insuldi mimik. <strong>Rael Laugesaar<\/strong>, lastehaiguste lektor, Tartu \u00dclikool; vanemarst-\u00f5ppej\u00f5ud, T\u00dc Kliinikumi lastekliinik<\/p>\n\n\n\n<div style=\"height:45px\" aria-hidden=\"true\" class=\"wp-block-spacer\"><\/div>\n\n\n\n<h2 class=\"wp-block-heading has-secondary-color has-text-color has-link-color wp-elements-c5708c3b179e04928123165f14f62a15\"><strong>5. veebruar<\/strong><\/h2>\n\n\n\n<div style=\"height:45px\" aria-hidden=\"true\" class=\"wp-block-spacer\"><\/div>\n\n\n\n<p class=\"has-large-font-size\"><br><strong>09.00\u201310.30 Kroonilise valu multimodaalne k\u00e4sitlus \/<em> Multidisciplinary management of persistent pain<\/em> (sessioon toimub inglise keeles, s\u00fcnkroont\u00f5lge)<\/strong><\/p>\n\n\n\n<p>Sessiooni juhataja \/ <em>Session chair<\/em>: <strong>Tiina Tasmuth<\/strong>, onkoloog, valu- ja palliatiivravi spetsialist, Helsingi \u00dclikoolihaigla, Helsingi Hospiits Terhokoti \/ <em>Specialist in Palliative and Pain Medicine, Helsinki University Hospital and Helsinki Hospice Terhokoti<\/em><\/p>\n\n\n\n<p>09.00\u201309.25 Miks valu p\u00fcsib? \/ <em>Why does pain persist?<\/em> <strong>Eija Kalso<\/strong>, valuravi professor, Helsingi \u00dclikooli ja Helsingi \u00dclikoolihaigla \/ P<em>rofessor of Pain Medicine, University of Helsinki and Helsinki University Hospital<\/em><\/p>\n\n\n\n<p>09.25\u201309.50 Kroonilise valu ps\u00fchholoogilised aspektid \/<em> Psychological aspects of persistent pain<\/em>. <strong>Teemu Miettinen<\/strong>, kliiniline ps\u00fchholoog, Helsingi \u00dclikooli ja Helsingi \u00dclikoolihaigla \/ <em>Clinical Psychologist, University of Helsinki and Helsinki University Hospital<\/em><\/p>\n\n\n\n<p>09.50\u201310.15 Kroonilise valu farmakoloogiline ravi \/ <em>Pharmacological management of persistent pain<\/em>. <strong>Tarja Heiskanen<\/strong>, valuravi kaasprofessor, Helsingi \u00dclikooli ja Helsingi \u00dclikoolihaigla \/ <em>Associate Professor of Pain Medicine, University of Helsinki and Helsinki University Hospital<\/em><\/p>\n\n\n\n<p>10.15\u201310.30 Arutelu ja k\u00fcsimused \/<em>Discussion and questions<\/em><\/p>\n\n\n\n<div style=\"height:24px\" aria-hidden=\"true\" class=\"wp-block-spacer\"><\/div>\n\n\n\n<p>10.30-11.00 Kohvipaus<\/p>\n\n\n\n<div style=\"height:24px\" aria-hidden=\"true\" class=\"wp-block-spacer\"><\/div>\n\n\n\n<p class=\"has-large-font-size\"><strong>11.00 \u2013 12.30 Operatsioonile tuleva patsiendi teekond \u2013 ohutus ennek\u00f5ike!<\/strong><\/p>\n\n\n\n<p>Sessiooni juhatajad: <strong>Joel Starkopf<\/strong>, anestesioloogia ja intensiivravi professor, Tartu \u00dclikool; vanemarst-\u00f5ppej\u00f5ud, T\u00dc Kliinikumi anestesioloogia ja intensiivravi kliinik, T\u00dc Kliinikumi juhatuse liige ja <strong>Marko Murruste<\/strong>, \u00fcldkirurgia teadur, Tartu \u00dclikool; vanemarst-\u00f5ppej\u00f5ud, T\u00dc Kliinikumi kirurgiakliinik<\/p>\n\n\n\n<p>11.00-11.15 Perioperatiivne ohutus T\u00dc Kliinikumis: kui kaugel oleme Euroopa standarditest? <strong>Joel Starkopf<\/strong>, anestesioloogia ja intensiivravi professor, Tartu \u00dclikool; vanemarst-\u00f5ppej\u00f5ud, T\u00dc Kliinikumi anestesioloogia ja intensiivravi kliinik, T\u00dc Kliinikumi juhatuse liige<\/p>\n\n\n\n<p>11.15-11.30 Operatsioonieelne ja \u2013aegne ohutus: kirurgi vaade. <strong>Liis Jaanim\u00e4e<\/strong>, \u00fcldkirurgia assistent, Tartu \u00dclikool; arst-\u00f5ppej\u00f5ud, T\u00dc Kliinikumi kirurgiakliinik<\/p>\n\n\n\n<p>11.30 \u2013 11.45 Operatsioonieelne ja \u2013aegne ohutus: anestesioloogi vaade. <strong>Kaie Stroo<\/strong> arst-\u00f5ppej\u00f5ud, T\u00dc Kliinikumi anestesioloogia ja intensiivravi kliinik ja <strong>Maret Laheveer<\/strong>, anestesioloog, T\u00dc Kliinikumi anestesioloogia ja intensiivravi kliinik<\/p>\n\n\n\n<p>11.45-12.00 Patsiendiohutusjuhtumid ja t\u00fcsistused kirurgias. <strong>Maarja \u00c4marik<\/strong>, patsiendiohutuse koordinaator, T\u00dc Kliinikumi anestesioloogia ja intensiivravi kliinik<\/p>\n\n\n\n<p>12.00-12.15 Operatsiooniteekond patsiendi vaates. <strong>Janne P\u00fchvel<\/strong>, \u00f5endusteaduse nooremteadur, Tartu \u00dclikool ja <strong>Kaja P\u00f5lluste<\/strong>, sisehaiguste kaasprofessor, Tartu \u00dclikool<\/p>\n\n\n\n<p>12.15-12.30 K\u00fcsimused ja arutelu\u00a0<\/p>\n\n\n\n<div style=\"height:25px\" aria-hidden=\"true\" class=\"wp-block-spacer\"><\/div>\n\n\n\n<p>12.30-13.00 L\u00f5una<\/p>\n\n\n\n<div style=\"height:24px\" aria-hidden=\"true\" class=\"wp-block-spacer\"><\/div>\n\n\n\n<p class=\"has-large-font-size\"><strong>13.00 \u2013 14.45 H\u00fcpertensiooni kaasaegne k\u00e4sitlus<\/strong><\/p>\n\n\n\n<p class=\"has-large-font-size\" id=\"block-2130bf3d-6543-40bb-a48d-ef0327fd7d46\"><\/p>\n\n\n\n<p>Sessiooni juhataja: <strong>Priit Pauklin,<\/strong> kardioloogia lektor, Tartu \u00dclikool; vanemarst-\u00f5ppej\u00f5ud, T\u00dc Kliinikumi s\u00fcdamekliinik<\/p>\n\n\n\n<p>13.00-13.20 Et kohale j\u00f5uda, pead teadma, kuhu l\u00e4hed \u2013 ravi alustamine ja sihtm\u00e4rkv\u00e4\u00e4rtused. <strong>Priit Pauklin<\/strong>, kardioloogia lektor, Tartu \u00dclikool; vanemarst-\u00f5ppej\u00f5ud, T\u00dc Kliinikumi s\u00fcdamekliinik,<\/p>\n\n\n\n<p>13.20-13.40 1+1 = 3? \u2013 kombinatsioonravi esmavalikuna. <strong>Tuuli Joonsalu<\/strong>, kardioloogia assistent, Tartu \u00dclikool; vanemarst-\u00f5ppej\u00f5ud, T\u00dc Kliinikumi s\u00fcdamekliinik<\/p>\n\n\n\n<p>13.40-14.00 Natuke rohkem, kui peaks \u2013 k\u00f5rgenenud verer\u00f5huga patsient. <strong>K\u00fclli K\u00f5lvald<\/strong>, vanemarst-\u00f5ppej\u00f5ud, T\u00dc Kliinikumi sisekliinik<\/p>\n\n\n\n<p>14.00-14.20 Mis teha, kui tabletist j\u00e4\u00e4b v\u00e4heks \u2013 neeruarterite denervatsioon.  <strong>Martin Serg<\/strong>, kardioloogia teadur, Tartu \u00dclikool; kardioloog, P\u00f5hja-Eesti Regionaalhaigla s\u00fcdamekeskus<\/p>\n\n\n\n<p>14.20-14.40 Tahaks, aga ei saa \u2013 h\u00fcpertensioon ja seksuaalne d\u00fcsfunktsioon. <strong>Margus Viigimaa<\/strong>, professor, tervisetehnoloogiate instituut, Tallinna Tehnika\u00fclikool; s\u00fcdametervise kabineti \u00fclemarst, kardioloogiakeskuse teadusjuht, P\u00f5hja-Eesti Regionaalhaigla s\u00fcdamekeskus,<\/p>\n\n\n\n<p>14.40-14.45 K\u00fcsimused ja arutelu<\/p>\n\n\n\n<div style=\"height:46px\" aria-hidden=\"true\" class=\"wp-block-spacer\"><\/div>\n\n\n\n<p class=\"has-large-font-size\" id=\"block-1f854e60-be71-45d7-82dd-2d7915a3ef37\">14.45 <strong>Konverentsi l\u00f5petamine<\/strong><\/p>\n\n\n\n<p><\/p>\n","protected":false},"excerpt":{"rendered":"<p>Konverents Kliinik 2026 (03.-05.02.2026) J\u00e4relvaatamine 3. veebruar\u00a0 09.00 \u2013 10.00 Registreerumine ja kohv 10.00 \u2013 10.10 Avamine. Avas\u00f5nad. professor K\u00fclli Kingo T\u00dc meditsiiniteaduste valdkonna dekaan professor Pille Taba T\u00dc kliinilise meditsiini instituudi juhataja Eesti Vabariigi sotsiaalminister Karmen Joller 10.10-12.00 Andmep\u00f5hine &#8230;<\/p>\n","protected":false},"author":62,"featured_media":0,"parent":0,"menu_order":0,"comment_status":"closed","ping_status":"closed","template":"","meta":{"_acf_changed":false,"inline_featured_image":false,"footnotes":""},"class_list":["post-5","page","type-page","status-publish","hentry"],"acf":[],"_links":{"self":[{"href":"https:\/\/sisu.ut.ee\/konverentskliinik\/wp-json\/wp\/v2\/pages\/5","targetHints":{"allow":["GET"]}}],"collection":[{"href":"https:\/\/sisu.ut.ee\/konverentskliinik\/wp-json\/wp\/v2\/pages"}],"about":[{"href":"https:\/\/sisu.ut.ee\/konverentskliinik\/wp-json\/wp\/v2\/types\/page"}],"author":[{"embeddable":true,"href":"https:\/\/sisu.ut.ee\/konverentskliinik\/wp-json\/wp\/v2\/users\/62"}],"replies":[{"embeddable":true,"href":"https:\/\/sisu.ut.ee\/konverentskliinik\/wp-json\/wp\/v2\/comments?post=5"}],"version-history":[{"count":30,"href":"https:\/\/sisu.ut.ee\/konverentskliinik\/wp-json\/wp\/v2\/pages\/5\/revisions"}],"predecessor-version":[{"id":500,"href":"https:\/\/sisu.ut.ee\/konverentskliinik\/wp-json\/wp\/v2\/pages\/5\/revisions\/500"}],"wp:attachment":[{"href":"https:\/\/sisu.ut.ee\/konverentskliinik\/wp-json\/wp\/v2\/media?parent=5"}],"curies":[{"name":"wp","href":"https:\/\/api.w.org\/{rel}","templated":true}]}}