{"id":11,"date":"2024-04-04T02:24:38","date_gmt":"2024-04-03T23:24:38","guid":{"rendered":"https:\/\/sisu.ut.ee\/kohtumised\/budism\/"},"modified":"2025-03-18T19:55:09","modified_gmt":"2025-03-18T17:55:09","slug":"budism","status":"publish","type":"page","link":"https:\/\/sisu.ut.ee\/kohtumised\/budism\/","title":{"rendered":"Tristani isa on budist"},"content":{"rendered":"<p>Budism on maailmas v\u00e4ga vana religioon. Eestis on budism aga uus. Budisti elus on olulisel kohal meditatsioon, et kasvatada meelerahu ja arendada hoolivat suhtumist \u00fcmbritsevasse.<\/p>\n<p>Videos kohtume Tartu Budakoja \u00fche eestvedaja Bodhikara ja tema poja Tristaniga. Nad r\u00e4\u00e4givad meile budismist ja meditatsioonist.<\/p>\n<p>Arutage:<\/p>\n<ul>\n<li>Mis on meditatsioon?<\/li>\n<li>Milliseid viise on veel meelerahu saamiseks?<\/li>\n<li>Mis sinul aitab keskenduda?<\/li>\n<\/ul>\n<p><\/p><div class=\"ratio ratio-16x9 mb-3\"><div class=\"video-placeholder-wrapper video-placeholder-wrapper--16x9\">\n\t\t\t    <div class=\"video-placeholder d-flex justify-content-center align-items-center\">\n\t\t\t        <div class=\"overlay text-white p-2 w-100 text-center d-block justify-content-center align-items-center\">\n\t\t\t            <div>Kolmandate osapoolte sisu n\u00e4gemiseks palun n\u00f5ustu k\u00fcpsistega.<\/div>\n\t\t\t            <button class=\"btn btn-secondary btn-sm mt-1 consent-change\">Muuda n\u00f5usolekut<\/button>\n\t\t\t        <\/div>\n\t\t\t    <\/div>\n\t\t\t<\/div>\n<\/div> (<a href=\"https:\/\/youtu.be\/C0AkmhhWc_g\">https:\/\/youtu.be\/C0AkmhhWc_g<\/a>)\n<p><\/p><div class=\"accordion mb-3\">\n        <div class=\"accordion-item accordion-item--white\">\n        <h2 class=\"accordion-header\" id=\"accordion-69def2561ea89-heading\">\n            <button class=\"accordion-button collapsed\" type=\"button\" data-bs-toggle=\"collapse\" data-bs-target=\"#accordion-69def2561ea89-collapse\" aria-expanded=\"true\" aria-controls=\"accordion-69def2561ea89-collapse\">T\u00f6\u00f6lehed budismist II kooliastmele<\/button>\n        <\/h2>\n        <div id=\"accordion-69def2561ea89-collapse\" class=\"accordion-collapse collapse\" aria-labelledby=\"accordion-69def2561ea89-heading\">\n            <div class=\"accordion-body\">\n<p><em>Idee autor: Eleri Soidla<\/em><\/p>\n<p id=\"docs-internal-guid-8835f81c-9816-9e44-cbf7-30773699eb4f\" style=\"line-height: 1.2; margin-top: 0pt; margin-bottom: 0pt;\"><span style=\"font-size: 12pt; font-family: Cambria; color: #000000; background-color: transparent; font-weight: bold; font-style: normal; font-variant: normal; text-decoration: none; vertical-align: baseline;\">\u00d5piv\u00e4ljudid. \u00d5pilane:<\/span><\/p>\n<ul style=\"margin-top: 0pt; margin-bottom: 0pt;\">\n<li style=\"list-style-type: disc; font-size: 12pt; font-family: 'Noto Sans Symbols'; color: #000000; background-color: transparent; font-weight: 400; font-style: normal; font-variant: normal; text-decoration: none; vertical-align: baseline;\">\n<p style=\"line-height: 1.2; margin-top: 0pt; margin-bottom: 0pt;\"><span style=\"font-size: 12pt; font-family: Cambria; color: #000000; background-color: transparent; font-weight: 400; font-style: normal; font-variant: normal; text-decoration: none; vertical-align: baseline;\">Tunneb tasakaalu printsiipi budismis<\/span><\/p>\n<\/li>\n<li style=\"list-style-type: disc; font-size: 12pt; font-family: 'Noto Sans Symbols'; color: #000000; background-color: transparent; font-weight: 400; font-style: normal; font-variant: normal; text-decoration: none; vertical-align: baseline;\">\n<p style=\"line-height: 1.2; margin-top: 0pt; margin-bottom: 0pt;\"><span style=\"font-size: 12pt; font-family: Cambria; color: #000000; background-color: transparent; font-weight: 400; font-style: normal; font-variant: normal; text-decoration: none; vertical-align: baseline;\">Oskab tuua n\u00e4iteid, kuidas v\u00e4ljendub tema jaoks teiste ja enda eest hoolitsemine<\/span><\/p>\n<\/li>\n<\/ul>\n<p><\/p><\/div>\n        <\/div>\n        <\/div>\n    <\/div>\n\n\n<div class=\"wp-block-group attached-files-group is-layout-constrained wp-block-group-is-layout-constrained\">\n<div class=\"wp-block-file\"><a href=\"https:\/\/sisu.ut.ee\/wp-content\/uploads\/sites\/167\/budism_hoolimine.pdf\" target=\"_blank\" rel=\"noreferrer noopener\">T\u00f6\u00f6leht budism_hoolimine.pdf<\/a><\/div>\n<\/div>\n","protected":false},"excerpt":{"rendered":"<p>Budism on maailmas v\u00e4ga vana religioon. Eestis on budism aga uus. Budisti elus on olulisel kohal meditatsioon, et kasvatada meelerahu ja arendada hoolivat suhtumist \u00fcmbritsevasse. Videos kohtume Tartu Budakoja \u00fche eestvedaja Bodhikara ja tema poja Tristaniga. Nad r\u00e4\u00e4givad meile budismist &#8230;<\/p>\n","protected":false},"author":31,"featured_media":0,"parent":0,"menu_order":0,"comment_status":"closed","ping_status":"closed","template":"","meta":{"_acf_changed":false,"inline_featured_image":false,"footnotes":""},"class_list":["post-11","page","type-page","status-publish","hentry"],"acf":[],"_links":{"self":[{"href":"https:\/\/sisu.ut.ee\/kohtumised\/wp-json\/wp\/v2\/pages\/11","targetHints":{"allow":["GET"]}}],"collection":[{"href":"https:\/\/sisu.ut.ee\/kohtumised\/wp-json\/wp\/v2\/pages"}],"about":[{"href":"https:\/\/sisu.ut.ee\/kohtumised\/wp-json\/wp\/v2\/types\/page"}],"author":[{"embeddable":true,"href":"https:\/\/sisu.ut.ee\/kohtumised\/wp-json\/wp\/v2\/users\/31"}],"replies":[{"embeddable":true,"href":"https:\/\/sisu.ut.ee\/kohtumised\/wp-json\/wp\/v2\/comments?post=11"}],"version-history":[{"count":5,"href":"https:\/\/sisu.ut.ee\/kohtumised\/wp-json\/wp\/v2\/pages\/11\/revisions"}],"predecessor-version":[{"id":189,"href":"https:\/\/sisu.ut.ee\/kohtumised\/wp-json\/wp\/v2\/pages\/11\/revisions\/189"}],"wp:attachment":[{"href":"https:\/\/sisu.ut.ee\/kohtumised\/wp-json\/wp\/v2\/media?parent=11"}],"curies":[{"name":"wp","href":"https:\/\/api.w.org\/{rel}","templated":true}]}}