{"id":158,"date":"2024-04-04T08:14:13","date_gmt":"2024-04-04T05:14:13","guid":{"rendered":"https:\/\/sisu.ut.ee\/kliimateadlik\/galleries\/"},"modified":"2024-04-04T13:28:19","modified_gmt":"2024-04-04T10:28:19","slug":"galleries","status":"publish","type":"page","link":"https:\/\/sisu.ut.ee\/kliimateadlik\/galleries\/","title":{"rendered":"Galerii"},"content":{"rendered":"<p><a href=\"https:\/\/sisu.ut.ee\/kliimateadlik\/alushariduse-ja-esimese-kooliastme-tooruhma-liikmete-oppereis-maltale-23-25\/\">Alushariduse ja esimese kooliastme t\u00f6\u00f6r\u00fchma liikmete \u00f5ppereis Maltale 23.-25. oktoober 2023<\/a><\/p>\n\n\n\n<p><a href=\"https:\/\/sisu.ut.ee\/kliimateadlik\/keskkonnahariduse-konverents-25102023\/\">Keskkonnahariduse konverents 25.10.2023<\/a><\/p>\n\n\n\n<p><a href=\"https:\/\/sisu.ut.ee\/kliimateadlik\/kliimateadlikud-15-16092023-tallinna-reaalkooli-reaal-ja-loodusteadusliku\/\">Kliimateadlikud 15.-16.09.2023 Tallinna Reaalkooli reaal- ja loodusteadusliku hariduse konverentsil<\/a><\/p>\n","protected":false},"excerpt":{"rendered":"<p>Alushariduse ja esimese kooliastme t\u00f6\u00f6r\u00fchma liikmete \u00f5ppereis Maltale 23.-25. oktoober 2023 Keskkonnahariduse konverents 25.10.2023 Kliimateadlikud 15.-16.09.2023 Tallinna Reaalkooli reaal- ja loodusteadusliku hariduse konverentsil<\/p>\n","protected":false},"author":287,"featured_media":0,"parent":0,"menu_order":0,"comment_status":"closed","ping_status":"closed","template":"","meta":{"_acf_changed":false,"inline_featured_image":false,"footnotes":""},"class_list":["post-158","page","type-page","status-publish","hentry"],"acf":[],"_links":{"self":[{"href":"https:\/\/sisu.ut.ee\/kliimateadlik\/wp-json\/wp\/v2\/pages\/158","targetHints":{"allow":["GET"]}}],"collection":[{"href":"https:\/\/sisu.ut.ee\/kliimateadlik\/wp-json\/wp\/v2\/pages"}],"about":[{"href":"https:\/\/sisu.ut.ee\/kliimateadlik\/wp-json\/wp\/v2\/types\/page"}],"author":[{"embeddable":true,"href":"https:\/\/sisu.ut.ee\/kliimateadlik\/wp-json\/wp\/v2\/users\/287"}],"replies":[{"embeddable":true,"href":"https:\/\/sisu.ut.ee\/kliimateadlik\/wp-json\/wp\/v2\/comments?post=158"}],"version-history":[{"count":1,"href":"https:\/\/sisu.ut.ee\/kliimateadlik\/wp-json\/wp\/v2\/pages\/158\/revisions"}],"predecessor-version":[{"id":167,"href":"https:\/\/sisu.ut.ee\/kliimateadlik\/wp-json\/wp\/v2\/pages\/158\/revisions\/167"}],"wp:attachment":[{"href":"https:\/\/sisu.ut.ee\/kliimateadlik\/wp-json\/wp\/v2\/media?parent=158"}],"curies":[{"name":"wp","href":"https:\/\/api.w.org\/{rel}","templated":true}]}}

<p><a href="https://sisu.ut.ee/kliimateadlik/alushariduse-ja-esimese-kooliastme-tooruhma-liikmete-oppereis-maltale-23-25/">Alushariduse ja esimese kooliastme töörühma liikmete õppereis Maltale 23.-25. oktoober 2023</a></p>



<p><a href="https://sisu.ut.ee/kliimateadlik/keskkonnahariduse-konverents-25102023/">Keskkonnahariduse konverents 25.10.2023</a></p>



<p><a href="https://sisu.ut.ee/kliimateadlik/kliimateadlikud-15-16092023-tallinna-reaalkooli-reaal-ja-loodusteadusliku/">Kliimateadlikud 15.-16.09.2023 Tallinna Reaalkooli reaal- ja loodusteadusliku hariduse konverentsil</a></p>

<p>Alushariduse ja esimese kooliastme töörühma liikmete õppereis Maltale 23.-25. oktoober 2023 Keskkonnahariduse konverents 25.10.2023 Kliimateadlikud 15.-16.09.2023 Tallinna Reaalkooli reaal- ja loodusteadusliku hariduse konverentsil</p>
