{"id":15,"date":"2024-04-04T08:10:44","date_gmt":"2024-04-04T05:10:44","guid":{"rendered":"https:\/\/sisu.ut.ee\/kliimateadlik\/kliimaharidus\/"},"modified":"2024-04-04T08:14:12","modified_gmt":"2024-04-04T05:14:12","slug":"kliimaharidus","status":"publish","type":"page","link":"https:\/\/sisu.ut.ee\/kliimateadlik\/kliimaharidus\/","title":{"rendered":"Kliimahariduslik programm"},"content":{"rendered":"<blockquote>\n<p>\n\t\tS\u00fcsteemne ja teadusp\u00f5hine haridus aitab m\u00f5ista ning pehmendada kliimakriisi m\u00f5ju, v\u00f5imestades inimesi teadmiste, oskuste, v\u00e4\u00e4rtuste ja hoiakutega. See on vajalik, et olla muutustes aktiivne osaline ning v\u00e4hendada kliimamuutuste negatiivseid tagaj\u00e4rgi.\u00a0\n\t<\/p>\n<\/blockquote>\n<p>\n\tOleme loonud <strong>kliimaharidusliku programmi<\/strong>, mis koosneb <strong>kahest etapist<\/strong>, millest esimesel seame fookuse kliimaga seotud erialasele teadmisele, teisel aga kuidas loodud teadmist viia erinevatel haridusastmetel ja -asutuses \u00f5ppiva \u00f5pilaseni.<br>\u00a0\n<\/p>\n<ul>\n<li style=\"margin-left: 40px\">\n\t\t<strong>I etapp:<\/strong>\u00a0e-\u00f5ppevahend iseseisvaks \u00f5ppeks <strong>\u201eKliimamuutuste ABC\u201c<\/strong>\u00a0\u00a0<a data-url=\"http:\/\/kliimatarkused.ut.ee\" href=\"http:\/\/kliimatarkused.ut.ee\" target=\"_blank\" title=\"\" rel=\"noopener\">kliimatarkused.ut.ee<\/a><br>\u00a0\n\t<\/li>\n<li style=\"margin-left: 40px\">\n\t\t<strong>II\u00a0etapp:<\/strong>\u00a0\u201cLaste ja noorte kliimateadlikkuse kujundamine\u201d <strong>koolituste info<\/strong> leiad siit: <a data-url=\"http:\/\/kliimateadlik.ut.ee\/koolitused\" href=\"http:\/\/kliimateadlik.ut.ee\/koolitused\" target=\"_blank\" title=\"\" rel=\"noopener\">http:\/\/kliimateadlik.ut.ee\/koolitused<\/a>\n\t<\/li>\n<\/ul>\n<p style=\"text-align: center\">\n\t<img decoding=\"async\" alt=\"Programm\" data-file_info=\"%7B%22fid%22:%2280755%22,%22view_mode%22:%22default%22,%22type%22:%22media%22%7D\" src=\"https:\/\/sisu.ut.ee\/wp-content\/uploads\/sites\/582\/programm.png\" style=\"width: 700px;height: 387px\" title=\"\">\n<\/p>\n<p style=\"text-align: center\">\n\t\u00a0\n<\/p>\n<p style=\"text-align: center\">\n\tE-\u00f5ppe vahendi \u201cKliimamuutuste ABC\u201d tutvustus:\n<\/p>\n<p>\n\t<\/p><div class=\"ratio ratio-16x9 mb-3\"><div class=\"video-placeholder-wrapper video-placeholder-wrapper--16x9\">\n\t\t\t    <div class=\"video-placeholder d-flex justify-content-center align-items-center\">\n\t\t\t        <div class=\"overlay text-white p-2 w-100 text-center d-block justify-content-center align-items-center\">\n\t\t\t            <div>Kolmandate osapoolte sisu n\u00e4gemiseks palun n\u00f5ustu k\u00fcpsistega.<\/div>\n\t\t\t            <button class=\"btn btn-secondary btn-sm mt-1 consent-change\">Muuda n\u00f5usolekut<\/button>\n\t\t\t        <\/div>\n\t\t\t    <\/div>\n\t\t\t<\/div>\n<\/div>\n\n<p>\n\t\u00a0<\/p>\n","protected":false},"excerpt":{"rendered":"<p>S\u00fcsteemne ja teadusp\u00f5hine haridus aitab m\u00f5ista ning pehmendada kliimakriisi m\u00f5ju, v\u00f5imestades inimesi teadmiste, oskuste, v\u00e4\u00e4rtuste ja hoiakutega. See on vajalik, et olla muutustes aktiivne osaline ning v\u00e4hendada kliimamuutuste negatiivseid tagaj\u00e4rgi.\u00a0 Oleme loonud kliimaharidusliku programmi, mis koosneb kahest etapist, millest esimesel &#8230;<\/p>\n","protected":false},"author":287,"featured_media":0,"parent":0,"menu_order":0,"comment_status":"closed","ping_status":"closed","template":"","meta":{"_acf_changed":false,"inline_featured_image":false,"footnotes":""},"class_list":["post-15","page","type-page","status-publish","hentry"],"acf":[],"_links":{"self":[{"href":"https:\/\/sisu.ut.ee\/kliimateadlik\/wp-json\/wp\/v2\/pages\/15","targetHints":{"allow":["GET"]}}],"collection":[{"href":"https:\/\/sisu.ut.ee\/kliimateadlik\/wp-json\/wp\/v2\/pages"}],"about":[{"href":"https:\/\/sisu.ut.ee\/kliimateadlik\/wp-json\/wp\/v2\/types\/page"}],"author":[{"embeddable":true,"href":"https:\/\/sisu.ut.ee\/kliimateadlik\/wp-json\/wp\/v2\/users\/287"}],"replies":[{"embeddable":true,"href":"https:\/\/sisu.ut.ee\/kliimateadlik\/wp-json\/wp\/v2\/comments?post=15"}],"version-history":[{"count":1,"href":"https:\/\/sisu.ut.ee\/kliimateadlik\/wp-json\/wp\/v2\/pages\/15\/revisions"}],"predecessor-version":[{"id":142,"href":"https:\/\/sisu.ut.ee\/kliimateadlik\/wp-json\/wp\/v2\/pages\/15\/revisions\/142"}],"wp:attachment":[{"href":"https:\/\/sisu.ut.ee\/kliimateadlik\/wp-json\/wp\/v2\/media?parent=15"}],"curies":[{"name":"wp","href":"https:\/\/api.w.org\/{rel}","templated":true}]}}

<blockquote>
<p>
		Süsteemne ja teaduspõhine haridus aitab mõista ning pehmendada kliimakriisi mõju, võimestades inimesi teadmiste, oskuste, väärtuste ja hoiakutega. See on vajalik, et olla muutustes aktiivne osaline ning vähendada kliimamuutuste negatiivseid tagajärgi. 
	</p>
</blockquote>
<p>
	Oleme loonud <strong>kliimaharidusliku programmi</strong>, mis koosneb <strong>kahest etapist</strong>, millest esimesel seame fookuse kliimaga seotud erialasele teadmisele, teisel aga kuidas loodud teadmist viia erinevatel haridusastmetel ja -asutuses õppiva õpilaseni.<br> 
</p>
<ul>
<li style="margin-left: 40px">
		<strong>I etapp:</strong> e-õppevahend iseseisvaks õppeks <strong>„Kliimamuutuste ABC“</strong>  <a data-url="http://kliimatarkused.ut.ee" href="http://kliimatarkused.ut.ee" target="_blank" title="" rel="noopener">kliimatarkused.ut.ee</a><br> 
	</li>
<li style="margin-left: 40px">
		<strong>II etapp:</strong> “Laste ja noorte kliimateadlikkuse kujundamine” <strong>koolituste info</strong> leiad siit: <a data-url="http://kliimateadlik.ut.ee/koolitused" href="http://kliimateadlik.ut.ee/koolitused" target="_blank" title="" rel="noopener">http://kliimateadlik.ut.ee/koolitused</a>
	</li>
</ul>
<p style="text-align: center">
	<img decoding="async" alt="Programm" data-file_info="%7B%22fid%22:%2280755%22,%22view_mode%22:%22default%22,%22type%22:%22media%22%7D" src="https://sisu.ut.ee/wp-content/uploads/sites/582/programm.png" style="width: 700px;height: 387px" title="">
</p>
<p style="text-align: center">
	 
</p>
<p style="text-align: center">
	E-õppe vahendi “Kliimamuutuste ABC” tutvustus:
</p>
<p>
	</p><div class="ratio ratio-16x9 mb-3"><div class="video-placeholder-wrapper video-placeholder-wrapper--16x9">
			    <div class="video-placeholder d-flex justify-content-center align-items-center">
			        <div class="overlay text-white p-2 w-100 text-center d-block justify-content-center align-items-center">
			            <div>Kolmandate osapoolte sisu nägemiseks palun nõustu küpsistega.</div>
			            <button class="btn btn-secondary btn-sm mt-1 consent-change">Muuda nõusolekut</button>
			        </div>
			    </div>
			</div>
</div>

<p>
	 </p>

<p>Süsteemne ja teaduspõhine haridus aitab mõista ning pehmendada kliimakriisi mõju, võimestades inimesi teadmiste, oskuste, väärtuste ja hoiakutega. See on vajalik, et olla muutustes aktiivne osaline ning vähendada kliimamuutuste negatiivseid tagajärgi.  Oleme loonud kliimaharidusliku programmi, mis koosneb kahest etapist, millest esimesel &#8230;</p>
