{"id":98,"date":"2024-04-04T08:41:36","date_gmt":"2024-04-04T05:41:36","guid":{"rendered":"https:\/\/sisu.ut.ee\/kliimatarkused\/puu-looduses-ja-loodus-puul-kooli-esimene-aste\/"},"modified":"2024-05-20T14:17:07","modified_gmt":"2024-05-20T11:17:07","slug":"puu-looduses-ja-loodus-puul-kooli-esimene-aste","status":"publish","type":"page","link":"https:\/\/sisu.ut.ee\/kliimatarkused\/puu-looduses-ja-loodus-puul-kooli-esimene-aste\/","title":{"rendered":"Puu looduses ja loodus puul"},"content":{"rendered":"<p><img loading=\"lazy\" decoding=\"async\" width=\"1021\" height=\"408\" class=\"alignnone wp-image-295\" title=\"ai_lapsed_puu2_01.jpg\" src=\"https:\/\/sisu.ut.ee\/wp-content\/uploads\/sites\/635\/ai_lapsed_puu2_01.jpg\" alt=\"Puu_lapsed_AI\" srcset=\"https:\/\/sisu.ut.ee\/wp-content\/uploads\/sites\/635\/ai_lapsed_puu2_01.jpg 1021w, https:\/\/sisu.ut.ee\/wp-content\/uploads\/sites\/635\/ai_lapsed_puu2_01-300x120.jpg 300w, https:\/\/sisu.ut.ee\/wp-content\/uploads\/sites\/635\/ai_lapsed_puu2_01-768x307.jpg 768w\" sizes=\"auto, (max-width: 1021px) 100vw, 1021px\"><\/p>\n<p><b>Kellele on \u00f5ppematerjal m\u00f5eldud?<\/b><\/p>\n<p>Esitatud \u00f5ppematerjal\u00a0on m\u00f5eldud eelk\u00f5ige esimese kooliastme \u00f5petajatele.<\/p>\n<p><strong>\u00d5ppematerjali tutvustus<\/strong><\/p>\n<p>Materjali\u00a0eesm\u00e4rgiks on \u00f5pilastes looduse suhtes<b> <\/b>hooliva ja t\u00e4helepaneliku hoiaku kujundamine<b> \u00fche puu ja sellega seotud organismide p\u00f5hjaliku tundma\u00f5ppimise kaudu.\u00a0<\/b>\u00d5piobjektis sisalduvate \u00fclesannete lahendamine aitab \u00f5ppijatel m\u00e4rgata \u00fcmbritsevas keskkonnas toimuvaid muutusi ning seoseid elus ja eluta looduse vahel ning \u00fchtlasi on aluseks loodusteadusliku maailmavaate tekkele. Valitud eakohased ja praktilised \u00f5ppetegevused p\u00f5hinevad looduskeskkonna vahetul kogemisel.<\/p>\n<p>Puude teema k\u00e4sitlemist soovitame alustada eesti keele ja kirjanduse tunnis, kus tutvutakse puude t\u00e4htsusega Eesti kultuuriloos. Seej\u00e4rel valitakse kooli l\u00e4hi\u00fcmbrusest klassi OMA PUU, mida hakatakse l\u00e4hemalt uurima.\u00a0<b> <\/b><\/p>\n<p dir=\"ltr\">\u00d5ppematerjal on jagatud kolmeks osaks: sissejuhatus, materjalid \u00f5petajale ja materjalid \u00f5pilasele. Sissejuhatavalt lehelt leiate \u00f5piobjekti \u00fcldised eesm\u00e4rgid, \u00f5ppetegevuste seose riikliku \u00f5ppekavaga ning olulisemad m\u00e4rks\u00f5nad.<\/p>\n<p dir=\"ltr\">\u00d5petajale m\u00f5eldud materjalide alt leiate neli (\u00f5ppeaineid l\u00f5imivat) tegevuskava pealkirjadega: \u201cPuud Eesti kultuuriloos\u201d, \u201cKlassi oma puu valimine\u201d, \u201cEsmane tutvus klassi oma puuga\u201d ja \u201cValitud puu vaatlus\u201d. Lisaks sisaldab \u00f5petajatele m\u00f5eldud materjal viiteid \u00f5ppetegevusi toetavatele kirjandusallikatele (rubriigis \u201cLoe lisaks\u201d).<\/p>\n<p dir=\"ltr\">\u00d5pilasele m\u00f5eldud materjalide alt saab alla laadida \u00f5ppetegevusi toetavaid juhiseid ning t\u00f6\u00f6lehti, mida saab vajadust m\u00f6\u00f6da ka muuta.<\/p>\n<p dir=\"ltr\"><b id=\"docs-internal-guid-26274d84-7fff-fe2d-ba45-851fdcf29818\">M\u00e4rks\u00f5nad<\/b><\/p>\n<ul dir=\"ltr\">\n<li>M\u00e4rkamine: elurikkus, muutused looduses, seosed teiste organismidega ja eluta loodusega<\/li>\n<li>Seosed: toit, elupaik, varjumine, sh kuuma ja k\u00fclma eest, koost\u00f6\u00f6<\/li>\n<li>Loodusearmastus: elurikkuse v\u00e4\u00e4rtustamine<\/li>\n<\/ul>\n<p dir=\"ltr\"><strong><a title=\"\" href=\"https:\/\/sisu.ut.ee\/kliimatarkused\/klassi-oma-puu-valimine\" data-url=\"https:\/\/sisu.ut.ee\/kliimatarkused\/klassi-oma-puu-valimine\">Materjalid \u00f5petajale<\/a><\/strong><\/p>\n<p dir=\"ltr\"><strong><a title=\"\" href=\"https:\/\/kliimatarkused.ut.ee\/oma-puu-vaatlemine\" data-url=\"https:\/\/kliimatarkused.ut.ee\/oma-puu-vaatlemine\">Materjalid \u00f5pilasele<\/a><\/strong><\/p>\n<p dir=\"ltr\"><a href=\"https:\/\/sisu.ut.ee\/kliimatarkused\/puu-looduses-ja-loodus-puul-kooli-esimene-aste#hindamine\"><strong>Hindamine<\/strong><\/a><\/p>\n<p dir=\"ltr\"><a id=\"hindamine\"><\/a>\u00d5ppija:<\/p>\n<ul>\n<li>viib \u00f5petaja juhendamisel l\u00e4bi lihtsamaid vaatlusi ja praktilisi t\u00f6id;<\/li>\n<li>s\u00f5nastab oma meeltega saadud kogemusi, kirjeldab n\u00e4htusi ja objektide omadusi;<\/li>\n<li>kirjeldab puud, kasutades \u00f5pitud loodusteaduslikke termineid;<\/li>\n<li>kasutab andmekogumiseks (digi)tehnoloogiavahendeid;<\/li>\n<li>toob n\u00e4iteid organismide seoste kohta looduses;<\/li>\n<li>vormistab vaatlusinfot, koostab r\u00fchmat\u00f6\u00f6na puu vaatlusp\u00e4eviku.<\/li>\n<\/ul>\n<p dir=\"ltr\"><strong>Autorid<\/strong>: <a href=\"https:\/\/ut.ee\/et\/tootaja\/kaire-jogi\" target=\"_blank\" rel=\"noopener\">Kaire J\u00f5gi<\/a> ja\u00a0<a href=\"https:\/\/ut.ee\/et\/tootaja\/aigi-kikkas\" target=\"_blank\" rel=\"noopener\">Aigi Kikkas<\/a><\/p>\n<p dir=\"ltr\"><strong>\u00d5ppematerjali \u00fcldised \u00f5piv\u00e4ljudid riiklikule \u00f5ppekavale tuginedes<\/strong><\/p>\n<p dir=\"ltr\"><\/p><div class=\"accordion mb-3\">\n        <div class=\"accordion-item accordion-item--white\">\n        <h2 class=\"accordion-header\" id=\"accordion-69da78207a11d-heading\">\n            <button class=\"accordion-button collapsed\" type=\"button\" data-bs-toggle=\"collapse\" data-bs-target=\"#accordion-69da78207a11d-collapse\" aria-expanded=\"true\" aria-controls=\"accordion-69da78207a11d-collapse\"><strong>LOODUS\u00d5PETUS<\/strong><\/button>\n        <\/h2>\n        <div id=\"accordion-69da78207a11d-collapse\" class=\"accordion-collapse collapse\" aria-labelledby=\"accordion-69da78207a11d-heading\">\n            <div class=\"accordion-body\"> \u00d5ppija\n<ul dir=\"ltr\">\n<li>s\u00f5nastab oma meeltega saadud kogemusi, kirjeldab n\u00e4htusi ja objektide omadusi, kasutades \u00f5pitud loodusteaduslikke m\u00f5isteid;<\/li>\n<li>teeb \u00f5petaja juhendamisel lihtsamaid vaatlusi, praktilisi t\u00f6id ja vormistab vaatlusinfot: teeb j\u00e4reldusi ning esitleb tulemusi;<\/li>\n<li>toob n\u00e4iteid organismide seoste kohta looduses ja koostab lihtsamaid toiduahelaid;<\/li>\n<li>kasutab andmekogumiseks (digi)tehnoloogiavahendeid;<\/li>\n<li>v\u00e4\u00e4rtustab looduses viibimist ja oma kodukoha elurikkust.<\/li><\/ul><\/div>\n        <\/div>\n        <\/div>\n    <\/div>\n\n<p><\/p><div class=\"accordion mb-3\">\n        <div class=\"accordion-item accordion-item--white\">\n        <h2 class=\"accordion-header\" id=\"accordion-69da78207a124-heading\">\n            <button class=\"accordion-button collapsed\" type=\"button\" data-bs-toggle=\"collapse\" data-bs-target=\"#accordion-69da78207a124-collapse\" aria-expanded=\"true\" aria-controls=\"accordion-69da78207a124-collapse\"><strong>MATEMAATIKA<\/strong><\/button>\n        <\/h2>\n        <div id=\"accordion-69da78207a124-collapse\" class=\"accordion-collapse collapse\" aria-labelledby=\"accordion-69da78207a124-heading\">\n            <div class=\"accordion-body\"> \u00d5ppija\n<ul>\n<li>m\u00f5istab matemaatikaga seonduvat \u00fcmbritsevas elus ja kirjeldab seda arvude abil;<\/li>\n<li>leiab arvu loendamise tulemusena ja kirjutab selle numbrite abil;<\/li>\n<li>loeb ja kirjutab naturaalarve 0 \u2013 10 000; liidab ja lahutab arve peast 100 ja kirjalikult 10 000 piires; valdab korrutustabelit;<\/li>\n<li>hindab \u00fcmbruses suurusi ja oskab neid arvestada, kirjeldab m\u00f5\u00f5t\u00fchikute suurust endale tuttavate suuruste kaudu (teisendab pikkus, massi ja aja\u00fchikutega);<\/li>\n<li>hindab \u00f5petaja abiga \u00fclesande lahendamise saadud tulemuse reaalsust.<\/li><\/ul><\/div>\n        <\/div>\n        <\/div>\n    <\/div>\n\n<p><\/p><div class=\"accordion mb-3\">\n        <div class=\"accordion-item accordion-item--white\">\n        <h2 class=\"accordion-header\" id=\"accordion-69da78207a126-heading\">\n            <button class=\"accordion-button collapsed\" type=\"button\" data-bs-toggle=\"collapse\" data-bs-target=\"#accordion-69da78207a126-collapse\" aria-expanded=\"true\" aria-controls=\"accordion-69da78207a126-collapse\"><strong>EESTI KEEL JA KIRJANDUS<\/strong><\/button>\n        <\/h2>\n        <div id=\"accordion-69da78207a126-collapse\" class=\"accordion-collapse collapse\" aria-labelledby=\"accordion-69da78207a126-heading\">\n            <div class=\"accordion-body\"> \u00d5ppija\n<ul>\n<li>v\u00e4ljendab end selgelt ja asjakohaselt suuliselt ning kirjalikult;<\/li>\n<li>jutustab kuuldust, n\u00e4htust ja loetust.<\/li><\/ul><\/div>\n        <\/div>\n        <\/div>\n    <\/div>\n\n<p><\/p><div class=\"accordion mb-3\">\n        <div class=\"accordion-item accordion-item--white\">\n        <h2 class=\"accordion-header\" id=\"accordion-69da78207a128-heading\">\n            <button class=\"accordion-button collapsed\" type=\"button\" data-bs-toggle=\"collapse\" data-bs-target=\"#accordion-69da78207a128-collapse\" aria-expanded=\"true\" aria-controls=\"accordion-69da78207a128-collapse\"><strong>KUNST<\/strong><\/button>\n        <\/h2>\n        <div id=\"accordion-69da78207a128-collapse\" class=\"accordion-collapse collapse\" aria-labelledby=\"accordion-69da78207a128-heading\">\n            <div class=\"accordion-body\"> \u00d5ppija\n<ul>\n<li>kujundab, modelleerib ja meisterdab lihtsamaid esemeid;<\/li>\n<li>kasutab materjale s\u00e4\u00e4stlikult.<\/li><\/ul><\/div>\n        <\/div>\n        <\/div>\n    <\/div>\n\n","protected":false},"excerpt":{"rendered":"<p>Kellele on \u00f5ppematerjal m\u00f5eldud? Esitatud \u00f5ppematerjal\u00a0on m\u00f5eldud eelk\u00f5ige esimese kooliastme \u00f5petajatele. \u00d5ppematerjali tutvustus Materjali\u00a0eesm\u00e4rgiks on \u00f5pilastes looduse suhtes hooliva ja t\u00e4helepaneliku hoiaku kujundamine \u00fche puu ja sellega seotud organismide p\u00f5hjaliku tundma\u00f5ppimise kaudu.\u00a0\u00d5piobjektis sisalduvate \u00fclesannete lahendamine aitab \u00f5ppijatel m\u00e4rgata \u00fcmbritsevas keskkonnas &#8230;<\/p>\n","protected":false},"author":315,"featured_media":0,"parent":0,"menu_order":0,"comment_status":"closed","ping_status":"closed","template":"","meta":{"_acf_changed":false,"inline_featured_image":false,"footnotes":""},"class_list":["post-98","page","type-page","status-publish","hentry"],"acf":[],"_links":{"self":[{"href":"https:\/\/sisu.ut.ee\/kliimatarkused\/wp-json\/wp\/v2\/pages\/98","targetHints":{"allow":["GET"]}}],"collection":[{"href":"https:\/\/sisu.ut.ee\/kliimatarkused\/wp-json\/wp\/v2\/pages"}],"about":[{"href":"https:\/\/sisu.ut.ee\/kliimatarkused\/wp-json\/wp\/v2\/types\/page"}],"author":[{"embeddable":true,"href":"https:\/\/sisu.ut.ee\/kliimatarkused\/wp-json\/wp\/v2\/users\/315"}],"replies":[{"embeddable":true,"href":"https:\/\/sisu.ut.ee\/kliimatarkused\/wp-json\/wp\/v2\/comments?post=98"}],"version-history":[{"count":7,"href":"https:\/\/sisu.ut.ee\/kliimatarkused\/wp-json\/wp\/v2\/pages\/98\/revisions"}],"predecessor-version":[{"id":2656,"href":"https:\/\/sisu.ut.ee\/kliimatarkused\/wp-json\/wp\/v2\/pages\/98\/revisions\/2656"}],"wp:attachment":[{"href":"https:\/\/sisu.ut.ee\/kliimatarkused\/wp-json\/wp\/v2\/media?parent=98"}],"curies":[{"name":"wp","href":"https:\/\/api.w.org\/{rel}","templated":true}]}}