{"id":96,"date":"2024-04-04T08:41:36","date_gmt":"2024-04-04T05:41:36","guid":{"rendered":"https:\/\/sisu.ut.ee\/kliimatarkused\/kaduv-toit-lisamaterjalid\/"},"modified":"2024-05-05T14:07:17","modified_gmt":"2024-05-05T11:07:17","slug":"kaduv-toit-lisamaterjalid","status":"publish","type":"page","link":"https:\/\/sisu.ut.ee\/kliimatarkused\/kaduv-toit-lisamaterjalid\/","title":{"rendered":"3. Lisamaterjalid tunnitegevuste toetamiseks"},"content":{"rendered":"<p dir=\"ltr\"><strong><br>\nMaterjalid \u00f5pilastele<\/strong><\/p>\n<p>Toidutaimede kirjeldused \u00f5pilastele: <a href=\"https:\/\/drive.google.com\/file\/d\/1mPzefXnxf0Bj5pfP1jEQAGbWYIvNLwOe\/view?usp=drive_link\" target=\"_blank\" rel=\"noopener\">#5_Toidutaimede_kirjeldused_opilastele.pdf<\/a><br>\nT\u00f6\u00f6leht \u00f5pilastele (tr\u00fckkimiseks):\u00a0<a href=\"https:\/\/drive.google.com\/file\/d\/1hjc2ANRQiu7bOUmASNWPPfg8tCcf878L\/view?usp=sharing\" target=\"_blank\" rel=\"noopener\">#5_t\u00f6\u00f6leht.pdf<\/a><\/p>\n<p><strong>Materjalid \u00f5petajale<\/strong><\/p>\n<p dir=\"ltr\">Toidutaimede andmetabel: <a href=\"https:\/\/docs.google.com\/spreadsheets\/d\/1afMSAx8MTVKRNVIE-s1Pr5QJrMQJ4VYt9L7ZuDB1NpA\/edit?usp=drive_link\" target=\"_blank\" rel=\"noopener\">#5_Toidutaimede_koondtabel_opetajale<\/a><br>\nKasvupiirkondade infotabel ja kliimadiagrammid: <a href=\"https:\/\/drive.google.com\/file\/d\/1k-wM04FGoF5OfTihuRQIuOXofVS-ed_W\/view?usp=drive_link\" target=\"_blank\" rel=\"noopener\">#5_kasvupiirkonnad&amp;kliimadiagrammid.pdf<\/a><br>\nSlaidid materjalidega \u00f5petajal: <a href=\"https:\/\/docs.google.com\/presentation\/d\/1gsYu2HxqqEDgPTJLFtdKpM8FDpnrqAnr\/edit#slide=id.p9\" target=\"_blank\" rel=\"noopener\">#5_Slaidid_\u00f5petajale_kliima&amp;toit.pptx<\/a><br>\nSlaidid piltidega toidutaimedest: <a href=\"https:\/\/docs.google.com\/presentation\/d\/1d91kkWVf2-0TimchESBYOQjStKOsRWag\/edit?usp=drive_link&amp;ouid=117234198979700945919&amp;rtpof=true&amp;sd=true\" target=\"_blank\" rel=\"noopener\">#5_Slaidid_opetajale_fotod.pptx<\/a><\/p>\n<p><strong>T\u00e4iendav info (eesti keeles)<\/strong><\/p>\n<p>Eesti keskkonna\u00fclevaade \u2013 ilm ja kliima:<a href=\"https:\/\/keskkonnaportaal.ee\/et\/keskkonnaulevaade\/keskkonnaulevaade-ilm-ja-kliima\" target=\"_blank\" rel=\"noopener\"> https:\/\/keskkonnaportaal.ee\/et\/keskkonnaulevaade\/keskkonnaulevaade-ilm-ja-kliima<\/a><\/p>\n<p dir=\"ltr\"><strong>T\u00e4iendav info (inglise keeles)<\/strong><\/p>\n<p>FAO p\u00f5llumajandustoodangu andmebaas (graafikud, kaardid, algandmed): <a href=\"https:\/\/www.fao.org\/faostat\/en\/#data\/QCL\/visualize\" target=\"_blank\" rel=\"noopener\">https:\/\/www.fao.org\/faostat\/en\/#data\/QCL\/visualize<\/a><br>\nP\u00f5llukultuuride p\u00e4ritolu (interaktiivne kaart, seosediagrammid jne): <a href=\"https:\/\/blog.ciat.cgiar.org\/origin-of-crops\/\" target=\"_blank\" rel=\"noopener\">https:\/\/blog.ciat.cgiar.org\/origin-of-crops\/<\/a><br>\nNational Geographicu toidu p\u00e4ritolu m\u00e4ng: <a href=\"https:\/\/planetfood.education.nationalgeographic.com\/\" target=\"_blank\" rel=\"noopener\">https:\/\/planetfood.education.nationalgeographic.com\/<\/a><\/p>\n<p dir=\"ltr\" style=\"line-height: 1.38; margin-left: 36pt; margin-top: 0pt; margin-bottom: 10pt;\">\n<\/p>","protected":false},"excerpt":{"rendered":"<p>Materjalid \u00f5pilastele Toidutaimede kirjeldused \u00f5pilastele: #5_Toidutaimede_kirjeldused_opilastele.pdf T\u00f6\u00f6leht \u00f5pilastele (tr\u00fckkimiseks):\u00a0#5_t\u00f6\u00f6leht.pdf Materjalid \u00f5petajale Toidutaimede andmetabel: #5_Toidutaimede_koondtabel_opetajale Kasvupiirkondade infotabel ja kliimadiagrammid: #5_kasvupiirkonnad&amp;kliimadiagrammid.pdf Slaidid materjalidega \u00f5petajal: #5_Slaidid_\u00f5petajale_kliima&amp;toit.pptx Slaidid piltidega toidutaimedest: #5_Slaidid_opetajale_fotod.pptx T\u00e4iendav info (eesti keeles) Eesti keskkonna\u00fclevaade \u2013 ilm ja kliima: https:\/\/keskkonnaportaal.ee\/et\/keskkonnaulevaade\/keskkonnaulevaade-ilm-ja-kliima T\u00e4iendav info &#8230;<\/p>\n","protected":false},"author":315,"featured_media":0,"parent":0,"menu_order":0,"comment_status":"closed","ping_status":"closed","template":"","meta":{"_acf_changed":false,"inline_featured_image":false,"footnotes":""},"class_list":["post-96","page","type-page","status-publish","hentry"],"acf":[],"_links":{"self":[{"href":"https:\/\/sisu.ut.ee\/kliimatarkused\/wp-json\/wp\/v2\/pages\/96","targetHints":{"allow":["GET"]}}],"collection":[{"href":"https:\/\/sisu.ut.ee\/kliimatarkused\/wp-json\/wp\/v2\/pages"}],"about":[{"href":"https:\/\/sisu.ut.ee\/kliimatarkused\/wp-json\/wp\/v2\/types\/page"}],"author":[{"embeddable":true,"href":"https:\/\/sisu.ut.ee\/kliimatarkused\/wp-json\/wp\/v2\/users\/315"}],"replies":[{"embeddable":true,"href":"https:\/\/sisu.ut.ee\/kliimatarkused\/wp-json\/wp\/v2\/comments?post=96"}],"version-history":[{"count":8,"href":"https:\/\/sisu.ut.ee\/kliimatarkused\/wp-json\/wp\/v2\/pages\/96\/revisions"}],"predecessor-version":[{"id":1595,"href":"https:\/\/sisu.ut.ee\/kliimatarkused\/wp-json\/wp\/v2\/pages\/96\/revisions\/1595"}],"wp:attachment":[{"href":"https:\/\/sisu.ut.ee\/kliimatarkused\/wp-json\/wp\/v2\/media?parent=96"}],"curies":[{"name":"wp","href":"https:\/\/api.w.org\/{rel}","templated":true}]}}