{"id":73,"date":"2024-04-04T08:41:33","date_gmt":"2024-04-04T05:41:33","guid":{"rendered":"https:\/\/sisu.ut.ee\/kliimatarkused\/avaleht\/"},"modified":"2024-04-19T10:41:36","modified_gmt":"2024-04-19T07:41:36","slug":"avaleht","status":"publish","type":"page","link":"https:\/\/sisu.ut.ee\/kliimatarkused\/","title":{"rendered":"Avaleht"},"content":{"rendered":"<p>Euroopa majanduspiirkonna rahastatavas projektis <strong>\u201eKLIIMATEADLIK \u2013 Kliimateadlikkus koolist \u00fchiskonda: laste, noorte ja \u00f5petajate v\u00f5imestamine kliimamuutuste m\u00f5jude v\u00e4hendamiseks\u201c<\/strong>\u00a0keskendume\u00a0kliimahariduse edendamisele Eestis.\u00a0<\/p>\n\n\n\n<p>Sellelt kodulehelt leiate projekti <strong>KLIIMATEADLIK<\/strong> raames loodud \u00f5ppevahendid. Esimesse \u00f5ppevahendisse\u00a0<strong>\u201eKliimamuutuste ABC\u201c<\/strong>\u00a0 on kokku v\u00f5etud t\u00e4nap\u00e4evased teadusp\u00f5hised arusaamad kliimamuutustest.<\/p>\n\n\n\n<p><strong><em>R\u00f5\u00f5msat \u00f5ppimist!<\/em><\/strong><\/p>\n\n\n\n<p><a title=\"\" href=\"https:\/\/kliimateadlik.ut.ee\/\" target=\"_blank\" rel=\"noopener\" data-url=\"https:\/\/kliimateadlik.ut.ee\/\">Projekt \u201cKliimateadlikkus koolist \u00fchiskonda: laste, noorte ja \u00f5petajate v\u00f5imestamine kliimamuutuste m\u00f5jude v\u00e4hendamiseks\u201d<\/a><\/p>\n\n\n\n<hr class=\"wp-block-separator has-alpha-channel-opacity\">\n\n\n\n<p>K\u00e4esolev \u00f5ppematerjal on autorikaitse all vastavalt Eesti Vabariigi autori\u00f5iguse seadusele. \u00d5ppematerjali varalised \u00f5igused kuuluvad Tartu \u00dclikoolile,\u00a0Tallinna \u00dclikoolile, Eesti Maa\u00fclikoolile ja\u00a0Bergeni \u00dclikooli Loodusmuuseumile.\u00a0\u00d5ppematerjali on lubatud reprodutseerida, levitada ja avalikult esitada ainult \u00f5piotstarbel kui tervikut, va refereerimine ja tsiteerimine motiveeritud mahus. \u00d5ppematerjali ei ole lubatud kasutada \u00e4rilistel eesm\u00e4rkidel. \u00d5ppematerjali igakordsel kasutamisel on kasutaja kohustatud viitama \u00f5piobjekti autorile. \u00d5ppematerjali pole lubatud muuta ega\u00a0kasutada tuletatud teoste loomisel.<\/p>\n","protected":false},"excerpt":{"rendered":"<p>Euroopa majanduspiirkonna rahastatavas projektis \u201eKLIIMATEADLIK \u2013 Kliimateadlikkus koolist \u00fchiskonda: laste, noorte ja \u00f5petajate v\u00f5imestamine kliimamuutuste m\u00f5jude v\u00e4hendamiseks\u201c\u00a0keskendume\u00a0kliimahariduse edendamisele Eestis.\u00a0 Sellelt kodulehelt leiate projekti KLIIMATEADLIK raames loodud \u00f5ppevahendid. Esimesse \u00f5ppevahendisse\u00a0\u201eKliimamuutuste ABC\u201c\u00a0 on kokku v\u00f5etud t\u00e4nap\u00e4evased teadusp\u00f5hised arusaamad kliimamuutustest. R\u00f5\u00f5msat \u00f5ppimist! Projekt &#8230;<\/p>\n","protected":false},"author":315,"featured_media":0,"parent":0,"menu_order":0,"comment_status":"closed","ping_status":"closed","template":"","meta":{"_acf_changed":false,"inline_featured_image":false,"footnotes":""},"class_list":["post-73","page","type-page","status-publish","hentry"],"acf":[],"_links":{"self":[{"href":"https:\/\/sisu.ut.ee\/kliimatarkused\/wp-json\/wp\/v2\/pages\/73","targetHints":{"allow":["GET"]}}],"collection":[{"href":"https:\/\/sisu.ut.ee\/kliimatarkused\/wp-json\/wp\/v2\/pages"}],"about":[{"href":"https:\/\/sisu.ut.ee\/kliimatarkused\/wp-json\/wp\/v2\/types\/page"}],"author":[{"embeddable":true,"href":"https:\/\/sisu.ut.ee\/kliimatarkused\/wp-json\/wp\/v2\/users\/315"}],"replies":[{"embeddable":true,"href":"https:\/\/sisu.ut.ee\/kliimatarkused\/wp-json\/wp\/v2\/comments?post=73"}],"version-history":[{"count":3,"href":"https:\/\/sisu.ut.ee\/kliimatarkused\/wp-json\/wp\/v2\/pages\/73\/revisions"}],"predecessor-version":[{"id":804,"href":"https:\/\/sisu.ut.ee\/kliimatarkused\/wp-json\/wp\/v2\/pages\/73\/revisions\/804"}],"wp:attachment":[{"href":"https:\/\/sisu.ut.ee\/kliimatarkused\/wp-json\/wp\/v2\/media?parent=73"}],"curies":[{"name":"wp","href":"https:\/\/api.w.org\/{rel}","templated":true}]}}