{"id":67,"date":"2024-04-04T08:41:33","date_gmt":"2024-04-04T05:41:33","guid":{"rendered":"https:\/\/sisu.ut.ee\/kliimatarkused\/6-osa-oppematerjali-kasutamine-tunnis\/"},"modified":"2024-06-18T11:29:44","modified_gmt":"2024-06-18T08:29:44","slug":"6-osa-oppematerjali-kasutamine-tunnis","status":"publish","type":"page","link":"https:\/\/sisu.ut.ee\/kliimatarkused\/6-osa-oppematerjali-kasutamine-tunnis\/","title":{"rendered":"6. osa: \u00d5ppematerjali kasutamine \u00f5pilastega tunnis"},"content":{"rendered":"<hr>\n<p><strong>6.1 \u00d5ppematerjali kasutamine koos \u00f5pilastega<\/strong><\/p>\n<p>\u00d5ppematerjal on suunatud esimese sammuna k\u00fcll rohkem \u00f5petajale (1.-5. peat\u00fckk), kuid \u00f5pilastega koos saab j\u00e4rgmise sammuna l\u00e4bida ka k\u00f5iki k\u00e4sitletud teemasid.<\/p>\n<p><strong>1. Kliima ja elurikkuse teema (1. osa).<\/strong> \u00d5pilastega koos saab sarnaselt \u00f5petaja \u00fclesannetele t\u00f6\u00f6tada l\u00e4bi esimese osa ning m\u00f5telda, mida teavad nemad juba kliima ja elurikkuse seoste kohta. Vt lisaks \u00f5pilastele m\u00f5eldud materjali <a href=\"https:\/\/drive.google.com\/file\/d\/1RpG3YT0maGaiNA86EjLXWcsWZ3sP6tZS\/view\" target=\"_blank\" rel=\"noopener\">siit.<\/a><\/p>\n<p><strong>2. Avastusrada (3. ja 4. osa).<\/strong> \u00d5pilastega koos saab \u00f5petaja teha l\u00e4bi k\u00fcsimustepanga abil koostatud soovitud teemal raja ning arutada selle sisu ja \u00f5ppimiskohti.<\/p>\n<p><strong>3. Sisukad k\u00fcsimused (2. osa).<\/strong> \u00d5pilaste \u00f5pip\u00e4devuse ja \u00f5ppimisest teadlikkuse suurendamiseks saab \u00f5pilastega arutleda ka sisukate k\u00fcsimuste teema \u00fcle. Selleks saab \u00f5pilastel paluda n\u00e4iteks meeskondades m\u00f5telda v\u00e4lja m\u00f5ned sisukad k\u00fcsimused elurikkuse ja kliima seoste kohta. Vt lisaks \u00f5pilastele m\u00f5eldud materjali <a href=\"https:\/\/drive.google.com\/file\/d\/1RpG3YT0maGaiNA86EjLXWcsWZ3sP6tZS\/view\" target=\"_blank\" rel=\"noopener\">siit.<\/a><\/p>\n<p>\u00d5pilastega teemade k\u00e4sitlemiseks saab soovi korral kasutada ka j\u00e4rgnevat <strong><a href=\"https:\/\/docs.google.com\/presentation\/d\/1_f14tUZEEU2D7qysJPWEEbVVQsgcdY0X\/edit?usp=sharing&amp;ouid=104414769259048625823&amp;rtpof=true&amp;sd=true\" target=\"_blank\" rel=\"noopener\">slaidistikku:<\/a><\/strong><\/p>\n<p>Slaidistiku kasutamist toetab j\u00e4rgnev n\u00e4idiseks toodud tunnijaotuskava.<\/p>\n<div dir=\"ltr\" style=\"margin-left: 0pt;\" align=\"left\">\n<table class=\"table table-hover\" style=\"border: solid#0000001pt; border-collapse: collapse;\">\n<colgroup>\n<col width=\"168\">\n<col width=\"432\"> <\/colgroup>\n<tbody>\n<tr style=\"height: 0pt;\">\n<td style=\"border: solid#0000001pt;\">\n<p dir=\"ltr\" style=\"margin-top: 0pt; margin-bottom: 0pt; padding: 5pt5pt5pt5pt;\"><span style=\"line-height: 1.2;\"><span style=\"vertical-align: top;\"><span style=\"overflow: hidden;\"><span style=\"color: #202124;\"><span style=\"background-color: #ffffff;\"><span style=\"font-weight: bold;\"><span style=\"vertical-align: baseline;\">Tund<\/span><\/span><\/span><\/span><\/span><\/span><\/span><\/p>\n<\/td>\n<td style=\"border: solid#0000001pt;\">\n<p dir=\"ltr\" style=\"margin-top: 0pt; margin-bottom: 0pt; padding: 5pt5pt5pt5pt;\"><span style=\"line-height: 1.2;\"><span style=\"vertical-align: top;\"><span style=\"overflow: hidden;\"><span style=\"color: #202124;\"><span style=\"background-color: #ffffff;\"><span style=\"font-weight: bold;\"><span style=\"vertical-align: baseline;\">Tegevuste kirjeldus<\/span><\/span><\/span><\/span><\/span><\/span><\/span><\/p>\n<\/td>\n<\/tr>\n<tr style=\"height: 0pt;\">\n<td style=\"border: solid#0000001pt;\">\n<p dir=\"ltr\" style=\"margin-top: 0pt; margin-bottom: 0pt; padding: 5pt5pt5pt5pt;\"><span style=\"line-height: 1.2;\"><span style=\"vertical-align: top;\"><span style=\"overflow: hidden;\"><span style=\"color: #202124;\"><span style=\"font-weight: bold;\"><span style=\"vertical-align: baseline;\">1. tund (45 min):<\/span><\/span><\/span><span style=\"color: #202124;\"><span style=\"vertical-align: baseline;\"> Sissejuhatus elurikkuse ja kliima teemasse.<\/span><\/span><\/span><\/span><\/span><\/p>\n<\/td>\n<td style=\"border: solid#0000001pt;\">\n<hr>\n<p dir=\"ltr\" style=\"margin-top: 0pt; margin-bottom: 0pt; padding: 5pt5pt5pt5pt;\"><span style=\"line-height: 1.2;\"><span style=\"vertical-align: top;\"><span style=\"overflow: hidden;\"><span style=\"color: #202124;\"><span style=\"vertical-align: baseline;\">K\u00e4esolevas tunnis l\u00e4bitakse jooksvalt <\/span><\/span><a style=\"text-decoration: none;\" href=\"https:\/\/docs.google.com\/presentation\/d\/1_f14tUZEEU2D7qysJPWEEbVVQsgcdY0X\/edit?usp=sharing&amp;ouid=104414769259048625823&amp;rtpof=true&amp;sd=true\" target=\"_blank\" rel=\"noopener\"><span style=\"color: #1155cc;\"><span style=\"text-decoration: underline;\"><span style=\"vertical-align: baseline;\">slaidid<\/span><\/span><\/span><\/a><span style=\"color: #202124;\"><span style=\"vertical-align: baseline;\"> 1-12.<\/span><\/span><\/span><\/span><\/span><\/p>\n<p dir=\"ltr\" style=\"margin-top: 0pt; margin-bottom: 0pt; padding: 5pt5pt5pt5pt;\"><span style=\"line-height: 1.2;\"><span style=\"vertical-align: top;\"><span style=\"overflow: hidden;\"><span style=\"color: #202124;\"><span style=\"vertical-align: baseline;\">Teemade k\u00e4sitlemist toetab \u00f5piobjektist <a href=\"https:\/\/sisu.ut.ee\/kliimatarkused\/1-osa-kliimamuutused-ja-elurikkus\/\" target=\"_blank\" rel=\"noopener\">1. osa: Kliimamuutused ja elurikkus. Elurikkuse m\u00f5iste<\/a><\/span><\/span><\/span><\/span><\/span><\/p>\n<p dir=\"ltr\" style=\"margin-top: 0pt; margin-bottom: 0pt; padding: 5pt5pt5pt5pt;\"><span style=\"line-height: 1.2;\"><span style=\"vertical-align: top;\"><span style=\"overflow: hidden;\"><span style=\"color: #202124;\"><span style=\"vertical-align: baseline;\">15-20 min. Teemat avav arutelu \u00f5pilastega kliimamuutuste ja elurikkuse teemadel (slaid 3-6). <\/span><\/span><span style=\"color: #202124;\"><span style=\"font-style: italic;\"><span style=\"vertical-align: baseline;\">Saab alustada kliima teemast ja siis liikuda edasi elurikkuse juurde v\u00f5i siis k\u00e4sitleda neid koos andes kohe vastata kokku 2 k\u00fcsimust.<\/span><\/span><\/span> <span style=\"color: #202124;\"><span style=\"font-style: italic;\"><span style=\"vertical-align: baseline;\">On oluline, et \u00f5pilased saaksid k\u00f5igepealt kas siis iseseisvalt v\u00f5i paarilisega p\u00fc\u00fcda vastata k\u00fcsimustele ning siis v\u00f5rrelda enda vastuseid infoga, mida on kokku pannud teadlased ning esitatud slaididel graafiliselt.<\/span><\/span><\/span><\/span><\/span><\/span><\/p>\n<p dir=\"ltr\" style=\"margin-top: 0pt; margin-bottom: 0pt; padding: 5pt5pt5pt5pt;\"><span style=\"line-height: 1.2;\"><span style=\"vertical-align: top;\"><span style=\"overflow: hidden;\"><span style=\"color: #202124;\"><span style=\"vertical-align: baseline;\">15-20 min. Elurikkuse teemade t\u00e4psustav k\u00e4sitlemine (slaid 7-10). <\/span><\/span><span style=\"color: #202124;\"><span style=\"font-style: italic;\"><span style=\"vertical-align: baseline;\">\u00d5pilased tutvuvad elurikkuse erinevate definitsioonidega, mis on slaidil ning vastavad k\u00fcsimustele (slaid 10). K\u00fcsimustele vastamiseks v\u00f5ivad \u00f5pilased minna korraks \u00f5ue v\u00f5i siis vaadata v\u00e4lja v\u00f5imalusel klassi aknast.<\/span><\/span><\/span><\/span><\/span><\/span><\/p>\n<p dir=\"ltr\" style=\"margin-top: 0pt; margin-bottom: 0pt; padding: 5pt5pt5pt5pt;\"><span style=\"line-height: 1.2;\"><span style=\"vertical-align: top;\"><span style=\"overflow: hidden;\"><span style=\"color: #202124;\"><span style=\"vertical-align: baseline;\">5-10 min. Kokkuv\u00f5ttev arutelu. <\/span><\/span><span style=\"color: #202124;\"><span style=\"font-style: italic;\"><span style=\"vertical-align: baseline;\">\u00d5pilastel saab paluda n\u00e4iteks k\u00f5igepealt iseseisvalt m\u00e4rkida \u00fcles tunnis l\u00e4bitu p\u00f5hjal, et kuidas v\u00f5iksid olla seotud elurikkus ja kliimamuutused ning siis paluda m\u00f5nel \u00f5pilased enda vastuseid jagada, et koos arutada. Selle teemaga minnakse edasi j\u00e4rgmisel tunnil Avastusraja rakenduse kaudu. <\/span><\/span><\/span><\/span><\/span><\/span><\/p>\n<\/td>\n<\/tr>\n<tr style=\"height: 0pt;\">\n<td style=\"border: solid#0000001pt;\">\n<p dir=\"ltr\" style=\"margin-top: 0pt; margin-bottom: 0pt; padding: 5pt5pt5pt5pt;\"><span style=\"line-height: 1.2;\"><span style=\"vertical-align: top;\"><span style=\"overflow: hidden;\"><span style=\"color: #202124;\"><span style=\"font-weight: bold;\"><span style=\"vertical-align: baseline;\">2. tund (45 min): <\/span><\/span><\/span><span style=\"color: #202124;\"><span style=\"vertical-align: baseline;\">Teemakohase avastusraja l\u00e4bimine.<\/span><\/span><\/span><\/span><\/span><\/p>\n<\/td>\n<td style=\"border: solid#0000001pt;\">\n<hr>\n<p dir=\"ltr\" style=\"margin-top: 0pt; margin-bottom: 0pt; padding: 5pt5pt5pt5pt;\"><span style=\"line-height: 1.2;\"><span style=\"vertical-align: top;\"><span style=\"overflow: hidden;\"><span style=\"color: #202124;\"><span style=\"vertical-align: baseline;\">K\u00e4esolevas tunnis l\u00e4bitakse jooksvalt <\/span><\/span><a style=\"text-decoration: none;\" href=\"https:\/\/docs.google.com\/presentation\/d\/1_f14tUZEEU2D7qysJPWEEbVVQsgcdY0X\/edit?usp=sharing&amp;ouid=104414769259048625823&amp;rtpof=true&amp;sd=true\"><span style=\"color: #1155cc;\"><span style=\"text-decoration: underline;\"><span style=\"vertical-align: baseline;\">slaidid<\/span><\/span><\/span><\/a><span style=\"color: #202124;\"><span style=\"vertical-align: baseline;\"> 13-16. <\/span><\/span><\/span><\/span><\/span><\/p>\n<p dir=\"ltr\" style=\"margin-top: 0pt; margin-bottom: 0pt; padding: 5pt5pt5pt5pt;\"><span style=\"line-height: 1.2;\"><span style=\"vertical-align: top;\"><span style=\"overflow: hidden;\"><span style=\"color: #202124;\"><span style=\"vertical-align: baseline;\">Teemade k\u00e4sitlemist toetab \u00f5piobjektist <a href=\"https:\/\/sisu.ut.ee\/kliimatarkused\/4-osa-avastusraja-rakendus\/\" target=\"_blank\" rel=\"noopener\">4. osa: Avastusraja rakendus<\/a><\/span><\/span><\/span><\/span><\/span><\/p>\n<p dir=\"ltr\" style=\"margin-top: 0pt; margin-bottom: 0pt; padding: 5pt5pt5pt5pt;\"><span style=\"line-height: 1.2;\"><span style=\"vertical-align: top;\"><span style=\"overflow: hidden;\"><span style=\"color: #202124;\"><span style=\"vertical-align: baseline;\">10-15 min. Avastusraja rakenduse tutvustamine \u00f5pilastele (slaid 13-16). <\/span><\/span><span style=\"color: #202124;\"><span style=\"font-style: italic;\"><span style=\"vertical-align: baseline;\">Tutvustada \u00f5pilastele rakendust ja selle kasutamist sh tihedamini ettetulevaid muresid. <\/span><\/span><\/span><\/span><\/span><\/span><\/p>\n<p dir=\"ltr\" style=\"margin-top: 0pt; margin-bottom: 0pt; padding: 5pt5pt5pt5pt;\"><span style=\"line-height: 1.2;\"><span style=\"vertical-align: top;\"><span style=\"overflow: hidden;\"><span style=\"color: #202124;\"><span style=\"vertical-align: baseline;\">15-30 min. Avastusraja l\u00e4bimine. https:\/\/kool.avastusrada.ee\/k\/seemik\/elurikkus-ja-kliima-minu-koolis\/enter <\/span><\/span><\/span><\/span><\/span><\/p>\n<p dir=\"ltr\" style=\"margin-top: 0pt; margin-bottom: 0pt; padding: 5pt5pt5pt5pt;\"><span style=\"line-height: 1.2;\"><span style=\"vertical-align: top;\"><span style=\"overflow: hidden;\"><span style=\"color: #202124;\"><span style=\"font-style: italic;\"><span style=\"vertical-align: baseline;\">N\u00e4idiseks toodud rada saab l\u00e4bida nii klassiruumis olles kui ka \u00f5ues ning selle keskmine l\u00e4bimise aeg on 20 minutit. Selleks peaks raja kopeerima videojuhise (<a href=\"https:\/\/youtu.be\/BHsoiqgSpyc\" target=\"_blank\" rel=\"noopener\">https:\/\/youtu.be\/BHsoiqgSpyc<\/a>) <\/span><\/span><\/span><\/span><\/span><\/span><span style=\"line-height: 1.2;\"><span style=\"vertical-align: top;\"><span style=\"overflow: hidden;\"><span style=\"color: #202124;\"><span style=\"font-style: italic;\"><span style=\"vertical-align: baseline;\">j\u00e4rgi enda kooli \u00fcmbrusesse leides sobivad punktid. Klassiruumis l\u00e4bides \u00f5pilased k\u00fcll ei liigu looduses ringi, kuid saavad siiski kogemuse k\u00fcsimustele vastates. Samuti saab luua ise enda raja, mida \u00f5pilastega l\u00e4bida p\u00fc\u00fcdes sealjuures j\u00e4lgida, et raja punktide asukoht toetaks k\u00fcsimustele vastamist ning oleks v\u00f5imalusel seotud k\u00fcsimuste sisuga.<\/span><\/span><\/span><\/span><\/span><\/span><\/p>\n<p dir=\"ltr\" style=\"margin-top: 0pt; margin-bottom: 0pt; padding: 5pt5pt5pt5pt;\">\u00dche kohandusena on v\u00f5imalik n\u00e4idisrada l\u00e4bida klassiruumis ka n\u00f6 jaamade meetodil ilma nutiseadmeta. Selleks tuleks \u00f5pilased jaotada meeskonadesse, asetada erinevatele laudadele k\u00fcsimused ning paluda \u00f5pilastel l\u00e4bida koos arutades k\u00f5ik jaamad. K\u00fcsimused leiab k\u00fcsimustepanga lehe lingilt 2. alamlehelt: <a href=\"https:\/\/docs.google.com\/spreadsheets\/d\/1smU0-cOrMST9VgdYAetKz10nxMl8Qfo3rvlbc5UN6FE\/edit?usp=sharing\" target=\"_blank\" rel=\"noopener\">https:\/\/docs.google.com\/spreadsheets\/d\/1smU0-cOrMST9VgdYAetKz10nxMl8Qfo3rvlbc5UN6FE\/edit?usp=sharing<\/a><\/p>\n<\/td>\n<\/tr>\n<tr style=\"height: 0pt;\">\n<td style=\"border: solid#0000001pt;\">\n<p dir=\"ltr\" style=\"margin-top: 0pt; margin-bottom: 0pt; padding: 5pt5pt5pt5pt;\"><span style=\"line-height: 1.2;\"><span style=\"vertical-align: top;\"><span style=\"overflow: hidden;\"><span style=\"color: #202124;\"><span style=\"font-weight: bold;\"><span style=\"vertical-align: baseline;\">3. tund (45 min): <\/span><\/span><\/span><span style=\"color: #202124;\"><span style=\"vertical-align: baseline;\">Kinnistav arutelu ja\/v\u00f5i tegevus<\/span><\/span><\/span><\/span><\/span><\/p>\n<\/td>\n<td style=\"border: solid#0000001pt;\">\n<hr>\n<p dir=\"ltr\" style=\"margin-top: 0pt; margin-bottom: 0pt; padding: 5pt5pt5pt5pt;\"><span style=\"line-height: 1.2;\"><span style=\"vertical-align: top;\"><span style=\"overflow: hidden;\"><span style=\"color: #202124;\"><span style=\"vertical-align: baseline;\">K\u00e4esolevas tunnis l\u00e4bitakse jooksvalt <\/span><\/span><a style=\"text-decoration: none;\" href=\"https:\/\/docs.google.com\/presentation\/d\/1_f14tUZEEU2D7qysJPWEEbVVQsgcdY0X\/edit?usp=sharing&amp;ouid=104414769259048625823&amp;rtpof=true&amp;sd=true\"><span style=\"color: #1155cc;\"><span style=\"text-decoration: underline;\"><span style=\"vertical-align: baseline;\">slaidid<\/span><\/span><\/span><\/a><span style=\"color: #202124;\"><span style=\"vertical-align: baseline;\"> 24-29. <\/span><\/span><\/span><\/span><\/span><\/p>\n<p dir=\"ltr\" style=\"margin-top: 0pt; margin-bottom: 0pt; padding: 5pt5pt5pt5pt;\"><span style=\"line-height: 1.2;\"><span style=\"vertical-align: top;\"><span style=\"overflow: hidden;\"><span style=\"color: #202124;\"><span style=\"vertical-align: baseline;\">Teemade k\u00e4sitlemist toetab \u00f5piobjektist <a href=\"https:\/\/sisu.ut.ee\/kliimatarkused\/2-osa-kusimused\/\" target=\"_blank\" rel=\"noopener\">2. osa: Kuidas aitavad k\u00fcsimused kaasa t\u00f5husale \u00f5ppimisele?<\/a><\/span><\/span><\/span><\/span><\/span><\/p>\n<p dir=\"ltr\" style=\"margin-top: 0pt; margin-bottom: 0pt; padding: 5pt5pt5pt5pt;\"><span style=\"line-height: 1.2;\"><span style=\"vertical-align: top;\"><span style=\"overflow: hidden;\"><span style=\"color: #202124;\"><span style=\"vertical-align: baseline;\">Viimast tundi saab lahendada erinevalt vastavalt valitavale fookusele. \u00dcheks v\u00f5imaluseks on siduda teemad enda \u00f5petatava ainega rakendades teadmisi uudses kontektis. N\u00e4iteks kunsti\u00f5petuses maalida-joonistada elurikast ja v\u00e4hem elurikast piirkonda. Soovides minna edasi n\u00e4idiseks toodud slaididega on v\u00f5imalus k\u00e4sitleda \u00f5pilastega \u00f5ppimist toetavate k\u00fcsimuste teemat, et \u00f5pitut uues kontekstis rakendada. Selleks saab toimida j\u00e4rgmiselt.<\/span><\/span><\/span><\/span><\/span><\/p>\n<p dir=\"ltr\" style=\"margin-top: 0pt; margin-bottom: 0pt; padding: 5pt5pt5pt5pt;\"><span style=\"line-height: 1.2;\"><span style=\"vertical-align: top;\"><span style=\"overflow: hidden;\"><span style=\"color: #202124;\"><span style=\"vertical-align: baseline;\">10-15 min. Eelnevate tundide meenutamine. Teemakohaste k\u00fcsimuste esitamine (slaid 23). <\/span><\/span><span style=\"color: #202124;\"><span style=\"font-style: italic;\"><span style=\"vertical-align: baseline;\">K\u00fcsimusi v\u00f5ib esitada nii \u00fcksinda, kui ka paaris- v\u00f5i grupit\u00f6\u00f6na. <\/span><\/span><\/span><\/span><\/span><\/span><\/p>\n<p dir=\"ltr\" style=\"margin-top: 0pt; margin-bottom: 0pt; padding: 5pt5pt5pt5pt;\"><span style=\"line-height: 1.2;\"><span style=\"vertical-align: top;\"><span style=\"overflow: hidden;\"><span style=\"color: #202124;\"><span style=\"vertical-align: baseline;\">15-20 min<\/span><\/span><span style=\"color: #202124;\"><span style=\"font-style: italic;\"><span style=\"vertical-align: baseline;\">. <\/span><\/span><\/span><span style=\"color: #202124;\"><span style=\"vertical-align: baseline;\">Arutelu esitatud k\u00fcsimuste teemal. <\/span><\/span><span style=\"color: #202124;\"><span style=\"font-style: italic;\"><span style=\"vertical-align: baseline;\">N\u00e4iteks saab paluda \u00f5pilastel panna k\u00fcsimused m\u00e4rkmepaberitele ning tuua need k\u00f5ik tahvlile ja hakata k\u00f5ik koos k\u00fcsimusi grupeerima ja neile vastama. <\/span><\/span><\/span><\/span><\/span><\/span><\/p>\n<p dir=\"ltr\" style=\"margin-top: 0pt; margin-bottom: 0pt; padding: 5pt5pt5pt5pt;\"><span style=\"line-height: 1.2;\"><span style=\"vertical-align: top;\"><span style=\"overflow: hidden;\"><span style=\"color: #202124;\"><span style=\"vertical-align: baseline;\">15 min<\/span><\/span><span style=\"color: #202124;\"><span style=\"vertical-align: baseline;\">. <\/span><\/span><span style=\"color: #202124;\"><span style=\"vertical-align: baseline;\">S\u00fcgavamat \u00f5ppimist toetavad k\u00fcsimused (slaid 24-28). <\/span><\/span><span style=\"color: #202124;\"><span style=\"font-style: italic;\"><span style=\"vertical-align: baseline;\">Soovides linkida teemadega ka \u00f5pip\u00e4devuse elemente saab \u00f5pilastega arutada erinevate k\u00fcsimuste t\u00f5hususe \u00fcle. K\u00fcsimuste k\u00fcsimine aitab ka \u00f5pilastel endil teemasid paremini meelde j\u00e4tta. Slaide v\u00f5ib k\u00e4sitleda valikuliselt. <\/span><\/span><\/span><\/span><\/span><\/span><\/p>\n<\/td>\n<\/tr>\n<\/tbody>\n<\/table>\n<\/div>\n<p style=\"text-align: justify;\"><\/p><div class=\"accordion mb-3\">\n        <div class=\"accordion-item accordion-item--white\">\n        <h2 class=\"accordion-header\" id=\"accordion-69da7820975c2-heading\">\n            <button class=\"accordion-button collapsed\" type=\"button\" data-bs-toggle=\"collapse\" data-bs-target=\"#accordion-69da7820975c2-collapse\" aria-expanded=\"true\" aria-controls=\"accordion-69da7820975c2-collapse\"><strong>K\u00fcsimusi\u00a0\u00f5pilaste hindamiseks<\/strong><\/button>\n        <\/h2>\n        <div id=\"accordion-69da7820975c2-collapse\" class=\"accordion-collapse collapse\" aria-labelledby=\"accordion-69da7820975c2-heading\">\n            <div class=\"accordion-body\"> All on toodud k\u00fcsimusi, mida saab kasutada \u00f5pilaste (2. ja 3. kooliastme) kliimateadlikkuse hindamiseks. Need sisulised k\u00fcsimused sobivad n\u00e4iteks tagasipeegeldamise eesm\u00e4rgil, kasutada arutelu juhtimiseks, teha tagasivaatav kokkuv\u00f5te \u00f5piobjektist v\u00f5i hindamisvahendina \u00f5ppeprogrammi siseselt.\n<p style=\"text-align: justify;\">1. Mis sa arvad kuidas tunnis tutvustatud teema oli seotud kliimamuutustega?<br>\n2. Mida uut sa t\u00e4na tunnis kliima kohta teada said?<br>\n3. Mida halba kliimamuutus v\u00f5ib kaasa tuua?<br>\n4. Kirjelda, kuidas tunned \u00e4ra, et tegemist on liigilise elurikkuse osas n\u00f6 hea piirkonnaga?<br>\n5. Mida t\u00e4hendab ja kuidas paistab v\u00e4lja \u00f6kos\u00fcsteemide elurikkus?<br>\n6. Kirjelda, miks on oluline looduses ka geneetilise elurikkuse olemasolu.<br>\n7. Too n\u00e4ide enda \u00fcmbrusest, kus kahtlustad, et tegemist ei ole elurikka piirkonnaga. P\u00f5hjenda, Miks Sa nii arvad?<br>\n8. Kuidas v\u00f5ib liikide kadumine m\u00f5jutada Sinu toidulauda?<br>\n9. Uuringutest teame, et erinevatest inimeste poolt p\u00f5hjustatud teguritest on elurikkusele seni k\u00f5ige kehvemini m\u00f5junud maa kasutamise muutustest tingitud elupaikade kadu. Kirjelda, mida see t\u00e4hendab ja kas m\u00e4rkad midagi sellele viitavat ka enda \u00fcmbruses?<br>\n10. Kuidas saad Sina hoida elurikkust?<br>\n<\/p><\/div>\n        <\/div>\n        <\/div>\n    <\/div>\n","protected":false},"excerpt":{"rendered":"<p>6.1 \u00d5ppematerjali kasutamine koos \u00f5pilastega \u00d5ppematerjal on suunatud esimese sammuna k\u00fcll rohkem \u00f5petajale (1.-5. peat\u00fckk), kuid \u00f5pilastega koos saab j\u00e4rgmise sammuna l\u00e4bida ka k\u00f5iki k\u00e4sitletud teemasid. 1. Kliima ja elurikkuse teema (1. osa). \u00d5pilastega koos saab sarnaselt \u00f5petaja \u00fclesannetele t\u00f6\u00f6tada &#8230;<\/p>\n","protected":false},"author":315,"featured_media":0,"parent":0,"menu_order":0,"comment_status":"closed","ping_status":"closed","template":"","meta":{"_acf_changed":false,"inline_featured_image":false,"footnotes":""},"class_list":["post-67","page","type-page","status-publish","hentry"],"acf":[],"_links":{"self":[{"href":"https:\/\/sisu.ut.ee\/kliimatarkused\/wp-json\/wp\/v2\/pages\/67","targetHints":{"allow":["GET"]}}],"collection":[{"href":"https:\/\/sisu.ut.ee\/kliimatarkused\/wp-json\/wp\/v2\/pages"}],"about":[{"href":"https:\/\/sisu.ut.ee\/kliimatarkused\/wp-json\/wp\/v2\/types\/page"}],"author":[{"embeddable":true,"href":"https:\/\/sisu.ut.ee\/kliimatarkused\/wp-json\/wp\/v2\/users\/315"}],"replies":[{"embeddable":true,"href":"https:\/\/sisu.ut.ee\/kliimatarkused\/wp-json\/wp\/v2\/comments?post=67"}],"version-history":[{"count":14,"href":"https:\/\/sisu.ut.ee\/kliimatarkused\/wp-json\/wp\/v2\/pages\/67\/revisions"}],"predecessor-version":[{"id":3039,"href":"https:\/\/sisu.ut.ee\/kliimatarkused\/wp-json\/wp\/v2\/pages\/67\/revisions\/3039"}],"wp:attachment":[{"href":"https:\/\/sisu.ut.ee\/kliimatarkused\/wp-json\/wp\/v2\/media?parent=67"}],"curies":[{"name":"wp","href":"https:\/\/api.w.org\/{rel}","templated":true}]}}