{"id":66,"date":"2024-04-04T08:41:33","date_gmt":"2024-04-04T05:41:33","guid":{"rendered":"https:\/\/sisu.ut.ee\/kliimatarkused\/5-osa-avastusraja-kasutamine\/"},"modified":"2024-05-05T20:23:09","modified_gmt":"2024-05-05T17:23:09","slug":"5-osa-avastusraja-kasutamine","status":"publish","type":"page","link":"https:\/\/sisu.ut.ee\/kliimatarkused\/5-osa-avastusraja-kasutamine\/","title":{"rendered":"5. osa: Avastusraja kasutamine p\u00f5hikooli II kooliastmes"},"content":{"rendered":"<hr>\n<p dir=\"ltr\" style=\"margin-top: 0pt; margin-bottom: 0pt;\"><strong>5.1 Elurikkuse ja kliima seoste kajastamine ja Avastusraja kasutamine p\u00f5hikooli II kooliastmes<\/strong><span style=\"color: #000000;\"><span style=\"line-height: 1.38;\"><span style=\"vertical-align: baseline;\"><strong><br>\n<\/strong><br>\nOled n\u00fc\u00fcdseks tutvunud nii Avastusraja rakenduse, t\u00f5husate k\u00fcsimuste esitamise kui ka elurikkuse ja kliima teemadega. Eelnevalt toodud n\u00e4idisk\u00fcsimused ja teemaalgatused olid sobilikud samal kujul kasutamiseks pigem p\u00f5hikooli III kooliastme \u00f5pilastele, kuid siin saad m\u00f5telda, et milliseid kohandusi oleks tarvis teha II kooliastme jaoks.<br>\n<\/span><\/span><\/span><\/p>\n<p><span style=\"color: #000000;\"><br>\nKui \u00f5petad II kooliastmes, siis m\u00f5tiskle alustuseks, mis v\u00f5iks olla Sinu arvates hea teemafookus elurikkuse ja kliima teema kajastamiseks Sinu ainetundides?<\/span><span style=\"color: #000000;\"> \u00a0<\/span><\/p>\n<hr>\n<p dir=\"ltr\" style=\"margin-top: 0pt; margin-bottom: 0pt;\"><strong>5.2 Millised fookused v\u00f5iksid olla teemade k\u00e4sitlemisel II kooliastmes?<\/strong><span style=\"color: #000000;\"><span style=\"line-height: 1.38;\"><span style=\"font-weight: bold;\"><span style=\"vertical-align: baseline;\"><br>\n<\/span><\/span><\/span><\/span><span style=\"color: #000000;\"> \u00a0<\/span><\/p>\n<p dir=\"ltr\" style=\"margin-top: 0pt; margin-bottom: 0pt;\"><span style=\"color: #000000;\"><span style=\"line-height: 1.38;\"><span style=\"vertical-align: baseline;\">Elurikkuse ja kliima teemade k\u00e4sitlemisel II kooliastmes tuleks arvestada sellega, et \u00f5pilastel ei ole t\u00f5en\u00e4oliselt veel vajalikke eelteadmisi (mida ei pruugi neil olla ka III kooliastmes) keerukatest seostest ja m\u00f5istetest, kuid igati kohane on nendega k\u00e4sitleda uusi teemasid, kus nad saavad m\u00f5telda selle valdkonna olulisuse peale. N\u00e4iteks sobivaks fookuseks saab olla funktsionaalne elurikkus, kus \u00f5pilased saavad m\u00f5testada seda, kuidas liigid on omavahel seotud ning n\u00e4idete varal ka m\u00f5tiskleda selle \u00fcle, et kuidas see k\u00f5ik meid \u00fcmbritsevat (sh kliimat) m\u00f5jutab. Lisaks oleks sobiv ka k\u00e4sitleda \u00fcldisemalt n\u00f6 koost\u00f6\u00f6 ja koos eksisteerimise vajalikkust. N\u00e4iteks keda-mida vajavad taimed enda \u00fcmber, et ellu j\u00e4\u00e4da? (nt vaata enda k\u00f5rval kasvavat puud, kellega koos ta siin elab ja kellega koost\u00f6\u00f6d teeb?). <\/span><span style=\"background-color: #ffffff;\"><span style=\"vertical-align: baseline;\">K\u00f5ige selle eesm\u00e4rk saab olla elus\u00fcsteemi rikkuse vajalikkuse mudeldamine.<\/span><\/span><\/span><\/span><\/p>\n<p dir=\"ltr\" style=\"margin-top: 0pt; margin-bottom: 0pt;\">Vaata uuesti loodud k\u00fcsimuste panka ning m\u00f5tiskle, millised k\u00fcsimused v\u00f5iksid sobida kasutamiseks II kooliastmes?<\/p>\n<div><strong><strong><strong><br>\nLiigu edasi \u00f5ppematerjali teiste peat\u00fckkide juurde:\n<p><\/p><\/strong><\/strong><\/strong><\/div>\n<div>\n<p><a title=\"\" href=\"https:\/\/sisu.ut.ee\/kliimatarkused\/1-osa-kliimamuutused-ja-elurikkus\" target=\"_blank\" rel=\"noopener\" data-url=\"https:\/\/sisu.ut.ee\/kliimatarkused\/1-osa-kliimamuutused-ja-elurikkus\">1. osa: Kliimamuutused ja elurikkus. Elurikkuse m\u00f5iste<\/a><br>\n<a title=\"\" href=\"https:\/\/sisu.ut.ee\/kliimatarkused\/2-osa-kusimused\" target=\"_blank\" rel=\"noopener\" data-url=\"https:\/\/sisu.ut.ee\/kliimatarkused\/2-osa-kusimused\">2. osa: Kuidas aitavad k\u00fcsimused kaasa t\u00f5husale \u00f5ppimisele?<\/a><br>\n<a title=\"\" href=\"https:\/\/sisu.ut.ee\/kliimatarkused\/3-osa-nutivahendid\" target=\"_blank\" rel=\"noopener\" data-url=\"https:\/\/sisu.ut.ee\/kliimatarkused\/3-osa-nutivahendid\">3. osa: Kuidas aitavad nutivahendid t\u00f5husalt \u00f5petada?<\/a><br>\n<a title=\"\" href=\"https:\/\/sisu.ut.ee\/kliimatarkused\/5-osa-avastusraja-kasutamine\" target=\"_blank\" rel=\"noopener\" data-url=\"https:\/\/sisu.ut.ee\/kliimatarkused\/5-osa-avastusraja-kasutamine\">5. osa: Avastusraja kasutamine p\u00f5hikooli II kooliastmes<\/a><br>\n<a title=\"\" href=\"https:\/\/sisu.ut.ee\/kliimatarkused\/6-osa-oppematerjali-kasutamine-tunnis\" target=\"_blank\" rel=\"noopener\" data-url=\"https:\/\/sisu.ut.ee\/kliimatarkused\/6-osa-oppematerjali-kasutamine-tunnis\">6. osa: \u00d5piobjekti kasutamine \u00f5pilastega<\/a><\/p>\n<\/div>\n","protected":false},"excerpt":{"rendered":"<p>5.1 Elurikkuse ja kliima seoste kajastamine ja Avastusraja kasutamine p\u00f5hikooli II kooliastmes Oled n\u00fc\u00fcdseks tutvunud nii Avastusraja rakenduse, t\u00f5husate k\u00fcsimuste esitamise kui ka elurikkuse ja kliima teemadega. Eelnevalt toodud n\u00e4idisk\u00fcsimused ja teemaalgatused olid sobilikud samal kujul kasutamiseks pigem p\u00f5hikooli III &#8230;<\/p>\n","protected":false},"author":315,"featured_media":0,"parent":0,"menu_order":0,"comment_status":"closed","ping_status":"closed","template":"","meta":{"_acf_changed":false,"inline_featured_image":false,"footnotes":""},"class_list":["post-66","page","type-page","status-publish","hentry"],"acf":[],"_links":{"self":[{"href":"https:\/\/sisu.ut.ee\/kliimatarkused\/wp-json\/wp\/v2\/pages\/66","targetHints":{"allow":["GET"]}}],"collection":[{"href":"https:\/\/sisu.ut.ee\/kliimatarkused\/wp-json\/wp\/v2\/pages"}],"about":[{"href":"https:\/\/sisu.ut.ee\/kliimatarkused\/wp-json\/wp\/v2\/types\/page"}],"author":[{"embeddable":true,"href":"https:\/\/sisu.ut.ee\/kliimatarkused\/wp-json\/wp\/v2\/users\/315"}],"replies":[{"embeddable":true,"href":"https:\/\/sisu.ut.ee\/kliimatarkused\/wp-json\/wp\/v2\/comments?post=66"}],"version-history":[{"count":8,"href":"https:\/\/sisu.ut.ee\/kliimatarkused\/wp-json\/wp\/v2\/pages\/66\/revisions"}],"predecessor-version":[{"id":1686,"href":"https:\/\/sisu.ut.ee\/kliimatarkused\/wp-json\/wp\/v2\/pages\/66\/revisions\/1686"}],"wp:attachment":[{"href":"https:\/\/sisu.ut.ee\/kliimatarkused\/wp-json\/wp\/v2\/media?parent=66"}],"curies":[{"name":"wp","href":"https:\/\/api.w.org\/{rel}","templated":true}]}}