{"id":52,"date":"2024-04-04T08:41:31","date_gmt":"2024-04-04T05:41:31","guid":{"rendered":"https:\/\/sisu.ut.ee\/kliimatarkused\/c1-kasvuhoonegaaside-heitkoguste-vahendamine\/"},"modified":"2024-04-04T08:43:47","modified_gmt":"2024-04-04T05:43:47","slug":"c1-kasvuhoonegaaside-heitkoguste-vahendamine","status":"publish","type":"page","link":"https:\/\/sisu.ut.ee\/kliimatarkused\/c1-kasvuhoonegaaside-heitkoguste-vahendamine\/","title":{"rendered":"C1 Kasvuhoonegaaside heitkoguste v\u00e4hendamine"},"content":{"rendered":"<h3>\n\t<strong>Minu tarbimisharjumused<\/strong><br>\n<\/h3>\n<h4>\n\tLisa joonisele tooted ja teenused, mida sa kas vajad (horisontaaltelje vasakpoolses otsas) v\u00f5i tahad (horisontaaltelje parempoolses otsas), nii et vertikaalteljel kajastub nende toodete ja teenuste keskkonnam\u00f5ju (suur \u00fcleval vs\u00a0v\u00e4ike all). Missugused tooted sattusid jaotusesse \u201etahan, aga ei vaja\u201c\/\u201esuur keskkonnam\u00f5ju\u201c? Millise enesetunde tekitab sinus oma tarbimisk\u00e4itumise keskkonnahoidlikumaks kujundamine? Vaata ka <a data-url=\"https:\/\/kliimateadlik.ut.ee\/kliimatarkused\/lisa%C3%BClesanded\" href=\"https:\/\/kliimateadlik.ut.ee\/kliimatarkused\/lisa%C3%BClesanded\" target=\"_blank\" title=\"\" rel=\"noopener\">lisa\u00fclesannet T1<\/a>.<br>\n<\/h4>\n<p>\n\t<img loading=\"lazy\" decoding=\"async\" width=\"817\" height=\"411\" class=\"alignnone wp-image-254\" style=\"width: 600px;height: 302px\" src=\"https:\/\/sisu.ut.ee\/wp-content\/uploads\/sites\/635\/c-ul.png\" title=\"c-ul.png\" alt=\"Minu tarbimisharjumised\" srcset=\"https:\/\/sisu.ut.ee\/wp-content\/uploads\/sites\/635\/c-ul.png 817w, https:\/\/sisu.ut.ee\/wp-content\/uploads\/sites\/635\/c-ul-300x151.png 300w, https:\/\/sisu.ut.ee\/wp-content\/uploads\/sites\/635\/c-ul-768x386.png 768w\" sizes=\"auto, (max-width: 817px) 100vw, 817px\">\n<\/p>\n<p>\n\tKliimas\u00f5bralikum energeetika, n\u00e4iteks tuule- ja p\u00e4ikeseenergia kasutamine, on kliima soojenemise peatamiseks m\u00f6\u00f6dap\u00e4\u00e4smatu. Aga sama oluline on tootmist ja tarbimist \u00fcle\u00fcldiselt v\u00e4hendada (<a data-url=\"https:\/\/www.ipcc.ch\/report\/ar6\/wg3\/\" href=\"https:\/\/www.ipcc.ch\/report\/ar6\/wg3\/\" target=\"_blank\" title=\"\" rel=\"noopener\">IPCC AR6 WGIII\u00a0SPM<\/a>; <a data-url=\"https:\/\/www.unep.org\/resources\/making-peace-nature\" href=\"https:\/\/www.unep.org\/resources\/making-peace-nature\" target=\"_blank\" title=\"\" rel=\"noopener\">UNEP MPN 2021<\/a>). See t\u00e4hendab p\u00f5him\u00f5ttelist majanduslikku ja sotsiaalset muutust, et suudaksime heaolu luua loodust kahjustamata ja kliimat soojendamata (<a data-url=\"https:\/\/www.unep.org\/resources\/making-peace-nature\" href=\"https:\/\/www.unep.org\/resources\/making-peace-nature\" target=\"_blank\" title=\"\" rel=\"noopener\">UNEP MPN 2021<\/a>). Muutused peavad toimuma \u00fcksikisikute, kohalike omavalitsuste, ettev\u00f5tete ja riikide tasandil, seejuures on \u00fclioluline rahvusvaheline koost\u00f6\u00f6 (vt <a data-url=\"https:\/\/kliimateadlik.ut.ee\/kliimatarkused\/c3-rahvusvaheline-kliimapoliitika-heitkoguste-v%C3%A4hendamiseks\" href=\"https:\/\/kliimateadlik.ut.ee\/kliimatarkused\/c3-rahvusvaheline-kliimapoliitika-heitkoguste-v%C3%A4hendamiseks\" target=\"_blank\" title=\"\" rel=\"noopener\">C3<\/a>). L\u00fchiajalisest majanduskasvust viimase v\u00e4ljapigistamise asemel peavad \u00fchiskonnad heaolu tagama kliimat ja loodust hoides (<a data-url=\"https:\/\/www.unep.org\/resources\/making-peace-nature\" href=\"https:\/\/www.unep.org\/resources\/making-peace-nature\" target=\"_blank\" title=\"\" rel=\"noopener\">UNEP MPN 2021<\/a>). Kindlasti ei tohi heitkoguseid v\u00e4hendada elurikkuse arvelt. See teeks muu hulgas keeruliseks v\u00e4ltimatu kliimamuutustega kohanemise. Elurikkuse hoidmine ning eluslooduse s\u00fcsinikuvaru taastamine ja hoidmine on \u00fcks lahendustest kliimamuutuste piduramisel ja peatamisel.\n<\/p>\n<blockquote>\n<p>\n\t\t<strong>P\u00f5his\u00f5numid<\/strong>\n\t<\/p>\n<ul>\n<li>\n\t\t\tKasvuhoonegaaside heitkoguste v\u00e4hendamiseks on tarvilik kliimas\u00f5bralik energeetika ja\u00a0tootmise ning tarbimise v\u00e4hendamine.\n\t\t<\/li>\n<li>\n\t\t\t\u00dcksikisikutel on suur roll muutustes ja valmisolek neid ellu viia.\n\t\t<\/li>\n<\/ul>\n<\/blockquote>\n<h4>\n\tM\u00f5tle v\u00e4lja konkreetne tegevusplaan, kuidas sina \u00f5petajana saaksid \u00fcheskoos \u00f5pilastega oma kooli keskkonnam\u00f5ju v\u00e4hendada? Missugune see tegevus v\u00f5iks olla? Ise toidu kasvatamine, tarbimisega seotud v\u00e4\u00e4rtuste muutmine: kiirmood, nutiseadmed, \u00fchekordsed pakendid, transpordivalikud vms. Kuidas tegevusplaan ellu viia?<br>\n<\/h4>\n<p>\n\t<strong>Lisamaterjal<\/strong><\/p>\n<p><a data-url=\"https:\/\/www.ipcc.ch\/report\/sixth-assessment-report-working-group-3\/\" href=\"https:\/\/www.ipcc.ch\/report\/sixth-assessment-report-working-group-3\/\" target=\"_blank\" title=\"\" rel=\"noopener\">IPCC AR6 WGIII<\/a><\/p>\n","protected":false},"excerpt":{"rendered":"<p>Minu tarbimisharjumused Lisa joonisele tooted ja teenused, mida sa kas vajad (horisontaaltelje vasakpoolses otsas) v\u00f5i tahad (horisontaaltelje parempoolses otsas), nii et vertikaalteljel kajastub nende toodete ja teenuste keskkonnam\u00f5ju (suur \u00fcleval vs\u00a0v\u00e4ike all). Missugused tooted sattusid jaotusesse \u201etahan, aga ei vaja\u201c\/\u201esuur &#8230;<\/p>\n","protected":false},"author":315,"featured_media":0,"parent":0,"menu_order":0,"comment_status":"closed","ping_status":"closed","template":"","meta":{"_acf_changed":false,"inline_featured_image":false,"footnotes":""},"class_list":["post-52","page","type-page","status-publish","hentry"],"acf":[],"_links":{"self":[{"href":"https:\/\/sisu.ut.ee\/kliimatarkused\/wp-json\/wp\/v2\/pages\/52","targetHints":{"allow":["GET"]}}],"collection":[{"href":"https:\/\/sisu.ut.ee\/kliimatarkused\/wp-json\/wp\/v2\/pages"}],"about":[{"href":"https:\/\/sisu.ut.ee\/kliimatarkused\/wp-json\/wp\/v2\/types\/page"}],"author":[{"embeddable":true,"href":"https:\/\/sisu.ut.ee\/kliimatarkused\/wp-json\/wp\/v2\/users\/315"}],"replies":[{"embeddable":true,"href":"https:\/\/sisu.ut.ee\/kliimatarkused\/wp-json\/wp\/v2\/comments?post=52"}],"version-history":[{"count":1,"href":"https:\/\/sisu.ut.ee\/kliimatarkused\/wp-json\/wp\/v2\/pages\/52\/revisions"}],"predecessor-version":[{"id":643,"href":"https:\/\/sisu.ut.ee\/kliimatarkused\/wp-json\/wp\/v2\/pages\/52\/revisions\/643"}],"wp:attachment":[{"href":"https:\/\/sisu.ut.ee\/kliimatarkused\/wp-json\/wp\/v2\/media?parent=52"}],"curies":[{"name":"wp","href":"https:\/\/api.w.org\/{rel}","templated":true}]}}