{"id":46,"date":"2024-04-04T08:41:30","date_gmt":"2024-04-04T05:41:30","guid":{"rendered":"https:\/\/sisu.ut.ee\/kliimatarkused\/b2-pohja-euroopa-ja-eesti-kliima-tulevik\/"},"modified":"2024-04-04T08:43:47","modified_gmt":"2024-04-04T05:43:47","slug":"b2-pohja-euroopa-ja-eesti-kliima-tulevik","status":"publish","type":"page","link":"https:\/\/sisu.ut.ee\/kliimatarkused\/b2-pohja-euroopa-ja-eesti-kliima-tulevik\/","title":{"rendered":"B2 P\u00f5hja-Euroopa ja Eesti kliima tulevik"},"content":{"rendered":"<p>\n\tV\u00f5rreldes globaalse keskmisega n\u00e4itavad kliimaprojektsioonid Euroopa j\u00e4tkuvat kiiremat soojenemist. P\u00f5hja-Euroopa keskmine temperatuur t\u00f5useb selle sajandi keskpaigaks 3 kraadi v\u00f5rreldes 19. sajandi teise poole keskmisega. 21. sajandi viimaste k\u00fcmnendite temperatuur s\u00f5ltub juba oluliselt inimk\u00e4itumisest: pessimistliku stsenaariumi j\u00e4rgi oleks keskmise temperatuuri t\u00f5us \u00fcle 5 kraadi, optimistliku j\u00e4rgi aga j\u00e4\u00e4ks temperatuuri t\u00f5us 3 kraadi juurde (<a data-url=\"https:\/\/interactive-atlas.ipcc.ch\/\" href=\"https:\/\/interactive-atlas.ipcc.ch\/\" target=\"_blank\" title=\"\" rel=\"noopener\">IPCC atlas<\/a>).\n<\/p>\n<p>\n\tP\u00f5hja-Euroopas, sh Eestis, intensiivistuvad kuumalained ja paduvihmad. Soojenemisega kasvab P\u00f5hja-Euroopas aastane sajuhulk ja sagenevad tugevatest sadudest p\u00f5hjustatud \u00fcleujutused. Talvel tuleb P\u00f5hja-Euroopas, sealhulgas Eestis, j\u00e4rjest rohkem sademeid, aga ka suvine sademete hulk suureneb (<a data-url=\"https:\/\/www.ipcc.ch\/report\/ar6\/wg1\/\" href=\"https:\/\/www.ipcc.ch\/report\/ar6\/wg1\/\" target=\"_blank\" title=\"\" rel=\"noopener\">IPCC AR6 WGI Euroopa kliima<\/a>). Lumikatte kestus l\u00fcheneb ning kevadised suurveed j\u00e4\u00e4vad enamasti \u00e4ra \u2013 seet\u00f5ttu suureneb kevadise p\u00f5ua oht (<a data-url=\"https:\/\/www.ipcc.ch\/report\/ar6\/wg1\/\" href=\"https:\/\/www.ipcc.ch\/report\/ar6\/wg1\/\" target=\"_blank\" title=\"\" rel=\"noopener\">IPCC AR6 WGI<\/a>). Lume hulk \u00fcldiselt v\u00e4heneb oluliselt \u00fcle kogu Euroopa, v\u00e4lja arvatud Skandinaavia m\u00e4estikus. Siiski pole v\u00e4listatud ekstreemsed aastad, mille puhul lume kogus \u00fcletab isegi varasemaid rekordaastaid (<a data-url=\"https:\/\/link.springer.com\/content\/pdf\/10.1007\/978-3-319-16006-1.pdf\" href=\"https:\/\/link.springer.com\/content\/pdf\/10.1007\/978-3-319-16006-1.pdf\" target=\"_blank\" title=\"\" rel=\"noopener\">BACC II<\/a>).\n<\/p>\n<h4>\n\tKuiv\u00f5rd langes sinu kliima tuleviku kirjeldus kokku punktides B1 ja B2 kirjeldatuga?<br>\n<\/h4>\n<blockquote>\n<p>\n\t\t<strong>P\u00f5his\u00f5numid<\/strong>\n\t<\/p>\n<ul>\n<li>\n\t\t\tEuroopas j\u00e4tkub globaalsest keskmisest kiirem soojenemine ja kuumalained intensiivistuvad.\n\t\t<\/li>\n<li>\n\t\t\tP\u00f5hja-Euroopas sademete hulk kasvab, lumikatte kestus l\u00fcheneb.\n\t\t<\/li>\n<\/ul>\n<\/blockquote>\n<p>\n\t<strong>Lisamaterjal<\/strong>\n<\/p>\n<p>\n\t<a data-url=\"https:\/\/www.ipcc.ch\/report\/ar6\/wg1\/downloads\/factsheets\/IPCC_AR6_WGI_Regional_Fact_Sheet_Europe.pdf\" href=\"https:\/\/www.ipcc.ch\/report\/ar6\/wg1\/downloads\/factsheets\/IPCC_AR6_WGI_Regional_Fact_Sheet_Europe.pdf\" target=\"_blank\" title=\"\" rel=\"noopener\">IPCC AR6 WGI Euroopa kliima<\/a><br><a data-url=\"https:\/\/link.springer.com\/content\/pdf\/10.1007\/978-3-319-16006-1.pdf\" href=\"https:\/\/link.springer.com\/content\/pdf\/10.1007\/978-3-319-16006-1.pdf\" target=\"_blank\" title=\"\" rel=\"noopener\">BACC II L\u00e4\u00e4nemere piirkonna kliimamuutused<\/a><\/p>\n","protected":false},"excerpt":{"rendered":"<p>V\u00f5rreldes globaalse keskmisega n\u00e4itavad kliimaprojektsioonid Euroopa j\u00e4tkuvat kiiremat soojenemist. P\u00f5hja-Euroopa keskmine temperatuur t\u00f5useb selle sajandi keskpaigaks 3 kraadi v\u00f5rreldes 19. sajandi teise poole keskmisega. 21. sajandi viimaste k\u00fcmnendite temperatuur s\u00f5ltub juba oluliselt inimk\u00e4itumisest: pessimistliku stsenaariumi j\u00e4rgi oleks keskmise temperatuuri t\u00f5us &#8230;<\/p>\n","protected":false},"author":315,"featured_media":0,"parent":0,"menu_order":0,"comment_status":"closed","ping_status":"closed","template":"","meta":{"_acf_changed":false,"inline_featured_image":false,"footnotes":""},"class_list":["post-46","page","type-page","status-publish","hentry"],"acf":[],"_links":{"self":[{"href":"https:\/\/sisu.ut.ee\/kliimatarkused\/wp-json\/wp\/v2\/pages\/46","targetHints":{"allow":["GET"]}}],"collection":[{"href":"https:\/\/sisu.ut.ee\/kliimatarkused\/wp-json\/wp\/v2\/pages"}],"about":[{"href":"https:\/\/sisu.ut.ee\/kliimatarkused\/wp-json\/wp\/v2\/types\/page"}],"author":[{"embeddable":true,"href":"https:\/\/sisu.ut.ee\/kliimatarkused\/wp-json\/wp\/v2\/users\/315"}],"replies":[{"embeddable":true,"href":"https:\/\/sisu.ut.ee\/kliimatarkused\/wp-json\/wp\/v2\/comments?post=46"}],"version-history":[{"count":1,"href":"https:\/\/sisu.ut.ee\/kliimatarkused\/wp-json\/wp\/v2\/pages\/46\/revisions"}],"predecessor-version":[{"id":649,"href":"https:\/\/sisu.ut.ee\/kliimatarkused\/wp-json\/wp\/v2\/pages\/46\/revisions\/649"}],"wp:attachment":[{"href":"https:\/\/sisu.ut.ee\/kliimatarkused\/wp-json\/wp\/v2\/media?parent=46"}],"curies":[{"name":"wp","href":"https:\/\/api.w.org\/{rel}","templated":true}]}}