{"id":44,"date":"2024-04-04T08:41:30","date_gmt":"2024-04-04T05:41:30","guid":{"rendered":"https:\/\/sisu.ut.ee\/kliimatarkused\/a6-kliima-tulevik-soltub-meist-endist\/"},"modified":"2024-04-04T08:43:48","modified_gmt":"2024-04-04T05:43:48","slug":"a6-kliima-tulevik-soltub-meist-endist","status":"publish","type":"page","link":"https:\/\/sisu.ut.ee\/kliimatarkused\/a6-kliima-tulevik-soltub-meist-endist\/","title":{"rendered":"A6 Kliima tulevik s\u00f5ltub meist endist"},"content":{"rendered":"<p>\n\tMaa kliima tulevik s\u00f5ltub k\u00f5ige enam meie k\u00e4itumisest ja valikutest. Oluline on \u00fchelt poolt see, kuidas me oma majandust korraldame, energiat ja toitu toodame, muldi ja metsi majandame, kui energias\u00e4\u00e4stlikes majades elame, milliseid transpordivahendeid kasutame, poliitilisel tasandil muutusi n\u00f5uame ja kui palju me \u00fcldse loodusressursse kasutame. Teiselt poolt on oluline ka see, mis m\u00e4\u00e4ral me elusloodust hoiame ja taastame. Mida rohkem kasvuhoonegaase inimtegevus atmosf\u00e4\u00e4ri lisab, seda tugevam on kliima soojenemine (joonis A6.1). Sarnaselt kasvuhoonegaaside heitkogustega s\u00f5ltub \u00f6kos\u00fcsteemide seisund meie k\u00e4itumisest: tootmis- ja tarbimisviisidest, rahvastikumuutustest jne. Teadlased on hinnanud, kui palju inimkond t\u00f5en\u00e4oliselt 21. sajandi jooksul veel kasvuhoonegaase atmosf\u00e4\u00e4ri paiskab (<a data-url=\"https:\/\/www.ipcc.ch\/report\/ar6\/wg1\/\" href=\"https:\/\/www.ipcc.ch\/report\/ar6\/wg1\/\" target=\"_blank\" title=\"\" rel=\"noopener\">IPCC AR6 WGI<\/a>). Selle p\u00f5hjal on kliimateadlased koostanud kliimaprognoosid inimk\u00e4itumise eri stsenaariumide ehk kasvuhoonegaaside heitkoguste jaoks (<a data-url=\"https:\/\/www.ipcc.ch\/report\/ar6\/wg1\/\" href=\"https:\/\/www.ipcc.ch\/report\/ar6\/wg1\/\" target=\"_blank\" title=\"\" rel=\"noopener\">IPCC AR6 WGI Ch4<\/a>).<\/p>\n<p>K\u00f5ige optimistlikum stsenaarium eeldab, et saavutame kiiresti olukorra, kus me enam kasvuhoonegaase atmosf\u00e4\u00e4ri summaarselt ei lisa. See t\u00e4hendaks, et suudame veel sel aastak\u00fcmnel kasvuhoonegaaside heitkoguseid v\u00e4hendada rohkem kui poole v\u00f5rra (<a data-url=\"https:\/\/www.ipcc.ch\/report\/sixth-assessment-report-working-group-3\/\" href=\"https:\/\/www.ipcc.ch\/report\/sixth-assessment-report-working-group-3\/\" target=\"_blank\" title=\"\" rel=\"noopener\">IPCC AR6 WGIII Ch3<\/a>). Paraku ei ole seda enam realistlik saavutada, kuna heitkogused j\u00e4tkavad kasvu (<a data-url=\"https:\/\/www.unep.org\/resources\/emissions-gap-report-2022\" href=\"https:\/\/www.unep.org\/resources\/emissions-gap-report-2022\" target=\"_blank\" title=\"\" rel=\"noopener\">UNEP 2022<\/a>). K\u00f5ige pessimistlikum stsenaarium eeldab, et kasvuhoonegaaside heitkogused aina kasvavad ehk meil ei \u00f5nnestu heitkoguseid \u00fcldse v\u00e4hendada. \u00dclej\u00e4\u00e4nud stsenaariumid j\u00e4\u00e4vad nende kahe vahele. Niisuguseid heitkogustest s\u00f5ltuvaid kliimaprognoose kutsutakse kliimaprojektsioonideks (<a data-url=\"https:\/\/apps.ipcc.ch\/glossary\/\" href=\"https:\/\/apps.ipcc.ch\/glossary\/\" target=\"_blank\" title=\"\" rel=\"noopener\">IPCC s\u00f5nastik<\/a>).\n<\/p>\n<h3>\n\t<strong>Kliimaprojektsioonid<\/strong><br>\n<\/h3>\n<h4>\n\tKliimamuutustest s\u00fcgavalt huvitatud \u00f5pilane \u00dclle on leidnud veebilehe <a data-url=\"https:\/\/myclimatefuture.info\/\" href=\"https:\/\/myclimatefuture.info\/\" target=\"_blank\" title=\"\" rel=\"noopener\">https:\/\/myclimatefuture.info\/<\/a> ja uurib n\u00fc\u00fcd sinult, mis on p\u00f5him\u00f5tteline erinevus tugeva soojenemise (ingl high warming) ja kliimalubaduste t\u00e4itumise (ingl climate promises) stsenaariumi vahel? Kuidas \u00dcllele erinevust selgitaksid?<br>\n<\/h4>\n<p>\n\t<img loading=\"lazy\" decoding=\"async\" width=\"2200\" height=\"2189\" class=\"alignnone wp-image-250\" style=\"width: 400px;height: 398px\" src=\"https:\/\/sisu.ut.ee\/wp-content\/uploads\/sites\/635\/kliima_abc_a6.1.jpg\" title=\"Prognoositav temperatuurimuutus\" alt=\"Prognoositav temperatuurimuutus\" srcset=\"https:\/\/sisu.ut.ee\/wp-content\/uploads\/sites\/635\/kliima_abc_a6.1.jpg 2200w, https:\/\/sisu.ut.ee\/wp-content\/uploads\/sites\/635\/kliima_abc_a6.1-300x300.jpg 300w, https:\/\/sisu.ut.ee\/wp-content\/uploads\/sites\/635\/kliima_abc_a6.1-1024x1019.jpg 1024w, https:\/\/sisu.ut.ee\/wp-content\/uploads\/sites\/635\/kliima_abc_a6.1-150x150.jpg 150w, https:\/\/sisu.ut.ee\/wp-content\/uploads\/sites\/635\/kliima_abc_a6.1-768x764.jpg 768w, https:\/\/sisu.ut.ee\/wp-content\/uploads\/sites\/635\/kliima_abc_a6.1-1536x1528.jpg 1536w, https:\/\/sisu.ut.ee\/wp-content\/uploads\/sites\/635\/kliima_abc_a6.1-2048x2038.jpg 2048w, https:\/\/sisu.ut.ee\/wp-content\/uploads\/sites\/635\/kliima_abc_a6.1-1920x1910.jpg 1920w\" sizes=\"auto, (max-width: 2200px) 100vw, 2200px\">\n<\/p>\n<p>\n\t<span style=\"font-size:13px\"><strong>Joonis A6.1.<\/strong> Prognoositav temperatuurimuutus<br><em>Globaalse soojenemise ulatus sajandi l\u00f5puks s\u00f5ltub v\u00e4ga olulisel m\u00e4\u00e4ral inimkonna valikutest ehk inimtekkelistest kasvuhoonegaaside heitkogustest. \u00dclemisel\u00a0pildil on aluspinnal\u00e4hedase \u00f5hutemperatuuri muutus sajandi l\u00f5puks juhul, kui heitkoguseid \u00f5nnestub kiiresti v\u00e4hendada. Ja alumisel\u00a0juhul, kui heidet v\u00e4hendada ei \u00f5nnestu (IPCC AR5 SYR).<br>Allikas: https:\/\/www.ipcc.ch\/report\/ar5\/syr\/summary-for-policymakers\/<\/em><\/span>\n<\/p>\n<blockquote>\n<p>\n\t\t<strong>P\u00f5his\u00f5numid<\/strong>\n\t<\/p>\n<ul>\n<li>\n\t\t\tKliimamuutuste ulatus s\u00f5ltub l\u00e4hisajanditel eelk\u00f5ige inimk\u00e4itumisest.\n\t\t<\/li>\n<\/ul>\n<\/blockquote>\n<p><strong>Lisamaterjal<\/strong><\/p>\n<p><a data-url=\"https:\/\/www.ipcc.ch\/report\/ar6\/wg3\/downloads\/report\/IPCC_AR6_WGIII_Chapter_02.pdf\" href=\"https:\/\/www.ipcc.ch\/report\/ar6\/wg3\/downloads\/report\/IPCC_AR6_WGIII_Chapter_02.pdf\" target=\"_blank\" title=\"\" rel=\"noopener\">IPCC AR6 WGIII Ch2<\/a><\/p>\n","protected":false},"excerpt":{"rendered":"<p>Maa kliima tulevik s\u00f5ltub k\u00f5ige enam meie k\u00e4itumisest ja valikutest. Oluline on \u00fchelt poolt see, kuidas me oma majandust korraldame, energiat ja toitu toodame, muldi ja metsi majandame, kui energias\u00e4\u00e4stlikes majades elame, milliseid transpordivahendeid kasutame, poliitilisel tasandil muutusi n\u00f5uame ja &#8230;<\/p>\n","protected":false},"author":315,"featured_media":0,"parent":0,"menu_order":0,"comment_status":"closed","ping_status":"closed","template":"","meta":{"_acf_changed":false,"inline_featured_image":false,"footnotes":""},"class_list":["post-44","page","type-page","status-publish","hentry"],"acf":[],"_links":{"self":[{"href":"https:\/\/sisu.ut.ee\/kliimatarkused\/wp-json\/wp\/v2\/pages\/44","targetHints":{"allow":["GET"]}}],"collection":[{"href":"https:\/\/sisu.ut.ee\/kliimatarkused\/wp-json\/wp\/v2\/pages"}],"about":[{"href":"https:\/\/sisu.ut.ee\/kliimatarkused\/wp-json\/wp\/v2\/types\/page"}],"author":[{"embeddable":true,"href":"https:\/\/sisu.ut.ee\/kliimatarkused\/wp-json\/wp\/v2\/users\/315"}],"replies":[{"embeddable":true,"href":"https:\/\/sisu.ut.ee\/kliimatarkused\/wp-json\/wp\/v2\/comments?post=44"}],"version-history":[{"count":1,"href":"https:\/\/sisu.ut.ee\/kliimatarkused\/wp-json\/wp\/v2\/pages\/44\/revisions"}],"predecessor-version":[{"id":651,"href":"https:\/\/sisu.ut.ee\/kliimatarkused\/wp-json\/wp\/v2\/pages\/44\/revisions\/651"}],"wp:attachment":[{"href":"https:\/\/sisu.ut.ee\/kliimatarkused\/wp-json\/wp\/v2\/media?parent=44"}],"curies":[{"name":"wp","href":"https:\/\/api.w.org\/{rel}","templated":true}]}}