{"id":114,"date":"2024-04-04T08:41:38","date_gmt":"2024-04-04T05:41:38","guid":{"rendered":"https:\/\/sisu.ut.ee\/kliimatarkused\/hannes-tonisson\/"},"modified":"2024-04-04T08:43:42","modified_gmt":"2024-04-04T05:43:42","slug":"hannes-tonisson","status":"publish","type":"page","link":"https:\/\/sisu.ut.ee\/kliimatarkused\/hannes-tonisson\/","title":{"rendered":"Kuidas muutuvas kliimas h\u00e4sti hakkama saada \u2013 rannikute n\u00e4ide"},"content":{"rendered":"<p>\n\tHannes T\u00f5nisson<br><span lang=\"ET\"><span style=\"line-height:107%\"><span style=\",serif\">PhD<br>Vanemteadur TL\u00dc \u00d6koloogia keskus<\/span><\/span><\/span>\n<\/p>\n<p>\n\t<span style=\"line-height:150%\"><span lang=\"ET\"><span style=\"line-height:150%\"><span style=\",serif\">Rannik on koht kus saavad kokku kolm sf\u00e4\u00e4ri \u2013 atmosf\u00e4\u00e4r ehk \u00f5hk, h\u00fcdrosf\u00e4\u00e4r ehk meri ja litosf\u00e4\u00e4r ehk maa. Kliima muutus v\u00e4ljendub tavaliselt esimesena atmosf\u00e4\u00e4ris, n\u00e4iteks t\u00f5useb \u00f5hutemperatuur, muutuvad tuulte kiirused ja suunad, muutuvad sademete hulgad ja t\u00fc\u00fcbid. See omakorda avaldab otsest m\u00f5ju h\u00fcdrosf\u00e4\u00e4rile, ehk merele. Muutub lainetuse k\u00f5rgus, periood, suund aga muutuvad ka ajuveen\u00e4htuste sagedused ja k\u00f5rgused. Lisaks sellele muutub ka merej\u00e4\u00e4 kestvus. Rannad on aga otseses s\u00f5ltuvuses sellest millised on n\u00f6 m\u00f5jutavad tingimused. Soojema ilmaga ei j\u00e4\u00e4tu rannasetted, muutuv lainetuse suund muudab setete r\u00e4nde suunda, sagedasemad ja k\u00f5rgemad ajuveen\u00e4htused taaselustavad juba raugastunud rannaprotsesse jne.<\/span><\/span><\/span><\/span>\n<\/p>\n<p>\n\t<span style=\"line-height:150%\"><span lang=\"ET\"><span style=\"line-height:150%\"><span style=\",serif\">J\u00e4rsku rannaprotsesside intensiivistumist n\u00e4gime juba 1980-ndate l\u00f5pus, mil laienesid kulutusalad, kiirenes rannasetete liikumine ning suurenes kuhjealadele kogunevate setete hulk \u2013 rannad oleks justkui otsinud uut tasakaaluseisundit. T\u00e4nases Eestis on see k\u00f5ik v\u00f5imalik, sest t\u00e4nu kunagisele piiritsoonis paiknemisele on suur osa meie rannikualasid loodulikus seisundis ja rannaprotsesside normaalseks toimimiseks on piisav puhvertsoon. Esineb aga ka juba mitmeid erandeid, kus aina s\u00fcvenev erosioon hakkab p\u00f5hjustama aina rohkem peavalu nii inimesele (h\u00e4vinevad ehitised ja infrastruktuur) kui ka loodusele (kaovad looduslikud elupaigad).<\/span><\/span><\/span><\/span>\n<\/p>\n<p>\n\t<span style=\"line-height:150%\"><span lang=\"ET\"><span style=\"line-height:150%\"><span style=\",serif\">T\u00e4na on suur osa maailma riikidest probleemi ees, kus \u00fchelt poolt tungib peale meri ja teiselt poolt inimasustus ning rannav\u00f6\u00f6nd \u2013 \u00fcleminek maalt merele \u2013 j\u00e4\u00e4b aina kitsamaks. T\u00e4nu sellele kaovad mitmed ainulaadsed elupaigad aga kaob ka looduslik puhvetsoon ja suurenevad merelt tulenevad ohud inimestele (ajuveen\u00e4htused, tormipurustused jne). Et sellise olukorra tekkimist Eestis v\u00e4ltida, peame hoolitsema selle-eest, et meie randades oleks p\u00fcsivalt loodulik puhvertsoon ja rannaprotsessid saaksid reageerida kliimas toimuvatele muutustele ning kohanduda vastavalt sellele. V\u00f5imalike kaitsemeetmete rakendamisel peaksime silmas pidama, et looduslikud kaitsemeetmed tagavad rannakeskkonna s\u00e4ilimise nii loodusliku mitmekesisuse kui ka inimese seisukohalt. Peame olema ka valmis selleks, et kui meretaseme t\u00f5us hakkab oluliselt \u00fcletama maakerget, siis m\u00f5nel pool on pigem m\u00f5istlik inimesel taanduda, et tagada minimaalse loodusliku puhvetsooni s\u00e4ilimine. See on sageli ka odavam kui \u00fcksk\u00f5ik mil viisil randade kaitsmine.<\/span><\/span><\/span><\/span>\n<\/p>\n<h4>\n\t1. Miks ei ole hea kaitsta liivaranda ei kivim\u00fc\u00fcri ega seinaga? V: Soovitatakse alati kasutada looduslikku analoogi. M\u00fc\u00fcr ja kivid v\u00f5ivad kaitsta k\u00fcll selle taga olevad hooned ja taristu, aga k\u00f5va objekt liivas on nagu v\u00f5\u00f5rkeha, mis kiirendab liivade \u00e4rakannet ja sageli kaotatakse liivarand sootuks (see mille p\u00e4rast algselt see taristu rajati, mille kaitseks rajati m\u00fc\u00fcr\/sein vms).<br><span lang=\"ET\"><span style=\"line-height:107%\"><span style=\",serif\">2. Selgita mida t\u00e4hendab <em>coastal squeeze<\/em>\u00a0(eesti keeles \u00e4kki rannav\u00f6\u00f6ndi ahenemine). V: Olukord kus maailmamere taseme t\u00f5usu t\u00f5ttu tungib \u00fchelt poolt peale meri ja teiselt poolt tungib peale inimene (hooned, taristu jne). See viib olukorrani, kus kaovad looduslikud elupaigad, kaovad liigid ja kogu elustik l\u00e4heb tasakaalust v\u00e4lja. Teiselt kaob looduslik kaitse rannikukogukondadeld ja nad on kaitsetumad merelt l\u00e4htuvatele ohtudele (lainetuse erosioon, ajuvee n\u00e4htused, r\u00fcsij\u00e4\u00e4 r\u00fcnnakud jne).<\/span><\/span><\/span><br>\n<\/h4>\n<p>\n\t<\/p><div class=\"ratio ratio-16x9 mb-3\"><div class=\"video-placeholder-wrapper video-placeholder-wrapper--16x9\">\n\t\t\t    <div class=\"video-placeholder d-flex justify-content-center align-items-center\">\n\t\t\t        <div class=\"overlay text-white p-2 w-100 text-center d-block justify-content-center align-items-center\">\n\t\t\t            <div>Kolmandate osapoolte sisu n\u00e4gemiseks palun n\u00f5ustu k\u00fcpsistega.<\/div>\n\t\t\t            <button class=\"btn btn-secondary btn-sm mt-1 consent-change\">Muuda n\u00f5usolekut<\/button>\n\t\t\t        <\/div>\n\t\t\t    <\/div>\n\t\t\t<\/div>\n<\/div>\n\n<p>\n\tHannes T\u00f5nissoni ettekanne teemal \u201e<span lang=\"ET\"><span style=\"line-height:107%\"><span style=\",serif\">Kuidas muutuvas kliimas h\u00e4sti hakkama saada \u2013 rannikute n\u00e4ide\u201c<\/span><\/span><\/span>, salvestatud Tallinnas \u00f5ppematerjali \u201eKliimamuutuste ABC\u201c koolitusel 10.03.2023.\n<\/p>\n<p>\n\t<span class=\"file media-element file-os-files-link\" data-file_info=\"%7B%22fid%22:78097,%22view_mode%22:%22os_files_link%22,%22type%22:%22media%22%7D\"><img decoding=\"async\" alt=\"\" class=\"file-icon\" src=\"\/profiles\/openscholar\/modules\/os\/modules\/os_files\/icons\/application-pdf.svg\"> <\/span><a data-url=\"https:\/\/sisu.ut.ee\/wp-content\/uploads\/sites\/635\/ettekanne_-_hannes_tonisson.pdf\" href=\"https:\/\/sisu.ut.ee\/wp-content\/uploads\/sites\/635\/ettekanne_-_hannes_tonisson.pdf\" target=\"_blank\" title=\"\" rel=\"noopener\">Hannes T\u00f5nissoni ettekanne \u201eKuidas muutuvas kliimas h\u00e4sti hakkama saada \u2013 rannikute n\u00e4ide\u201c<\/a><\/p>\n","protected":false},"excerpt":{"rendered":"<p>Hannes T\u00f5nissonPhDVanemteadur TL\u00dc \u00d6koloogia keskus Rannik on koht kus saavad kokku kolm sf\u00e4\u00e4ri \u2013 atmosf\u00e4\u00e4r ehk \u00f5hk, h\u00fcdrosf\u00e4\u00e4r ehk meri ja litosf\u00e4\u00e4r ehk maa. Kliima muutus v\u00e4ljendub tavaliselt esimesena atmosf\u00e4\u00e4ris, n\u00e4iteks t\u00f5useb \u00f5hutemperatuur, muutuvad tuulte kiirused ja suunad, muutuvad sademete &#8230;<\/p>\n","protected":false},"author":315,"featured_media":0,"parent":0,"menu_order":0,"comment_status":"closed","ping_status":"closed","template":"","meta":{"_acf_changed":false,"inline_featured_image":false,"footnotes":""},"class_list":["post-114","page","type-page","status-publish","hentry"],"acf":[],"_links":{"self":[{"href":"https:\/\/sisu.ut.ee\/kliimatarkused\/wp-json\/wp\/v2\/pages\/114","targetHints":{"allow":["GET"]}}],"collection":[{"href":"https:\/\/sisu.ut.ee\/kliimatarkused\/wp-json\/wp\/v2\/pages"}],"about":[{"href":"https:\/\/sisu.ut.ee\/kliimatarkused\/wp-json\/wp\/v2\/types\/page"}],"author":[{"embeddable":true,"href":"https:\/\/sisu.ut.ee\/kliimatarkused\/wp-json\/wp\/v2\/users\/315"}],"replies":[{"embeddable":true,"href":"https:\/\/sisu.ut.ee\/kliimatarkused\/wp-json\/wp\/v2\/comments?post=114"}],"version-history":[{"count":1,"href":"https:\/\/sisu.ut.ee\/kliimatarkused\/wp-json\/wp\/v2\/pages\/114\/revisions"}],"predecessor-version":[{"id":581,"href":"https:\/\/sisu.ut.ee\/kliimatarkused\/wp-json\/wp\/v2\/pages\/114\/revisions\/581"}],"wp:attachment":[{"href":"https:\/\/sisu.ut.ee\/kliimatarkused\/wp-json\/wp\/v2\/media?parent=114"}],"curies":[{"name":"wp","href":"https:\/\/api.w.org\/{rel}","templated":true}]}}