{"id":113,"date":"2024-04-04T08:41:38","date_gmt":"2024-04-04T05:41:38","guid":{"rendered":"https:\/\/sisu.ut.ee\/kliimatarkused\/karin-nurme\/"},"modified":"2024-04-04T08:43:42","modified_gmt":"2024-04-04T05:43:42","slug":"karin-nurme","status":"publish","type":"page","link":"https:\/\/sisu.ut.ee\/kliimatarkused\/karin-nurme\/","title":{"rendered":"P\u00f5llumajandus muutuvas kliimas"},"content":{"rendered":"<p>\n\tKarin Nurme<br>Putukate sensoorse f\u00fcsioloogia teadur<br>Eesti Maa\u00fclikool<\/p>\n<p>Kliimamuutus on n\u00e4ide sellest, kuidas tulevik on juba kohal, ent eba\u00fchtlaselt jaotunud geograafiliselt ja majanduslikult. Ebav\u00f5rdsus peegeldub nii kliima t\u00e4nases m\u00f5jus, kui selles, kuidas halvimad m\u00f5jud langevad k\u00f5ige v\u00e4hem tarbivate piirkondade \u00f5lule. Pealtn\u00e4ha suure m\u00f5juga piirkonnad v\u00f5ivad aga toimida rikaste tarbimis\u00fchiskondade \u201etehastena\u201c. Kliimamuutus on k\u00fcll inimtekkeline, ent mitte k\u00f5ik inimesed ei panusta sellesse \u00fchtmoodi ja sellisena on see seotud kapitalistliku majanduss\u00fcsteemiga rohkem kui inimliigiga.<\/p>\n<p>Siin on esitatud k\u00fcsimus, millele v\u00f5iks m\u00f5elda ettekande vaatamise eelselt ja j\u00e4rgselt.\n<\/p>\n<h4>\n\tVali kolm riiki erinevatest maailma piirkondadest. Arutle, kuidas ja miks sealsete elanike m\u00f5ju kliimamuutusele v\u00f5iks erineda. Kas ja kui, siis millised ja miks v\u00f5iks olla erinevused nende riikide siseselt.<br>\n<\/h4>\n<p>\n\t<\/p><div class=\"ratio ratio-16x9 mb-3\"><div class=\"video-placeholder-wrapper video-placeholder-wrapper--16x9\">\n\t\t\t    <div class=\"video-placeholder d-flex justify-content-center align-items-center\">\n\t\t\t        <div class=\"overlay text-white p-2 w-100 text-center d-block justify-content-center align-items-center\">\n\t\t\t            <div>Kolmandate osapoolte sisu n\u00e4gemiseks palun n\u00f5ustu k\u00fcpsistega.<\/div>\n\t\t\t            <button class=\"btn btn-secondary btn-sm mt-1 consent-change\">Muuda n\u00f5usolekut<\/button>\n\t\t\t        <\/div>\n\t\t\t    <\/div>\n\t\t\t<\/div>\n<\/div>\n\n<p>\n\tKarin Nurme ettekanne teemal \u201eP\u00f5llumajandus muutuvas kliimas\u201c, salvestatud Narvas \u00f5ppematerjali \u201eKliimamuutuste ABC\u201c koolitusel 08.03.2023.\n<\/p>\n<p>\n\t<span style=\"font-size:14px\"><span class=\"file media-element file-os-files-link-icon\" data-file_info=\"%7B%22fid%22:78089,%22view_mode%22:%22os_files_link_icon%22,%22type%22:%22media%22%7D\"><img decoding=\"async\" alt=\"\" class=\"file-icon\" src=\"\/profiles\/openscholar\/modules\/os\/modules\/os_files\/icons\/application-pdf.svg\"><\/span><\/span><span style=\"font-size:16px\"><span class=\"file media-element file-os-files-link-icon\" data-file_info=\"%7B%22fid%22:78089,%22view_mode%22:%22os_files_link_icon%22,%22type%22:%22media%22%7D\">\u00a0<\/span><\/span><a data-url=\"https:\/\/sisu.ut.ee\/wp-content\/uploads\/sites\/635\/ettekanne_-_karin_nurme.pdf\" href=\"https:\/\/sisu.ut.ee\/wp-content\/uploads\/sites\/635\/ettekanne_-_karin_nurme.pdf\" target=\"_blank\" title=\"\" rel=\"noopener\">Karin Nurme ettekanne \u201eP\u00f5llumajandus muutuvas kliimas\u201c<\/a><\/p>\n","protected":false},"excerpt":{"rendered":"<p>Karin NurmePutukate sensoorse f\u00fcsioloogia teadurEesti Maa\u00fclikool Kliimamuutus on n\u00e4ide sellest, kuidas tulevik on juba kohal, ent eba\u00fchtlaselt jaotunud geograafiliselt ja majanduslikult. Ebav\u00f5rdsus peegeldub nii kliima t\u00e4nases m\u00f5jus, kui selles, kuidas halvimad m\u00f5jud langevad k\u00f5ige v\u00e4hem tarbivate piirkondade \u00f5lule. Pealtn\u00e4ha suure &#8230;<\/p>\n","protected":false},"author":315,"featured_media":0,"parent":0,"menu_order":0,"comment_status":"closed","ping_status":"closed","template":"","meta":{"_acf_changed":false,"inline_featured_image":false,"footnotes":""},"class_list":["post-113","page","type-page","status-publish","hentry"],"acf":[],"_links":{"self":[{"href":"https:\/\/sisu.ut.ee\/kliimatarkused\/wp-json\/wp\/v2\/pages\/113","targetHints":{"allow":["GET"]}}],"collection":[{"href":"https:\/\/sisu.ut.ee\/kliimatarkused\/wp-json\/wp\/v2\/pages"}],"about":[{"href":"https:\/\/sisu.ut.ee\/kliimatarkused\/wp-json\/wp\/v2\/types\/page"}],"author":[{"embeddable":true,"href":"https:\/\/sisu.ut.ee\/kliimatarkused\/wp-json\/wp\/v2\/users\/315"}],"replies":[{"embeddable":true,"href":"https:\/\/sisu.ut.ee\/kliimatarkused\/wp-json\/wp\/v2\/comments?post=113"}],"version-history":[{"count":1,"href":"https:\/\/sisu.ut.ee\/kliimatarkused\/wp-json\/wp\/v2\/pages\/113\/revisions"}],"predecessor-version":[{"id":582,"href":"https:\/\/sisu.ut.ee\/kliimatarkused\/wp-json\/wp\/v2\/pages\/113\/revisions\/582"}],"wp:attachment":[{"href":"https:\/\/sisu.ut.ee\/kliimatarkused\/wp-json\/wp\/v2\/media?parent=113"}],"curies":[{"name":"wp","href":"https:\/\/api.w.org\/{rel}","templated":true}]}}