{"id":109,"date":"2024-04-04T08:41:38","date_gmt":"2024-04-04T05:41:38","guid":{"rendered":"https:\/\/sisu.ut.ee\/kliimatarkused\/velle-toll\/"},"modified":"2024-04-04T08:43:42","modified_gmt":"2024-04-04T05:43:42","slug":"velle-toll","status":"publish","type":"page","link":"https:\/\/sisu.ut.ee\/kliimatarkused\/velle-toll\/","title":{"rendered":"Inimtegevuse m\u00f5ju Maa kliimale"},"content":{"rendered":"<p>\n\tVelle Toll<br>Kliimaf\u00fc\u00fcsika kaasprofessor<br>Tartu \u00dclikool\n<\/p>\n<p>\n\tMaa kliima on inimtegevuse tagaj\u00e4rjel juba \u00fcle \u00fche kraadi soojenenud. S\u00f5ltuvalt inimk\u00e4itumisest ehk tulevastest inimtekkelistest kasvuhoonegaaside heitkogustest soojeneb Maa kliima 21. sajandi l\u00f5puks kuni 6 kraadi. Iga kraadik\u00fcmnendik soojenemist t\u00e4hendab tugevamaid ja sagedasemaid kuumalaineid, p\u00f5udasid ja paduvihmasid.\n<\/p>\n<p>\n\tSiin on esitatud k\u00fcsimus, millele v\u00f5iks m\u00f5elda ettekande vaatamise eelselt ja j\u00e4rgselt.\n<\/p>\n<h4>\n\tPalun kirjeldage, kuidas inimtegevus m\u00f5jutab tasakaalu Maal neelduva p\u00e4ikeseenergia ja Maa poolt maailmaruumi kiiratava soojusenergia vahel.<br>\n<\/h4>\n<p>\n\t<\/p><div class=\"ratio ratio-16x9 mb-3\"><div class=\"video-placeholder-wrapper video-placeholder-wrapper--16x9\">\n\t\t\t    <div class=\"video-placeholder d-flex justify-content-center align-items-center\">\n\t\t\t        <div class=\"overlay text-white p-2 w-100 text-center d-block justify-content-center align-items-center\">\n\t\t\t            <div>Kolmandate osapoolte sisu n\u00e4gemiseks palun n\u00f5ustu k\u00fcpsistega.<\/div>\n\t\t\t            <button class=\"btn btn-secondary btn-sm mt-1 consent-change\">Muuda n\u00f5usolekut<\/button>\n\t\t\t        <\/div>\n\t\t\t    <\/div>\n\t\t\t<\/div>\n<\/div><br>Velle Tolli ettekanne teemal \u201e<span lang=\"ET\"><span style=\"line-height:107%\"><span>Inimtegevuse m\u00f5ju Maa kliimale\u201c<\/span><\/span><\/span>, salvestatud Tallinnas\u00a0\u00f5ppematerjali \u201eKliimamuutuste ABC\u201c koolitusel 10.03.2023.\n<p><span style=\"font-size:14px\"><span class=\"file media-element file-os-files-link-icon\" data-file_info=\"%7B%22fid%22:78089,%22view_mode%22:%22os_files_link_icon%22,%22type%22:%22media%22%7D\"><img decoding=\"async\" alt=\"\" class=\"file-icon\" src=\"\/profiles\/openscholar\/modules\/os\/modules\/os_files\/icons\/application-pdf.svg\"><\/span><\/span><span style=\"font-size:16px\"><span class=\"file media-element file-os-files-link-icon\" data-file_info=\"%7B%22fid%22:78089,%22view_mode%22:%22os_files_link_icon%22,%22type%22:%22media%22%7D\">\u00a0<\/span><\/span><a data-url=\"https:\/\/sisu.ut.ee\/wp-content\/uploads\/sites\/635\/ettekanne_-_velle_toll.pdf\" href=\"https:\/\/sisu.ut.ee\/wp-content\/uploads\/sites\/635\/ettekanne_-_velle_toll.pdf\" target=\"_blank\" title=\"\" rel=\"noopener\">Velle Tolli ettekanne \u201eInimtegevuse m\u00f5ju Maa kliimale\u201c<\/a><\/p>\n","protected":false},"excerpt":{"rendered":"<p>Velle TollKliimaf\u00fc\u00fcsika kaasprofessorTartu \u00dclikool Maa kliima on inimtegevuse tagaj\u00e4rjel juba \u00fcle \u00fche kraadi soojenenud. S\u00f5ltuvalt inimk\u00e4itumisest ehk tulevastest inimtekkelistest kasvuhoonegaaside heitkogustest soojeneb Maa kliima 21. sajandi l\u00f5puks kuni 6 kraadi. Iga kraadik\u00fcmnendik soojenemist t\u00e4hendab tugevamaid ja sagedasemaid kuumalaineid, p\u00f5udasid ja &#8230;<\/p>\n","protected":false},"author":315,"featured_media":0,"parent":0,"menu_order":0,"comment_status":"closed","ping_status":"closed","template":"","meta":{"_acf_changed":false,"inline_featured_image":false,"footnotes":""},"class_list":["post-109","page","type-page","status-publish","hentry"],"acf":[],"_links":{"self":[{"href":"https:\/\/sisu.ut.ee\/kliimatarkused\/wp-json\/wp\/v2\/pages\/109","targetHints":{"allow":["GET"]}}],"collection":[{"href":"https:\/\/sisu.ut.ee\/kliimatarkused\/wp-json\/wp\/v2\/pages"}],"about":[{"href":"https:\/\/sisu.ut.ee\/kliimatarkused\/wp-json\/wp\/v2\/types\/page"}],"author":[{"embeddable":true,"href":"https:\/\/sisu.ut.ee\/kliimatarkused\/wp-json\/wp\/v2\/users\/315"}],"replies":[{"embeddable":true,"href":"https:\/\/sisu.ut.ee\/kliimatarkused\/wp-json\/wp\/v2\/comments?post=109"}],"version-history":[{"count":1,"href":"https:\/\/sisu.ut.ee\/kliimatarkused\/wp-json\/wp\/v2\/pages\/109\/revisions"}],"predecessor-version":[{"id":586,"href":"https:\/\/sisu.ut.ee\/kliimatarkused\/wp-json\/wp\/v2\/pages\/109\/revisions\/586"}],"wp:attachment":[{"href":"https:\/\/sisu.ut.ee\/kliimatarkused\/wp-json\/wp\/v2\/media?parent=109"}],"curies":[{"name":"wp","href":"https:\/\/api.w.org\/{rel}","templated":true}]}}