{"id":133,"date":"2024-09-18T16:16:32","date_gmt":"2024-09-18T13:16:32","guid":{"rendered":"https:\/\/sisu.ut.ee\/kirke\/?page_id=133"},"modified":"2025-09-23T13:33:10","modified_gmt":"2025-09-23T10:33:10","slug":"huvitavat","status":"publish","type":"page","link":"https:\/\/sisu.ut.ee\/kirke\/huvitavat\/","title":{"rendered":"Teadusleide"},"content":{"rendered":"<div class=\"wp-block-group is-layout-grid wp-container-core-group-is-layout-9649a0d9 wp-block-group-is-layout-grid\">\n<p><\/p>\n\n\n\n<p><\/p>\n\n\n\n<p><\/p>\n<\/div>\n\n\n\n<figure class=\"wp-block-pullquote has-large-font-size\"><blockquote><p>Kirjeldades kiire kuluga s\u00fcndmusi r\u00e4\u00e4givad inimesed pigem kiiremini ja s\u00f5nu kokku hoides. Aeglase kuluga s\u00fcndmusi kirjeldades on k\u00f5netempo tihtipeale aeglasem ning kirjeldus detailirohkem.<\/p><cite>Taremaa, Piia, Johanna Kiik, Leena Karin Toots &amp; Ann Veismann. 2022. Speed as a dimension of manner in Estonian frog stories. <em>Nordic Journal of Linguistics. Online First 15 December 2022<\/em>. https:\/\/doi.org\/10.1017\/S0332586522000245.<\/cite><\/blockquote><\/figure>\n\n\n\n<figure class=\"wp-block-pullquote has-large-font-size\"><blockquote><p>Kiire v\u00e4ljendamiseks on eesti keeles oluliselt rikkalikum valik keelelisi vahendeid kui aeglase v\u00e4ljendamiseks. Kui m\u00f5elda ainu\u00fcksi adverbide peale, on v\u00e4ga suur hulk selliseid, mis m\u00e4rgivad kiiret kulgu (<em>kiiresti<\/em>, <em>kiirelt<\/em>, <em>ruttu<\/em>, <em>k\u00e4hku<\/em>, <em>hoogsalt<\/em>, <em>siva<\/em>, <em>k\u00e4bedasti<\/em> jne), samas kui aeglase m\u00e4rkimiseks on valik kesisem (nt <em>aeglaselt<\/em>, <em>vaikselt<\/em>, <em>pikkamisi<\/em> ).<\/p><cite>Taremaa, Piia &amp; Anetta Kopecka. 2023a. Manner of motion in Estonian: A descriptive account of speed. <em>Studies in Language<\/em> 47(1). 32\u201378. https:\/\/doi.org\/10.1075\/sl.21038.tar.<\/cite><\/blockquote><\/figure>\n\n\n\n<figure class=\"wp-block-pullquote has-large-font-size\"><blockquote><p>Surm on intensiivsem kui elu \u2013  liits\u00f5na esiosisena intensiivistab <em>surm-<\/em> nii kiireid kui aeglaseid adverbe tugevamalt kui esiosis <em>elu-<\/em>. Nii on hinnangukatse j\u00e4rgi <em>surmkiirelt<\/em> eesti keele k\u00f5nelejate jaoks kiirem kui <em>elukiirelt <\/em>ning <em>surmaeglaselt<\/em> aeglasem kui <em>eluaeglaselt<\/em>.<\/p><cite>Taremaa, Piia. 2025. How fast is fast and how slow is slow in mental simulation? Two rating studies on Estonian speed adverbs. Linguistics Vanguard, Online First 23 September 2025. https:\/\/doi.org\/10.1515\/lingvan-2024-0195.<\/cite><\/blockquote><\/figure>\n","protected":false},"excerpt":{"rendered":"<p>Kirjeldades kiire kuluga s\u00fcndmusi r\u00e4\u00e4givad inimesed pigem kiiremini ja s\u00f5nu kokku hoides. Aeglase kuluga s\u00fcndmusi kirjeldades on k\u00f5netempo tihtipeale aeglasem ning kirjeldus detailirohkem. Taremaa, Piia, Johanna Kiik, Leena Karin Toots &amp; Ann Veismann. 2022. Speed as a dimension of manner &#8230;<\/p>\n","protected":false},"author":443,"featured_media":0,"parent":0,"menu_order":0,"comment_status":"closed","ping_status":"closed","template":"","meta":{"_acf_changed":false,"inline_featured_image":false,"footnotes":""},"class_list":["post-133","page","type-page","status-publish","hentry"],"acf":[],"_links":{"self":[{"href":"https:\/\/sisu.ut.ee\/kirke\/wp-json\/wp\/v2\/pages\/133","targetHints":{"allow":["GET"]}}],"collection":[{"href":"https:\/\/sisu.ut.ee\/kirke\/wp-json\/wp\/v2\/pages"}],"about":[{"href":"https:\/\/sisu.ut.ee\/kirke\/wp-json\/wp\/v2\/types\/page"}],"author":[{"embeddable":true,"href":"https:\/\/sisu.ut.ee\/kirke\/wp-json\/wp\/v2\/users\/443"}],"replies":[{"embeddable":true,"href":"https:\/\/sisu.ut.ee\/kirke\/wp-json\/wp\/v2\/comments?post=133"}],"version-history":[{"count":13,"href":"https:\/\/sisu.ut.ee\/kirke\/wp-json\/wp\/v2\/pages\/133\/revisions"}],"predecessor-version":[{"id":433,"href":"https:\/\/sisu.ut.ee\/kirke\/wp-json\/wp\/v2\/pages\/133\/revisions\/433"}],"wp:attachment":[{"href":"https:\/\/sisu.ut.ee\/kirke\/wp-json\/wp\/v2\/media?parent=133"}],"curies":[{"name":"wp","href":"https:\/\/api.w.org\/{rel}","templated":true}]}}