{"id":7,"date":"2024-04-03T23:25:27","date_gmt":"2024-04-03T20:25:27","guid":{"rendered":"https:\/\/sisu.ut.ee\/kirjastuste\/kasutajaks-registreerimine\/"},"modified":"2024-04-03T23:25:27","modified_gmt":"2024-04-03T20:25:27","slug":"kasutajaks-registreerimine","status":"publish","type":"page","link":"https:\/\/sisu.ut.ee\/kirjastuste\/kasutajaks-registreerimine\/","title":{"rendered":"Kasutajaks registreerimine"},"content":{"rendered":"<p>\n\t<span>K\u00f5ikides nendes andmebaasides saate teha endale ka oma kasutajakonto. See v\u00f5imaldab salvestada oma otsinguid, tellida Alert-teenust, koguda kokku endale olulised ajakirjad, artiklid, jne. Andmebaasides leiate enamasti avalehel \u00fcleval <\/span><span>koha, kus registreeruda ja kus sisse logida, kui teil on juba oma kasutajatunnused. Samuti info selle kohta, mida see teile v\u00f5imaldab. N\u00e4iteks saate tellida infot teie salvestatud otsingule vastavate uute artiklit lisandumisest andmebaasi v\u00f5i infot ajakirja uute numbrite sisu kohta.<\/span><\/p>\n","protected":false},"excerpt":{"rendered":"<p>K\u00f5ikides nendes andmebaasides saate teha endale ka oma kasutajakonto. See v\u00f5imaldab salvestada oma otsinguid, tellida Alert-teenust, koguda kokku endale olulised ajakirjad, artiklid, jne. Andmebaasides leiate enamasti avalehel \u00fcleval koha, kus registreeruda ja kus sisse logida, kui teil on juba oma &#8230;<\/p>\n","protected":false},"author":5,"featured_media":0,"parent":0,"menu_order":0,"comment_status":"closed","ping_status":"closed","template":"","meta":{"_acf_changed":false,"inline_featured_image":false,"footnotes":""},"class_list":["post-7","page","type-page","status-publish","hentry"],"acf":[],"_links":{"self":[{"href":"https:\/\/sisu.ut.ee\/kirjastuste\/wp-json\/wp\/v2\/pages\/7","targetHints":{"allow":["GET"]}}],"collection":[{"href":"https:\/\/sisu.ut.ee\/kirjastuste\/wp-json\/wp\/v2\/pages"}],"about":[{"href":"https:\/\/sisu.ut.ee\/kirjastuste\/wp-json\/wp\/v2\/types\/page"}],"author":[{"embeddable":true,"href":"https:\/\/sisu.ut.ee\/kirjastuste\/wp-json\/wp\/v2\/users\/5"}],"replies":[{"embeddable":true,"href":"https:\/\/sisu.ut.ee\/kirjastuste\/wp-json\/wp\/v2\/comments?post=7"}],"version-history":[{"count":1,"href":"https:\/\/sisu.ut.ee\/kirjastuste\/wp-json\/wp\/v2\/pages\/7\/revisions"}],"predecessor-version":[{"id":14,"href":"https:\/\/sisu.ut.ee\/kirjastuste\/wp-json\/wp\/v2\/pages\/7\/revisions\/14"}],"wp:attachment":[{"href":"https:\/\/sisu.ut.ee\/kirjastuste\/wp-json\/wp\/v2\/media?parent=7"}],"curies":[{"name":"wp","href":"https:\/\/api.w.org\/{rel}","templated":true}]}}