{"id":59,"date":"2026-03-18T18:16:06","date_gmt":"2026-03-18T16:16:06","guid":{"rendered":"https:\/\/sisu.ut.ee\/kirjastuste\/?page_id=59"},"modified":"2026-03-18T18:19:03","modified_gmt":"2026-03-18T16:19:03","slug":"oxford-academic-ai-discovery-assistant","status":"publish","type":"page","link":"https:\/\/sisu.ut.ee\/kirjastuste\/oxford-academic-ai-discovery-assistant\/","title":{"rendered":"Oxford Academic AI Discovery Assistant"},"content":{"rendered":"<p>Oxford Academic tehisintellektil p\u00f5hinev uus otsinguvahend, mis ei n\u00f5ua t\u00e4psete otsingus\u00f5nadega p\u00e4ringut, vaid v\u00f5imaldab teha p\u00e4ringuid loomulikus keeles. V\u00f5ib esitada vabas vormis k\u00fcsimuse v\u00f5i kirjeldada oma otsinguteemat.<\/p>\n\n\n\n<p>Esitatud k\u00fcsimuse p\u00f5hjal pakutakse <strong>kuni k\u00fcmme k\u00f5ige asjakohasemat allikat<\/strong> Oxford Academicu andmebaasist. Tulemused kuvatakse relevantsuse alusel j\u00e4rjestatuna.<\/p>\n\n\n\n<p>Iga tulemuse juurde lisatakse <strong>AI\u2011genereeritud kahe lausega kokkuv\u00f5tte<\/strong>, kui originaalabstrakt on saadaval.<\/p>\n\n\n\n<p>T\u00e4psemalt saab selle kohta lugeda <a href=\"https:\/\/academic.oup.com\/pages\/using-the-content\/ai-discovery-assistant\" target=\"_blank\" rel=\"noreferrer noopener\">https:\/\/academic.oup.com\/pages\/using-the-content\/ai-discovery-assistant<\/a><\/p>\n\n\n\n<p><\/p>\n","protected":false},"excerpt":{"rendered":"<p>Oxford Academic tehisintellektil p\u00f5hinev uus otsinguvahend, mis ei n\u00f5ua t\u00e4psete otsingus\u00f5nadega p\u00e4ringut, vaid v\u00f5imaldab teha p\u00e4ringuid loomulikus keeles. V\u00f5ib esitada vabas vormis k\u00fcsimuse v\u00f5i kirjeldada oma otsinguteemat. Esitatud k\u00fcsimuse p\u00f5hjal pakutakse kuni k\u00fcmme k\u00f5ige asjakohasemat allikat Oxford Academicu andmebaasist. Tulemused &#8230;<\/p>\n","protected":false},"author":5,"featured_media":0,"parent":0,"menu_order":0,"comment_status":"closed","ping_status":"closed","template":"","meta":{"_acf_changed":false,"inline_featured_image":false,"footnotes":""},"class_list":["post-59","page","type-page","status-publish","hentry"],"acf":[],"_links":{"self":[{"href":"https:\/\/sisu.ut.ee\/kirjastuste\/wp-json\/wp\/v2\/pages\/59","targetHints":{"allow":["GET"]}}],"collection":[{"href":"https:\/\/sisu.ut.ee\/kirjastuste\/wp-json\/wp\/v2\/pages"}],"about":[{"href":"https:\/\/sisu.ut.ee\/kirjastuste\/wp-json\/wp\/v2\/types\/page"}],"author":[{"embeddable":true,"href":"https:\/\/sisu.ut.ee\/kirjastuste\/wp-json\/wp\/v2\/users\/5"}],"replies":[{"embeddable":true,"href":"https:\/\/sisu.ut.ee\/kirjastuste\/wp-json\/wp\/v2\/comments?post=59"}],"version-history":[{"count":2,"href":"https:\/\/sisu.ut.ee\/kirjastuste\/wp-json\/wp\/v2\/pages\/59\/revisions"}],"predecessor-version":[{"id":62,"href":"https:\/\/sisu.ut.ee\/kirjastuste\/wp-json\/wp\/v2\/pages\/59\/revisions\/62"}],"wp:attachment":[{"href":"https:\/\/sisu.ut.ee\/kirjastuste\/wp-json\/wp\/v2\/media?parent=59"}],"curies":[{"name":"wp","href":"https:\/\/api.w.org\/{rel}","templated":true}]}}