{"id":3,"date":"2024-04-03T23:25:26","date_gmt":"2024-04-03T20:25:26","guid":{"rendered":"https:\/\/sisu.ut.ee\/kirjastuste\/artiklite-eksportimine\/"},"modified":"2024-04-03T23:25:27","modified_gmt":"2024-04-03T20:25:27","slug":"artiklite-eksportimine","status":"publish","type":"page","link":"https:\/\/sisu.ut.ee\/kirjastuste\/artiklite-eksportimine\/","title":{"rendered":"Kirjete eksportimine"},"content":{"rendered":"<p class=\"style5\">\n\t<strong>Eksportimine viidete haldurisse <a data-url=\"https:\/\/www.zotero.org\/\" href=\"https:\/\/www.zotero.org\/\" target=\"_blank\" title=\"\" rel=\"noopener\">Zotero<\/a>.<\/strong>\n<\/p>\n<p class=\"style5\">\n\tAvatud kirjeid saab lisada Zoterosse \u00fchekaupa aadressiribal Zotero ikoonil kl\u00f5psates ja toimib ka otsingutulemuste lehel kirjete \u00fclekandmine aadressiribale tekkiva\u00a0kausta\u00a0ikooni kaudu. Kirjeid ei pea enne m\u00e4rgistama, kl\u00f5psake kaustaga ikoonil, avaneb uus kirjete loetelu, kust saab vajalikud kirjed v\u00e4lja valida. Vt Zotero juhendist\u00a0<a href=\"https:\/\/sisu.ut.ee\/zoterojuhend\/kirjete-kogumine-zoterosse\" target=\"_blank\" rel=\"noopener\">https:\/\/sisu.ut.ee\/zoterojuhend\/kirjete-kogumine-zoterosse<\/a>\n<\/p>\n<p class=\"style5\">\n\t<strong>Eksportimine viidete haldurisse <a href=\"https:\/\/sisu.ut.ee\/enwebjuhend\/avaleht\" target=\"_blank\" rel=\"noopener\">EndNote Online<\/a><\/strong>\n<\/p>\n<p class=\"style5\">\n\t<span style=\"line-height: 1.6em\">Kirjastuste andmebaasidest eksportides tuleb kirjed vahepeal oma arvutisse salvestada. Kirjete \u00fclekandmise viisid muutuvad, sageli tuleb katsetada ka erinevaid formaate. Sobida v\u00f5ivad RIS ja Reference Manager.\u00a0 Allalaetud faili EndNote\u2019i importimisel sobib sel juhul\u00a0<em>Import Option <\/em>all\u00a0valik <em>RefMan RIS.<\/em><\/span>\n<\/p>\n<p class=\"style5\">\n\t<span style=\"line-height: 1.6em\">J\u00e4rgnevalt m\u00f5ned kirjete \u00fclekandmise v\u00f5imalused:<\/span>\n<\/p>\n<p>\n\t<span data-mce-mark=\"1\">Andmebaasis\u00a0<strong>Cambridge Journals <\/strong>on kirjete juures link<strong>\u00a0<\/strong><em>Export Citation<\/em>, avanenud lehel valige allalaadimise formaadiks RIS.\u00a0<br>EndNote\u2019i\u00a0importimisel valige<em> Import Option valikutest RefMan RIS.<\/em><span>\u00a0<\/span><\/span>\n<\/p>\n<p>\n\t<span data-mce-mark=\"1\">Andmebaasis\u00a0<strong>Oxford Journals<\/strong>\u00a0toimib h\u00e4sti <em>Capture Reference<\/em>, kui olete artikli kirje avanud.\u00a0\u00a0<\/span>\n<\/p>\n<p>\n\t<span data-mce-mark=\"1\">Andmebaasis <strong>Sage Journals <\/strong>m\u00e4rkige kirjed, valige \u00fcleval <em>Download selected citations<\/em>, formaat j\u00e4tke\u00a0<em>RIS (proCite, Reference Manager) , <\/em>edasi<em> Download Citation.<\/em><\/span>\n<\/p>\n<p>\n\t<span style=\"line-height: 1.6em\">Andmebaasis\u00a0<\/span><strong style=\"line-height: 1.6em\">ScienceDirect<\/strong><span style=\"line-height: 1.6em\">\u00a0kl\u00f5psake peale kirjete valimist\u00a0<\/span><em>Export<\/em><span style=\"line-height: 1.6em\">, edasi Export Citation to RIS.\u00a0<\/span>\n<\/p>\n<p>\n\t<span>Andmebaasis <strong>SpringerLink<\/strong> <\/span><span data-mce-mark=\"1\">toimib h\u00e4sti <em>Capture Reference<\/em>, kui olete artikli kirje avanud.\u00a0<\/span>\n<\/p>\n<p>\n\t<span>Andmebaasis\u00a0<strong>Taylor&amp;Francis Online<\/strong>\u00a0valige peale kirjete m\u00e4rkimist otsitulemuste lehel \u00fclal\u00a0<em>Download citations,\u00a0<\/em>seej\u00e4rel\u00a0<em>Choose format\u00a0<\/em>\u00a0all <em>RIS<\/em>. J\u00e4lgige, et h\u00fcpikaknad oleksid lubatud.\u00a0<\/span>\n<\/p>\n<p>\n\t<span>Andmebaasis\u00a0<strong>Wiley Online Library<\/strong>\u00a0m\u00e4rkige kirjed, valige\u00a0<em>Export Citations<\/em>, seej\u00e4rel j\u00e4rgmisel lehel\u00a0<em>Format: Plain Text<\/em>. \u00a0<\/span><br>\u00a0<\/p>\n","protected":false},"excerpt":{"rendered":"<p>Eksportimine viidete haldurisse Zotero. Avatud kirjeid saab lisada Zoterosse \u00fchekaupa aadressiribal Zotero ikoonil kl\u00f5psates ja toimib ka otsingutulemuste lehel kirjete \u00fclekandmine aadressiribale tekkiva\u00a0kausta\u00a0ikooni kaudu. Kirjeid ei pea enne m\u00e4rgistama, kl\u00f5psake kaustaga ikoonil, avaneb uus kirjete loetelu, kust saab vajalikud kirjed &#8230;<\/p>\n","protected":false},"author":5,"featured_media":0,"parent":0,"menu_order":0,"comment_status":"closed","ping_status":"closed","template":"","meta":{"_acf_changed":false,"inline_featured_image":false,"footnotes":""},"class_list":["post-3","page","type-page","status-publish","hentry"],"acf":[],"_links":{"self":[{"href":"https:\/\/sisu.ut.ee\/kirjastuste\/wp-json\/wp\/v2\/pages\/3","targetHints":{"allow":["GET"]}}],"collection":[{"href":"https:\/\/sisu.ut.ee\/kirjastuste\/wp-json\/wp\/v2\/pages"}],"about":[{"href":"https:\/\/sisu.ut.ee\/kirjastuste\/wp-json\/wp\/v2\/types\/page"}],"author":[{"embeddable":true,"href":"https:\/\/sisu.ut.ee\/kirjastuste\/wp-json\/wp\/v2\/users\/5"}],"replies":[{"embeddable":true,"href":"https:\/\/sisu.ut.ee\/kirjastuste\/wp-json\/wp\/v2\/comments?post=3"}],"version-history":[{"count":1,"href":"https:\/\/sisu.ut.ee\/kirjastuste\/wp-json\/wp\/v2\/pages\/3\/revisions"}],"predecessor-version":[{"id":15,"href":"https:\/\/sisu.ut.ee\/kirjastuste\/wp-json\/wp\/v2\/pages\/3\/revisions\/15"}],"wp:attachment":[{"href":"https:\/\/sisu.ut.ee\/kirjastuste\/wp-json\/wp\/v2\/media?parent=3"}],"curies":[{"name":"wp","href":"https:\/\/api.w.org\/{rel}","templated":true}]}}