{"id":95,"date":"2024-04-03T23:32:21","date_gmt":"2024-04-03T20:32:21","guid":{"rendered":"https:\/\/sisu.ut.ee\/keskkond\/hooli-ja-hoia\/"},"modified":"2024-04-03T23:39:08","modified_gmt":"2024-04-03T20:39:08","slug":"hooli-ja-hoia","status":"publish","type":"page","link":"https:\/\/sisu.ut.ee\/keskkond\/hooli-ja-hoia\/","title":{"rendered":"Hooli ja hoia"},"content":{"rendered":"<p><strong>Tartu lasteaed Rukkilill<\/strong><\/p>\n<p>Projekti l\u00e4biviijad: Marlen Kaarl\u00f5pp, Eda Reinhold, Thea Kaiv, Anu Turu ja lisaks kogu Tartu lasteaed Rukkilille meeskond<\/p>\n<p><strong>Projekti eesm\u00e4rk:<\/strong><\/p>\n<p>1. M\u00e4ngulise tegevuse kaudu v\u00e4\u00e4rtustab laps keskkonnahoidlikku m\u00f5tteviisi, m\u00e4rkab n\u00e4htusi ja muutusi looduses ning m\u00f5istab looduses valitsevaid seoseid ja seadusp\u00e4rasusi<\/p>\n<p>2. Laps omandab keskkonnan\u00e4dalal osaledes uusi teadmisi.<\/p>\n<p>3. Lapsed saavad \u00fcheskoos tegutsemisel eduelamusi.<\/p>\n<p>4. Lapsevanemad osalevad aktiivselt keskkonnategevustes.<\/p>\n<p><strong>Sihtr\u00fchm:<\/strong><\/p>\n<p>\u2022\u00a0 K\u00f5ik lasteaia lapsed<br>\u2022\u00a0 K\u00f5ik lasteaed Rukkilill t\u00f6\u00f6tajad<br>\u2022\u00a0 IV etapis k\u00f5ik lasteaia lapsed koos vanematega ~ 300 inimest<\/p>\n<p><strong>Koost\u00f6\u00f6partnerid:<\/strong><\/p>\n<p><strong><\/strong>Tootjavastutusorganisatsioon O\u00dc<\/p>\n<p>Teadusring \u201eKolm p\u00f5rsakest\u201c<\/p>\n<p>Infosaundgrupp O\u00dc<\/p>\n<p><strong>Seotus lasteaia aastateemaga:<\/strong><\/p>\n<p><strong><\/strong>Lasteaed Rukkilille 2013\/2014. \u00f5.a l\u00e4biv teema:<\/p>\n<p>\u00a0\u201eV\u00e4ike heategu igasse p\u00e4eva!\u201c<\/p>\n<p>Eesm\u00e4rgid:<\/p>\n<p>\u2022 lapsed \u00f5pivad tundma iseennast, oma v\u00f5imeid ja soove;<\/p>\n<p>\u2022 lapsed hoolivad \u00fcksteisest, kaasinimestest, oma kodumaast ja keskkonnast;<\/p>\n<p>\u2022 lapsevanemad on kaasatud v\u00e4\u00e4rtuskasvatuslikku tegevusse<\/p>\n<p><strong>Projekti kirjeldus ja vajalikkuse p\u00f5hjendus:<\/strong><\/p>\n<p>Meie p\u00f5lvkond on harjunud tarbima ja meie lapsed on harjunud tarbima. Kuidas kasvatada inimestes harjumust v\u00e4hendada tarbimist, m\u00f5elda keskkonnale ja meie k\u00e4itumise tagaj\u00e4rgedele?<\/p>\n<p>Kindlasti tuleb alustada keskkonnas\u00e4\u00e4stliku m\u00f5tteviisi kujundamist juba lasteaias. Lapsed on v\u00e4ga tolerantsed ja vastuv\u00f5tlikud. Kasvatades lastes s\u00e4\u00e4stvat suhtumist keskkonda, kasvatame ka vanemaid. Meie kogemuse p\u00f5hjal on lapsed kodus k\u00f5ige paremad harjumuste muutjad ja kujundajad.<\/p>\n<p><strong>Projekti tegevusplaan ja ajakava:<\/strong><\/p>\n<p>26.\u201330. Mai \u2013 keskkonnan\u00e4dal. Keskkonnan\u00e4dala raames on erinevates tegevustes l\u00f5imitud j\u00e4rgmised valdkonnad: Mina ja Keskkond, Keel ja K\u00f5ne, Matemaatika, Kunst, Muusika ja Liikumine.<\/p>\n<p>Tegevused toimuvad lasteaia looduslikult kaunil \u00f5uealal.<\/p>\n<p><strong><span style=\"color: #008000\">Tegevus 1<\/span><\/strong><\/p>\n<p><strong><span style=\"color: #ff6600\">26. mai \u2013 \u00f5hup\u00e4ev<\/span><\/strong><\/p>\n<p>Laps tutvub huvitavate katsete abil \u00f5hu omadustega. Laps arutleb \u00f5hu puhtuse ja vajalikkuse \u00fcle. Laps tutvub uute m\u00f5istetega, nt saastatus.<\/p>\n<p>Tegevuse aeg on u 3 tundi (igale r\u00fchmale ~ 25 minutit)<\/p>\n<p><em>\u00d5hup\u00e4eva tegevused:<\/em><\/p>\n<ul>\n<li><em>\u00d5hupall kui lennuk<\/em><\/li>\n<\/ul>\n<p>\u00d5hupallist on hea teha kiirelt lendav lennuk. Selleks puhu pall<\/p>\n<p>\u00f5hku t\u00e4is ja lase siis lahti. K\u00fcll aga lendab. Ettevaatust, v\u00e4ikesed<\/p>\n<p>lapsed seda ise teha ei saa. T\u00e4iskasvanu puhub ja laps laseb lendu.<\/p>\n<ul>\n<li><em>Lehvik<\/em><\/li>\n<\/ul>\n<p>Selleks on vaja v\u00e4hemalt A5-suurust paberit (p\u00f5nev lehvik saab kataloogi lehest). Voldi paber umbes 1 sentimeetri laiuseks voldikuks. Voldikut lehvitades tunned, kuidas \u00f5hk hakkab liikuma ja m\u00f5nusalt jahutab. Lehvikuga on hea liigutada paigast kergemaid esemeid (puulehed, suled, v\u00e4ikesed paberit\u00fckid).<\/p>\n<ul>\n<li><em>Sulgede puhumine<\/em><\/li>\n<\/ul>\n<p>Pane sulg kas peo peale v\u00f5i lauale. Puhu suuga \u00f5hku erineva tugevusega ja vaata, kuidas sulg lendab. Hea teha v\u00f5istlusi, kellel lendleb sulg kauem v\u00f5i kaugemale.<\/p>\n<p>Lisaks tegi \u00f5pilasfirma \u201eKolm P\u00f5rsakest\u201c\u00f5hupallidega trikke.<\/p>\n<p><strong><span style=\"color: #008000\">Tegevus 2<br><\/span><\/strong><\/p>\n<p><span style=\"color: #ff6600\"><strong>27.<\/strong><strong> m<\/strong><strong>a<\/strong><strong>i-\u00a0<\/strong><strong> j\u00e4\u00e4tmep\u00e4ev<\/strong><\/span><\/p>\n<p>Lapsed saavad \u00f5petliku loo \u201eMida Juku j\u00e4\u00e4tmetest ei \u00f5pi, seda Juhan ei tea\u201c abil olulisi teadmisi taaskasutuse v\u00f5imalustest ja s\u00e4\u00e4stliku eluviisi kasulikkusest. Nt kui kaua erinevad j\u00e4\u00e4tmed pr\u00fcgim\u00e4el lagunevad? Mis saab sorteeritud j\u00e4\u00e4tmetest edasi? Lapsed saavad ise aktiivselt j\u00e4\u00e4tmeid sorteerida ja neid \u00f5igetesse j\u00e4\u00e4tmekonteineritesse koguda. Laste tegevust suunavad looduses\u00f5brad Kertu ja Liisi.<\/p>\n<p>Tegevuse aeg on u 3 tundi (igale r\u00fchmale ~ 25 minutit)<\/p>\n<p><em>J\u00e4\u00e4tmep\u00e4eval said lapsed teada:<\/em><\/p>\n<p><em>Mis saab pr\u00fcgist pr\u00fcgim\u00e4el?<\/em><\/p>\n<p>Pr\u00fcgi pressitakse raskete veokitega kokku ja j\u00e4\u00e4dakse ootama selle lagunemist.<\/p>\n<p><em>Kui kaua pr\u00fcgi pr\u00fcgim\u00e4el laguneb?<\/em><\/p>\n<p>Paber ja papp 2,5 kuud; Apelsinikoor 6 kuud; Piimapakk 5 aastat; Suitsukoni 10\u201312 aastat; Kilekott 10\u201320 aastat;<\/p>\n<p>Plastpudel 50\u201380 aastat; Beebi m\u00e4hkmed 75 aastat;<\/p>\n<p>Konservikarp 100 aastat; Joogipurk 200\u2013500 aastat<\/p>\n<p><strong><span style=\"color: #008000\"><strong><span style=\"color: #008000\"><strong><span style=\"color: #008000\">Tegevus 3<\/span><\/strong><\/span><\/strong><\/span><\/strong><\/p>\n<p><strong><span style=\"color: #ff6600\">28. mai \u2013 veep\u00e4ev<\/span><\/strong><\/p>\n<p>Huvitavate katsete abil tutvuvad lapsed vee omadustega. Arutletakse vee puhtuse ja s\u00e4\u00e4stmise teemadel. Kasutame uurimuslikku \u00f5pet ja selle meetodeid (r\u00fchmat\u00f6\u00f6d, \u00fchiseid arutelusid, katseid, m\u00e4nge). Samuti kasutame avastus\u00f5pet ja selle \u00f5ppevahendite kasti.<\/p>\n<p>Tegevuse aeg u 3 tundi (igale r\u00fchmale ~ 25 minutit)<\/p>\n<p><em>Veep\u00e4eva tegevused: \u00a0<\/em><\/p>\n<p><em>Klaasid ja vesi teevad koos muusikat<\/em><\/p>\n<p>Selle tegevuse jaoks l\u00e4heb vaja erineva suuruse ja paksusega klaase. (Mida \u00f5hem on joogiklaas, seda parem, h\u00e4sti sobib n\u00e4iteks veinipokaal). Joogiklaasid tuleb t\u00e4ita veega ja siis s\u00f5rmega m\u00f6\u00f6da klaasi serva liigutada. N\u00fc\u00fcd peaks hakkama kostuma vibreeriv heli. Katsetamise k\u00e4igus v\u00f5iks v\u00f5tta kasutusele erinevaid klaase.<\/p>\n<p><em>Ujub v\u00f5i upub<\/em><\/p>\n<p>Tegevuse jaoks on vaja erineva raskusega esemeid (sobivad kuulid, suled, klotsid jne) ja suuremat veega t\u00e4idetud n\u00f5ud. Hea, kui anum, millesse esemeid hakatakse panema, oleks l\u00e4bipaistev, see lihtsustaks vaatlemist, et kas antud ese ujub v\u00f5i upub.<\/p>\n<p>Kui tegevuse jaoks on vajalikud esemed kokku korjatud, siis hakkavad lapsed ennustama, kas ese ujub v\u00f5i upub, ja seej\u00e4rel panevad eseme vaikselt vette ning vaatavad, kas ennustus l\u00e4heb t\u00e4ide v\u00f5i mitte.<\/p>\n<p><em>T\u00e4psuslaskmine s\u00fcstlaga<\/em><\/p>\n<p>Tegevuse jaoks l\u00e4heb vaja s\u00fcstlaid ja vett. \u00d5petaja joonistab kriidiga sobivasse kohta m\u00e4rklaua ja lapsed hakkavad m\u00e4\u00e4ratud kaugusest m\u00e4rki laskma. Kes tabab keskpunkti, see on v\u00f5itja.<\/p>\n<p><strong><span style=\"color: #008000\"><strong><span style=\"color: #008000\"><strong><span style=\"color: #008000\">Tegevus 4<br><\/span><\/strong><\/span><\/strong><\/span><\/strong><\/p>\n<p><strong><span style=\"color: #ff6600\">29. mai \u2013 koguperepidu \u201eHooli ja hoia\u201c<\/span><\/strong><\/p>\n<p>Pidu algab laste esinemisega, kus l\u00e4bivaks teemaks on r\u00f5\u00f5m meid \u00fcmbritsevast keskkonnast, kus lapsed saavad kasvada ja areneda. Meie muusika\u00f5petaja Piia Annilo m\u00f5tles Eesti rahvaloomingule tuginedes v\u00e4lja toredad kavad nt \u201eAedniku tants\u201c, \u201eP\u00e4ike, \u00f5hk ja vesi\u201c\u2013 \u00f5petajate ja laste \u00fchisesinemine, lastevanemate ja laste \u00fchistants jpm.<\/p>\n<p>Edasi j\u00e4tkus perepidu erinevates keskustes \u00fchise meisterdamisega taaskasutusmaterjale kasutades:<\/p>\n<p><em>I\u2013 pillide valmistamine<\/em><\/p>\n<p>(kasutasime majapidamispaberite rulle, vanu mahla- ja piimapakke ja kaunistamiseks mitmesugust looduslikku materjali)<\/p>\n<p><em>II \u2013 kasside meisterdamine<\/em><\/p>\n<p>(kasutasime vanu puhtakspestud piimakotte, t\u00e4itematerjali jm)<\/p>\n<p><em>III \u2013 r\u00e4tinuku ja sokilooma meisterdamine<\/em><\/p>\n<p>(kasutasime vanu \u00fcksikuks j\u00e4\u00e4nud sokke, vanu pehmeks pestud lasteaia mahakantud linu, vanaemade n\u00f6\u00f6bikarpide sisu jm)<\/p>\n<p>Kaalusime pikalt, mida meisterdada, ja palusime juba aprillis tuua vanematel v\u00f5imalusel kodust taaskasutusmaterjali. Meisterdamine valmistas lastele ja vanematele suurt r\u00f5\u00f5mu. \u00d5nnelikult l\u00e4ksid lapsed koju, \u00fches kaenlas sokiloom, teises vihmapill, ja uhke kass nagu lipp k\u00e4es.<\/p>\n<p><strong>Eeldatav tulemus:<\/strong><\/p>\n<p>1. M\u00e4ngulise tegevuse kaudu v\u00e4\u00e4rtustab laps keskkonnahoidlikku m\u00f5tteviisi, m\u00e4rkab n\u00e4htusi ja muutusi looduses ning m\u00f5istab looduses valitsevaid seoseid ja seadusp\u00e4rasusi.<\/p>\n<p>2. Laps omandab keskkonnan\u00e4dalal osaledes uusi teadmisi.<\/p>\n<p>3. Lapsed saavad \u00fcheskoos tegutsemisel eduelamusi.<\/p>\n<p>4. Lapsevanemad osalevad aktiivselt keskkonnategevustes.<\/p>\n<p><strong>Saavutatud tuemus:<\/strong><\/p>\n<p>Projekt \u00f5nnestus 100%.<\/p>\n<p>Oleme veendunud, et:<\/p>\n<p>1. meie lasteaia lapsed v\u00e4\u00e4rtustavad keskkonnahoidlikku m\u00f5tteviisi, m\u00e4rkavad erinevaid n\u00e4htusi ja muutusi looduses ja m\u00f5istavad looduses valitsevaid seoseid ja seadusp\u00e4rasusi;<\/p>\n<p>2. lapsed omandasid keskkonnan\u00e4dalal osaledes uusi teadmisi;<\/p>\n<p>3. lapsed said \u00fcheskoos tegutsemisel eduelamusi (Meie, t\u00e4iskasvanud, n\u00e4gime laste silmis suurt r\u00f5\u00f5mu, kui lapsed koos vanematega meisterdasid lihtsaid, kuid t\u00e4hendusega asjakesi.);<\/p>\n<p>4. lapsevanemad osalesid aktiivselt keskkonnan\u00e4dalal ja koguperepeol.<\/p>\n","protected":false},"excerpt":{"rendered":"<p>Tartu lasteaed Rukkilill Projekti l\u00e4biviijad: Marlen Kaarl\u00f5pp, Eda Reinhold, Thea Kaiv, Anu Turu ja lisaks kogu Tartu lasteaed Rukkilille meeskond Projekti eesm\u00e4rk: 1. M\u00e4ngulise tegevuse kaudu v\u00e4\u00e4rtustab laps keskkonnahoidlikku m\u00f5tteviisi, m\u00e4rkab n\u00e4htusi ja muutusi looduses ning m\u00f5istab looduses valitsevaid seoseid &#8230;<\/p>\n","protected":false},"author":42,"featured_media":0,"parent":0,"menu_order":0,"comment_status":"closed","ping_status":"closed","template":"","meta":{"_acf_changed":false,"inline_featured_image":false,"footnotes":""},"class_list":["post-95","page","type-page","status-publish","hentry"],"acf":[],"_links":{"self":[{"href":"https:\/\/sisu.ut.ee\/keskkond\/wp-json\/wp\/v2\/pages\/95","targetHints":{"allow":["GET"]}}],"collection":[{"href":"https:\/\/sisu.ut.ee\/keskkond\/wp-json\/wp\/v2\/pages"}],"about":[{"href":"https:\/\/sisu.ut.ee\/keskkond\/wp-json\/wp\/v2\/types\/page"}],"author":[{"embeddable":true,"href":"https:\/\/sisu.ut.ee\/keskkond\/wp-json\/wp\/v2\/users\/42"}],"replies":[{"embeddable":true,"href":"https:\/\/sisu.ut.ee\/keskkond\/wp-json\/wp\/v2\/comments?post=95"}],"version-history":[{"count":1,"href":"https:\/\/sisu.ut.ee\/keskkond\/wp-json\/wp\/v2\/pages\/95\/revisions"}],"predecessor-version":[{"id":1017,"href":"https:\/\/sisu.ut.ee\/keskkond\/wp-json\/wp\/v2\/pages\/95\/revisions\/1017"}],"wp:attachment":[{"href":"https:\/\/sisu.ut.ee\/keskkond\/wp-json\/wp\/v2\/media?parent=95"}],"curies":[{"name":"wp","href":"https:\/\/api.w.org\/{rel}","templated":true}]}}