{"id":91,"date":"2024-04-03T23:32:20","date_gmt":"2024-04-03T20:32:20","guid":{"rendered":"https:\/\/sisu.ut.ee\/keskkond\/oppematerjalid-avatud-opikeskkonna-kasutamiseks\/"},"modified":"2024-04-03T23:39:08","modified_gmt":"2024-04-03T20:39:08","slug":"oppematerjalid-avatud-opikeskkonna-kasutamiseks","status":"publish","type":"page","link":"https:\/\/sisu.ut.ee\/keskkond\/oppematerjalid-avatud-opikeskkonna-kasutamiseks\/","title":{"rendered":"\u00d5ppematerjalid avatud \u00f5pikeskkonna kasutamiseks"},"content":{"rendered":"<p style=\"text-align: left\" align=\"center\">Nendest v\u00e4ljaannetest ning elektroonilistest materjalidest leiab \u00f5petaja ideid ja innustust avatud \u00f5pikeskkonna kasutamiseks<\/p>\n<p style=\"text-align: left\" align=\"center\">Koostas: Margit Teller<\/p>\n<p>Br\u00fcgge, B., Glantz, M. &amp; Sandell, K. 2008. \u00d5ues\u00f5pe. Kirjastus Ilo.<\/p>\n<p>Eesti Rahva Muinasjutud. <a href=\"http:\/\/www.folklore.ee\/pubte\/muina\/antoloogia\/\">http:\/\/www.folklore.ee\/pubte\/muina\/antoloogia\/<\/a><\/p>\n<p>Ehlvest. A. &amp; Kont, H. 2010.Uurime ja avastame. Aktiiv\u00f5ppe abimaterjal.\u00a0 Tartu keskkonnahariduse keskus. \u00a0<a href=\"http:\/\/www.hyria.fi\/files\/3633\/Uurime_ja_Avastame_vaike_pdf.pdf\">http:\/\/www.hyria.fi\/files\/3633\/Uurime_ja_Avastame_vaike_pdf.pdf<\/a><\/p>\n<p>Juhanson, L. 2011. Metsast ja selle asukatest. \u00d5ppem\u00e4nge. TEA Kirjastus.<\/p>\n<p>Jutukesed loodusest. N\u00e4hka lood. Koolitus- ja n\u00f5ustamiskeskus HARED. <strong>\u00a0<\/strong><a href=\"http:\/\/www.hot.ee\/nahkalood\/sisukord.htm\">http:\/\/www.hot.ee\/nahkalood\/sisukord.htm<\/a><\/p>\n<p>Keskkonnaharidus. <a href=\"http:\/\/www.keskkonnaharidus.ee\/\">http:\/\/www.keskkonnaharidus.ee\/<\/a> (Keskkonnaharidus.ee vahendab infot keskkonnahariduse v\u00f5imalustest Eestis.<\/p>\n<p>Klassiga looduses: loodus ise on asendamatu teejuht kogu keskkonna\u00f5petuses \/ [P\u00e4rsti \u2013 S\u00e4teri keskkonnaprojekt, kodukant Viljandimaa; koostas Kurt Blomquist<\/p>\n<p>Konivuori, H. 2009. Roheline draama m\u00e4nguasjamaal. <a href=\"http:\/\/www.kierratyskeskus.fi\/files\/3276\/Roheline_draama_M.pdf\">http:\/\/www.kierratyskeskus.fi\/files\/3276\/Roheline_draama_M.pdf<\/a><\/p>\n<p>K\u00fclmallik, E. (koost). 2010. Mere- ja murum\u00e4ngud lasteaedadele. Tallinna keskkonnaamet. <a href=\"http:\/\/www.hyria.fi\/files\/5832\/mangude_kogumik.pdf\">http:\/\/www.hyria.fi\/files\/5832\/mangude_kogumik.pdf<\/a><\/p>\n<p>Lastele. Tallinna Vesi. <a href=\"http:\/\/www.tallinnavesi.ee\/et\/Vastutustundlikkus\/Lastele\">http:\/\/www.tallinnavesi.ee\/et\/Vastutustundlikkus\/Lastele<\/a><\/p>\n<p>L\u00e4\u00e4n, C. 2012. Rahvakalendri t\u00e4htp\u00e4evi. Eesti rahvakombed v\u00e4ikestele ja suurtele.<\/p>\n<p>Malila, S. &amp; Janson, T. 2001. Muumitrolli loodusretk. Kirjastus Sinisukk.<\/p>\n<p>Molander, K., Hedberg, P., Bucht, M. jt (koost.). 2006. Matemaatika \u00f5ppimine looduses. Tartu: Tartumaa keskkonnateenistus.<\/p>\n<p>M\u00e4ngud. Muraste looduskool. <a href=\"http:\/\/www.studioviridis.ee\/muraste\/\">http:\/\/www.studioviridis.ee\/muraste\/<\/a><\/p>\n<p>Norman, M. 2013. P\u00f5nevad pr\u00fcgilood. Loodushoidliku m\u00f5tteviisi kujundamine: jutud, n\u00e4idendid, pr\u00fcgitalgud, katsed, m\u00e4ngud. Kirjastus Atlex AS.<\/p>\n<p>Nyman, I. &amp; Lecareux, L. 2004. \u00d5ue meisterdama. Kirjastus: Sinisukk.<\/p>\n<p>\u00d5pi. Eesti rahva muuseum. <a href=\"http:\/\/www.erm.ee\/et\/Opi\">http:\/\/www.erm.ee\/et\/Opi<\/a><\/p>\n<p>Raadik, S. 2009. \u00d5pime \u00f5ues m\u00e4ngides. Kirjastus Ilo.<\/p>\n<p>Risto J\u00e4rv jt. (koost). 2009 ja 2014. Imemuinasjutud I, II. Eesti muinasjutud.<\/p>\n<p>Sagadi looduskooli oppematerjalid. <a href=\"http:\/\/www.sagadi.ee\/looduskool\">http:\/\/www.sagadi.ee\/looduskool<\/a><span style=\"text-decoration: underline\"><\/span><\/p>\n<p style=\"text-align: left\" align=\"center\">Sirp, J. jt. 2013.\u00a0 \u00d5pime r\u00f5\u00f5muga loodust tundma. Kirjastus Atlex AS.<\/p>\n<p>Sits, E. H. 2013. N\u00e4tsupaberi r\u00e4nnak. Lugu pr\u00fcgist, unistustest ja looduse armastusest inimese vastu. Kirjastus Studium.<\/p>\n<p>Tartu keskkonnahariduse keskus. \u00d5ppematerjalid. <a href=\"http:\/\/www.teec.ee\/ET\/oppematerjalid_programmid\/oppematerjalid\/\">http:\/\/www.teec.ee\/ET\/oppematerjalid_programmid\/oppematerjalid\/<\/a><\/p>\n<p>Tea ja Toimeta alushariduses. Tallinna \u00fclikool. Pedagoogiline seminar. <a href=\"http:\/\/www.teatoimeta.ee\/Tallinna_Pedagoogiline_Seminar_al_1.htm\">http:\/\/www.teatoimeta.ee\/Tallinna_Pedagoogiline_Seminar_al_1.htm<\/a><\/p>\n<p>T\u00f5hk, M. 2010. Metsat\u00f6tsi rajad. Eesti Ajalehed AS.<\/p>\n<p>Tuusti, A. &amp; Lotman, K. (Koost). 2001. Keskkonnam\u00e4ngude kogumik.<\/p>\n<p>Valter, E. 2000. Kuidas \u00f5ppida vaatama. Kirjastus Elmatar.<\/p>\n<p>Valter, E. 2006. Pokuaabits. Kirjastus Elmatar.<\/p>\n<p>Wejdmark, M., L\u00e4ttman, R.&amp; Wohlin, A. 2010. Vesi. S\u00e4\u00e4stva arengu teemaline \u00f5ppematerjal. Nyn\u00e4shamni looduskool. <a href=\"http:\/\/www.teec.ee\/docs\/328_Vesi_S22stva_arengu_teemaline_oppematerjal_2011.pdf\">http:\/\/www.teec.ee\/docs\/328_Vesi_S22stva_arengu_teemaline_oppematerjal_2011.pdf<\/a><\/p>\n<p>Vilbaste, K. 2012. Ilmam\u00e4ngud. 64 lustakat rahvap\u00e4rimuslikku \u00f5uem\u00e4ngu. Kirjastus Koolibri.<\/p>\n<p>\u00a0<\/p>\n<p>\u00a0<\/p>\n","protected":false},"excerpt":{"rendered":"<p>Nendest v\u00e4ljaannetest ning elektroonilistest materjalidest leiab \u00f5petaja ideid ja innustust avatud \u00f5pikeskkonna kasutamiseks Koostas: Margit Teller Br\u00fcgge, B., Glantz, M. &amp; Sandell, K. 2008. \u00d5ues\u00f5pe. Kirjastus Ilo. Eesti Rahva Muinasjutud. http:\/\/www.folklore.ee\/pubte\/muina\/antoloogia\/ Ehlvest. A. &amp; Kont, H. 2010.Uurime ja avastame. Aktiiv\u00f5ppe &#8230;<\/p>\n","protected":false},"author":42,"featured_media":0,"parent":0,"menu_order":0,"comment_status":"closed","ping_status":"closed","template":"","meta":{"_acf_changed":false,"inline_featured_image":false,"footnotes":""},"class_list":["post-91","page","type-page","status-publish","hentry"],"acf":[],"_links":{"self":[{"href":"https:\/\/sisu.ut.ee\/keskkond\/wp-json\/wp\/v2\/pages\/91","targetHints":{"allow":["GET"]}}],"collection":[{"href":"https:\/\/sisu.ut.ee\/keskkond\/wp-json\/wp\/v2\/pages"}],"about":[{"href":"https:\/\/sisu.ut.ee\/keskkond\/wp-json\/wp\/v2\/types\/page"}],"author":[{"embeddable":true,"href":"https:\/\/sisu.ut.ee\/keskkond\/wp-json\/wp\/v2\/users\/42"}],"replies":[{"embeddable":true,"href":"https:\/\/sisu.ut.ee\/keskkond\/wp-json\/wp\/v2\/comments?post=91"}],"version-history":[{"count":1,"href":"https:\/\/sisu.ut.ee\/keskkond\/wp-json\/wp\/v2\/pages\/91\/revisions"}],"predecessor-version":[{"id":1021,"href":"https:\/\/sisu.ut.ee\/keskkond\/wp-json\/wp\/v2\/pages\/91\/revisions\/1021"}],"wp:attachment":[{"href":"https:\/\/sisu.ut.ee\/keskkond\/wp-json\/wp\/v2\/media?parent=91"}],"curies":[{"name":"wp","href":"https:\/\/api.w.org\/{rel}","templated":true}]}}