{"id":84,"date":"2024-04-03T23:32:20","date_gmt":"2024-04-03T20:32:20","guid":{"rendered":"https:\/\/sisu.ut.ee\/keskkond\/oppematerjalid-0\/"},"modified":"2024-04-03T23:39:09","modified_gmt":"2024-04-03T20:39:09","slug":"oppematerjalid-0","status":"publish","type":"page","link":"https:\/\/sisu.ut.ee\/keskkond\/oppematerjalid-0\/","title":{"rendered":"\u00d5PPEMATERJALID"},"content":{"rendered":"<p>\u00d5petajakoolituse \u00f5ppej\u00f5udude koolituse l\u00e4biviijad:<\/p>\n<p>Anne Laius Tartu \u00dclikool, Loodusteadusliku hariduse keskus<\/p>\n<p>Asta Tuusti RMK Sagadi Looduskool<\/p>\n<p>Mihkel Kangur Tallinna \u00dclikool \u00d6koloogia Instituut<\/p>\n<p>K\u00fclli Keerus Tartu \u00dclikool, Filosoofia ja semiootika instituut<\/p>\n<p>Valdur Mikita<\/p>\n<p>Mari Karm Tartu \u00dclikool, Haridusteaduste instituut<\/p>\n<p>Kadri Ugur Tartu \u00dclikool, \u00dchiskonnateaduste instituut<\/p>\n<p>Ragne K\u00f5uts- Klemm Tartu \u00dclikool, \u00dchiskonnateaduste instituut<\/p>\n<p>Ingrid Kuligina Alutaguse matkaklubi<\/p>\n<p>Mervi Raudsaar Tartu \u00dclikool, Ettev\u00f5tluskeskus<\/p>\n<p>Liina Joller Tartu \u00dclikool, Ettev\u00f5tluskeskus<\/p>\n<p>Kaja Peterson S\u00e4\u00e4stva Eesti Instituut<\/p>\n<p>Elbe Metsatalu Paide G\u00fcmnaasium<\/p>\n","protected":false},"excerpt":{"rendered":"<p>\u00d5petajakoolituse \u00f5ppej\u00f5udude koolituse l\u00e4biviijad: Anne Laius Tartu \u00dclikool, Loodusteadusliku hariduse keskus Asta Tuusti RMK Sagadi Looduskool Mihkel Kangur Tallinna \u00dclikool \u00d6koloogia Instituut K\u00fclli Keerus Tartu \u00dclikool, Filosoofia ja semiootika instituut Valdur Mikita Mari Karm Tartu \u00dclikool, Haridusteaduste instituut Kadri Ugur &#8230;<\/p>\n","protected":false},"author":42,"featured_media":0,"parent":0,"menu_order":0,"comment_status":"closed","ping_status":"closed","template":"","meta":{"_acf_changed":false,"inline_featured_image":false,"footnotes":""},"class_list":["post-84","page","type-page","status-publish","hentry"],"acf":[],"_links":{"self":[{"href":"https:\/\/sisu.ut.ee\/keskkond\/wp-json\/wp\/v2\/pages\/84","targetHints":{"allow":["GET"]}}],"collection":[{"href":"https:\/\/sisu.ut.ee\/keskkond\/wp-json\/wp\/v2\/pages"}],"about":[{"href":"https:\/\/sisu.ut.ee\/keskkond\/wp-json\/wp\/v2\/types\/page"}],"author":[{"embeddable":true,"href":"https:\/\/sisu.ut.ee\/keskkond\/wp-json\/wp\/v2\/users\/42"}],"replies":[{"embeddable":true,"href":"https:\/\/sisu.ut.ee\/keskkond\/wp-json\/wp\/v2\/comments?post=84"}],"version-history":[{"count":1,"href":"https:\/\/sisu.ut.ee\/keskkond\/wp-json\/wp\/v2\/pages\/84\/revisions"}],"predecessor-version":[{"id":1028,"href":"https:\/\/sisu.ut.ee\/keskkond\/wp-json\/wp\/v2\/pages\/84\/revisions\/1028"}],"wp:attachment":[{"href":"https:\/\/sisu.ut.ee\/keskkond\/wp-json\/wp\/v2\/media?parent=84"}],"curies":[{"name":"wp","href":"https:\/\/api.w.org\/{rel}","templated":true}]}}