{"id":65,"date":"2024-04-03T23:32:19","date_gmt":"2024-04-03T20:32:19","guid":{"rendered":"https:\/\/sisu.ut.ee\/keskkond\/lillevaas\/"},"modified":"2024-04-03T23:39:10","modified_gmt":"2024-04-03T20:39:10","slug":"lillevaas","status":"publish","type":"page","link":"https:\/\/sisu.ut.ee\/keskkond\/lillevaas\/","title":{"rendered":"Lillevaas"},"content":{"rendered":"<p><strong><span style=\"color: #ff6600\">J\u00f5hvi lasteaia Kalevipoja maja<\/span><\/strong><\/p>\n<p><span style=\"font-family: georgia, 'times new roman', times, serif;font-size: medium\">Lillevaasi valmistamiseks on vaja rikkil\u00e4inud CD- plaati, t\u00fchjaksjoodud plastpudelit, erinevatest lillekimpudest j\u00e4relej\u00e4\u00e4nud kaunistuselemente ja muid ehete j\u00e4\u00e4ke, liimip\u00fcstolit, paberinuga, k\u00e4\u00e4rid.<\/span><\/p>\n<p><span style=\"font-family: georgia, 'times new roman', times, serif;font-size: medium\">VALMISTAMIS\u00d5PETUS.<\/span><\/p>\n<p><span style=\"font-family: georgia, 'times new roman', times, serif;font-size: medium\">L\u00f5ika plastpudelil korgipoolsest otsast vaadatuna kusagil 1\/3 pudeli osast ringikujuliselt lahti, nii saad pokaalitaolise vaasi, teise poole saad ka madalamaks l\u00f5igates samamoodi \u00e4ra kasutada. Panna kuuma liimi korgi servadele ja suruda cd plaadile. NB ! Kuuma liimiga ole ettevaatlik, on oht ennast k\u00f5rvetada ja korgi keskele liimi mitte panna, sest see tuleb muidu cd plaadi keskosa august v\u00e4lja.<\/span><\/p>\n<p><span style=\"font-family: georgia, 'times new roman', times, serif;font-size: medium\">Edasi on vaid kaunistamise k\u00fcsimus ja fantaasial. Kaunistades tuleb ehk ainult m\u00f5elda, kas vaasi pannakse kunst- v\u00f5i p\u00e4ris lilli.<\/span><\/p>\n<p><span style=\"font-family: georgia, 'times new roman', times, serif;font-size: medium\"><img loading=\"lazy\" decoding=\"async\" width=\"1536\" height=\"2048\" class=\"alignnone wp-image-348\" src=\"https:\/\/sisu.ut.ee\/wp-content\/uploads\/sites\/107\/lillevaasd.jpg\" title=\"lillevaasd.jpg\" alt=\"lillevaasd.jpg\" srcset=\"https:\/\/sisu.ut.ee\/wp-content\/uploads\/sites\/107\/lillevaasd.jpg 1536w, https:\/\/sisu.ut.ee\/wp-content\/uploads\/sites\/107\/lillevaasd-225x300.jpg 225w, https:\/\/sisu.ut.ee\/wp-content\/uploads\/sites\/107\/lillevaasd-768x1024.jpg 768w, https:\/\/sisu.ut.ee\/wp-content\/uploads\/sites\/107\/lillevaasd-1152x1536.jpg 1152w\" sizes=\"auto, (max-width: 1536px) 100vw, 1536px\"><\/span><\/p>\n\n<p><img loading=\"lazy\" decoding=\"async\" width=\"2048\" height=\"1536\" class=\"alignnone wp-image-349\" src=\"https:\/\/sisu.ut.ee\/wp-content\/uploads\/sites\/107\/lill2jpg.jpg\" title=\"lill2jpg.jpg\" alt=\"lill2jpg.jpg\" srcset=\"https:\/\/sisu.ut.ee\/wp-content\/uploads\/sites\/107\/lill2jpg.jpg 2048w, https:\/\/sisu.ut.ee\/wp-content\/uploads\/sites\/107\/lill2jpg-300x225.jpg 300w, https:\/\/sisu.ut.ee\/wp-content\/uploads\/sites\/107\/lill2jpg-1024x768.jpg 1024w, https:\/\/sisu.ut.ee\/wp-content\/uploads\/sites\/107\/lill2jpg-768x576.jpg 768w, https:\/\/sisu.ut.ee\/wp-content\/uploads\/sites\/107\/lill2jpg-1536x1152.jpg 1536w, https:\/\/sisu.ut.ee\/wp-content\/uploads\/sites\/107\/lill2jpg-1920x1440.jpg 1920w\" sizes=\"auto, (max-width: 2048px) 100vw, 2048px\"><\/p>\n","protected":false},"excerpt":{"rendered":"<p>J\u00f5hvi lasteaia Kalevipoja maja Lillevaasi valmistamiseks on vaja rikkil\u00e4inud CD- plaati, t\u00fchjaksjoodud plastpudelit, erinevatest lillekimpudest j\u00e4relej\u00e4\u00e4nud kaunistuselemente ja muid ehete j\u00e4\u00e4ke, liimip\u00fcstolit, paberinuga, k\u00e4\u00e4rid. VALMISTAMIS\u00d5PETUS. L\u00f5ika plastpudelil korgipoolsest otsast vaadatuna kusagil 1\/3 pudeli osast ringikujuliselt lahti, nii saad pokaalitaolise vaasi, &#8230;<\/p>\n","protected":false},"author":42,"featured_media":0,"parent":0,"menu_order":0,"comment_status":"closed","ping_status":"closed","template":"","meta":{"_acf_changed":false,"inline_featured_image":false,"footnotes":""},"class_list":["post-65","page","type-page","status-publish","hentry"],"acf":[],"_links":{"self":[{"href":"https:\/\/sisu.ut.ee\/keskkond\/wp-json\/wp\/v2\/pages\/65","targetHints":{"allow":["GET"]}}],"collection":[{"href":"https:\/\/sisu.ut.ee\/keskkond\/wp-json\/wp\/v2\/pages"}],"about":[{"href":"https:\/\/sisu.ut.ee\/keskkond\/wp-json\/wp\/v2\/types\/page"}],"author":[{"embeddable":true,"href":"https:\/\/sisu.ut.ee\/keskkond\/wp-json\/wp\/v2\/users\/42"}],"replies":[{"embeddable":true,"href":"https:\/\/sisu.ut.ee\/keskkond\/wp-json\/wp\/v2\/comments?post=65"}],"version-history":[{"count":1,"href":"https:\/\/sisu.ut.ee\/keskkond\/wp-json\/wp\/v2\/pages\/65\/revisions"}],"predecessor-version":[{"id":1047,"href":"https:\/\/sisu.ut.ee\/keskkond\/wp-json\/wp\/v2\/pages\/65\/revisions\/1047"}],"wp:attachment":[{"href":"https:\/\/sisu.ut.ee\/keskkond\/wp-json\/wp\/v2\/media?parent=65"}],"curies":[{"name":"wp","href":"https:\/\/api.w.org\/{rel}","templated":true}]}}