{"id":62,"date":"2024-04-03T23:32:19","date_gmt":"2024-04-03T20:32:19","guid":{"rendered":"https:\/\/sisu.ut.ee\/keskkond\/ajalehest-punutud-karp\/"},"modified":"2024-04-03T23:39:10","modified_gmt":"2024-04-03T20:39:10","slug":"ajalehest-punutud-karp","status":"publish","type":"page","link":"https:\/\/sisu.ut.ee\/keskkond\/ajalehest-punutud-karp\/","title":{"rendered":"Ajalehest punutud karp"},"content":{"rendered":"<p><span style=\"color: #ff6600\"><strong>Albu Laste M\u00e4ngutuba<\/strong><\/span><\/p>\n<p>Taaskasutatud materjalidest meisterdused. Erinevad t\u00f6\u00f6d lastele ja t\u00e4iskasvanutele.<\/p>\n<p>Vaja l\u00e4heb<\/p>\n<ul>\n<li>Vanad ajalehed<\/li>\n<li>Pikka peenikest kudumisvarrast. Mitte j\u00e4medamat kui nr 3.<\/li>\n<li>Pappkarp, sobib h\u00e4sti vana kingakarp.<\/li>\n<li>Paksemat pappi, karbile p\u00f5hja tegemiseks.<\/li>\n<li>Liimi, ajalehtede liimimiseks liimipulk, karbi kokku liimimiseks PVA liim. Ei sobi kontori liim, on liiga vedel.<\/li>\n<li>V\u00e4rv karbi v\u00e4rvimiseks.<\/li>\n<li>Pintsel<\/li>\n<li>K\u00e4\u00e4rid.<\/li>\n<\/ul>\n<p>\u00a0<\/p>\n<p>Tegemis\u00f5petus<\/p>\n<p><a href=\"http:\/\/ilovehandmade.ru\/2009\/master-klass-pletenaya-korzina-iz-gazet\/#more-4201\">http:\/\/ilovehandmade.ru\/2009\/master-klass-pletenaya-korzina-iz-gazet\/#more-4201<\/a><\/p>\n<p><a href=\"http:\/\/www.liveinternet.ru\/users\/4142280\/post145687305\/\">http:\/\/www.liveinternet.ru\/users\/4142280\/post145687305\/<\/a><\/p>\n<p><a href=\"http:\/\/video.yandex.ru\/users\/nayly\/view\/1\">http:\/\/video.yandex.ru\/users\/nayly\/view\/1<\/a><\/p>\n<p>\u00a0<\/p>\n<p>N\u00e4idis<\/p>\n<p><img loading=\"lazy\" decoding=\"async\" width=\"912\" height=\"684\" class=\"alignnone wp-image-343\" src=\"https:\/\/sisu.ut.ee\/wp-content\/uploads\/sites\/107\/korv.jpg\" title=\"korv.jpg\" alt=\"korv.jpg\" srcset=\"https:\/\/sisu.ut.ee\/wp-content\/uploads\/sites\/107\/korv.jpg 912w, https:\/\/sisu.ut.ee\/wp-content\/uploads\/sites\/107\/korv-300x225.jpg 300w, https:\/\/sisu.ut.ee\/wp-content\/uploads\/sites\/107\/korv-768x576.jpg 768w\" sizes=\"auto, (max-width: 912px) 100vw, 912px\"><\/p>\n","protected":false},"excerpt":{"rendered":"<p>Albu Laste M\u00e4ngutuba Taaskasutatud materjalidest meisterdused. Erinevad t\u00f6\u00f6d lastele ja t\u00e4iskasvanutele. Vaja l\u00e4heb Vanad ajalehed Pikka peenikest kudumisvarrast. Mitte j\u00e4medamat kui nr 3. Pappkarp, sobib h\u00e4sti vana kingakarp. Paksemat pappi, karbile p\u00f5hja tegemiseks. Liimi, ajalehtede liimimiseks liimipulk, karbi kokku liimimiseks &#8230;<\/p>\n","protected":false},"author":42,"featured_media":0,"parent":0,"menu_order":0,"comment_status":"closed","ping_status":"closed","template":"","meta":{"_acf_changed":false,"inline_featured_image":false,"footnotes":""},"class_list":["post-62","page","type-page","status-publish","hentry"],"acf":[],"_links":{"self":[{"href":"https:\/\/sisu.ut.ee\/keskkond\/wp-json\/wp\/v2\/pages\/62","targetHints":{"allow":["GET"]}}],"collection":[{"href":"https:\/\/sisu.ut.ee\/keskkond\/wp-json\/wp\/v2\/pages"}],"about":[{"href":"https:\/\/sisu.ut.ee\/keskkond\/wp-json\/wp\/v2\/types\/page"}],"author":[{"embeddable":true,"href":"https:\/\/sisu.ut.ee\/keskkond\/wp-json\/wp\/v2\/users\/42"}],"replies":[{"embeddable":true,"href":"https:\/\/sisu.ut.ee\/keskkond\/wp-json\/wp\/v2\/comments?post=62"}],"version-history":[{"count":1,"href":"https:\/\/sisu.ut.ee\/keskkond\/wp-json\/wp\/v2\/pages\/62\/revisions"}],"predecessor-version":[{"id":1050,"href":"https:\/\/sisu.ut.ee\/keskkond\/wp-json\/wp\/v2\/pages\/62\/revisions\/1050"}],"wp:attachment":[{"href":"https:\/\/sisu.ut.ee\/keskkond\/wp-json\/wp\/v2\/media?parent=62"}],"curies":[{"name":"wp","href":"https:\/\/api.w.org\/{rel}","templated":true}]}}