{"id":61,"date":"2024-04-03T23:32:19","date_gmt":"2024-04-03T20:32:19","guid":{"rendered":"https:\/\/sisu.ut.ee\/keskkond\/merineitsi-meisterdamine\/"},"modified":"2024-04-03T23:39:10","modified_gmt":"2024-04-03T20:39:10","slug":"merineitsi-meisterdamine","status":"publish","type":"page","link":"https:\/\/sisu.ut.ee\/keskkond\/merineitsi-meisterdamine\/","title":{"rendered":"Merineitsi meisterdamine"},"content":{"rendered":"<table class=\"table table-hover\" style=\"width: 1px;height: 35px\" border=\"0\" cellpadding=\"0\" cellspacing=\"0\">\n<tbody>\n<tr>\n<td style=\"height: 26.25pt;width: 160pt\" class=\"xl90\"><\/td>\n<\/tr>\n<\/tbody>\n<\/table>\n<p><strong><span style=\"color: #ff6600\">Tallinna M\u00e4nniku lasteaed<\/span><\/strong><\/p>\n<p>(idee saadud Haredi poolt korraldatud koolituselt\u00a0 \u201eL\u00f5busad rullid\u201d)<\/p>\n<p>\u00a0Vajalikud vahendid: k\u00e4tepaberi toru, v\u00e4rv, v\u00e4rvilised paberid, papp, foolium, vill, l\u00f5ng, paelad, kaunistuskivid, litrid, liim, k\u00e4\u00e4rid, pintsel<\/p>\n<p>\u00a0\u00d5PETUS:<\/p>\n<ol>\n<li>Kata \u00fclemine pool torust roosa paberi v\u00f5i v\u00e4rviga ja alumine pool h\u00f5bedase\/kuldse paberi, fooliumi v\u00f5i v\u00e4rviga.<\/li>\n<li>Kahe poole \u00fchenduskohta kleebi pael v\u00f5i kaunistused.<\/li>\n<li>Voldi toru alumine ots kitsamaks (k\u00fcljed sisse).<\/li>\n<li>L\u00f5ika papist merineitsile saba (v\u00e4rvi v\u00f5i kata).<\/li>\n<li>Kinnita saba klambril\u00f6\u00f6jaga volditud toru k\u00fclge.<\/li>\n<li>Joonista merineitsile n\u00e4gu.<\/li>\n<\/ol>\n<p>T\u00e4ida toru \u00fclemine pool paberiga (paber ulatub torust v\u00e4lja) ja kinnita l\u00f5ngast, villast v\u00f5i paberist juuksed<\/p>\n<p><img loading=\"lazy\" decoding=\"async\" width=\"1536\" height=\"2048\" class=\"alignnone wp-image-342\" src=\"https:\/\/sisu.ut.ee\/wp-content\/uploads\/sites\/107\/merind.jpg\" title=\"merind.jpg\" alt=\"merind.jpg\" srcset=\"https:\/\/sisu.ut.ee\/wp-content\/uploads\/sites\/107\/merind.jpg 1536w, https:\/\/sisu.ut.ee\/wp-content\/uploads\/sites\/107\/merind-225x300.jpg 225w, https:\/\/sisu.ut.ee\/wp-content\/uploads\/sites\/107\/merind-768x1024.jpg 768w, https:\/\/sisu.ut.ee\/wp-content\/uploads\/sites\/107\/merind-1152x1536.jpg 1152w\" sizes=\"auto, (max-width: 1536px) 100vw, 1536px\"><\/p>\n","protected":false},"excerpt":{"rendered":"<p>Tallinna M\u00e4nniku lasteaed (idee saadud Haredi poolt korraldatud koolituselt\u00a0 \u201eL\u00f5busad rullid\u201d) \u00a0Vajalikud vahendid: k\u00e4tepaberi toru, v\u00e4rv, v\u00e4rvilised paberid, papp, foolium, vill, l\u00f5ng, paelad, kaunistuskivid, litrid, liim, k\u00e4\u00e4rid, pintsel \u00a0\u00d5PETUS: Kata \u00fclemine pool torust roosa paberi v\u00f5i v\u00e4rviga ja alumine pool &#8230;<\/p>\n","protected":false},"author":42,"featured_media":0,"parent":0,"menu_order":0,"comment_status":"closed","ping_status":"closed","template":"","meta":{"_acf_changed":false,"inline_featured_image":false,"footnotes":""},"class_list":["post-61","page","type-page","status-publish","hentry"],"acf":[],"_links":{"self":[{"href":"https:\/\/sisu.ut.ee\/keskkond\/wp-json\/wp\/v2\/pages\/61","targetHints":{"allow":["GET"]}}],"collection":[{"href":"https:\/\/sisu.ut.ee\/keskkond\/wp-json\/wp\/v2\/pages"}],"about":[{"href":"https:\/\/sisu.ut.ee\/keskkond\/wp-json\/wp\/v2\/types\/page"}],"author":[{"embeddable":true,"href":"https:\/\/sisu.ut.ee\/keskkond\/wp-json\/wp\/v2\/users\/42"}],"replies":[{"embeddable":true,"href":"https:\/\/sisu.ut.ee\/keskkond\/wp-json\/wp\/v2\/comments?post=61"}],"version-history":[{"count":1,"href":"https:\/\/sisu.ut.ee\/keskkond\/wp-json\/wp\/v2\/pages\/61\/revisions"}],"predecessor-version":[{"id":1051,"href":"https:\/\/sisu.ut.ee\/keskkond\/wp-json\/wp\/v2\/pages\/61\/revisions\/1051"}],"wp:attachment":[{"href":"https:\/\/sisu.ut.ee\/keskkond\/wp-json\/wp\/v2\/media?parent=61"}],"curies":[{"name":"wp","href":"https:\/\/api.w.org\/{rel}","templated":true}]}}