{"id":59,"date":"2024-04-03T23:32:19","date_gmt":"2024-04-03T20:32:19","guid":{"rendered":"https:\/\/sisu.ut.ee\/keskkond\/rutmipillid\/"},"modified":"2024-04-03T23:39:10","modified_gmt":"2024-04-03T20:39:10","slug":"rutmipillid","status":"publish","type":"page","link":"https:\/\/sisu.ut.ee\/keskkond\/rutmipillid\/","title":{"rendered":"R\u00fctmipillid"},"content":{"rendered":"<p><strong><span style=\"color: #ff6600\">Voka lasteaed Naksitrallid<\/span><\/strong><\/p>\n<p>Materjalina kasutatud: \u00fchekordsed taldrikud, plastikmaterjali t\u00fckid, WC- paberi rull, kilekott (sinine), kangarull, tugevam kile, riideriba, v\u00e4rvid<\/p>\n<p>Papptaldrikud on kinnitatud klambritega. Kile on WC paberirulli ja suute toru sisse kinnitatud teibiga.<\/p>\n\n<p><img loading=\"lazy\" decoding=\"async\" width=\"1024\" height=\"685\" class=\"alignnone wp-image-340\" src=\"https:\/\/sisu.ut.ee\/wp-content\/uploads\/sites\/107\/rutmipill.jpg\" title=\"rutmipill.jpg\" alt=\"rutmipill.jpg\" srcset=\"https:\/\/sisu.ut.ee\/wp-content\/uploads\/sites\/107\/rutmipill.jpg 1024w, https:\/\/sisu.ut.ee\/wp-content\/uploads\/sites\/107\/rutmipill-300x201.jpg 300w, https:\/\/sisu.ut.ee\/wp-content\/uploads\/sites\/107\/rutmipill-768x514.jpg 768w\" sizes=\"auto, (max-width: 1024px) 100vw, 1024px\"><\/p>\n","protected":false},"excerpt":{"rendered":"<p>Voka lasteaed Naksitrallid Materjalina kasutatud: \u00fchekordsed taldrikud, plastikmaterjali t\u00fckid, WC- paberi rull, kilekott (sinine), kangarull, tugevam kile, riideriba, v\u00e4rvid Papptaldrikud on kinnitatud klambritega. Kile on WC paberirulli ja suute toru sisse kinnitatud teibiga.<\/p>\n","protected":false},"author":42,"featured_media":0,"parent":0,"menu_order":0,"comment_status":"closed","ping_status":"closed","template":"","meta":{"_acf_changed":false,"inline_featured_image":false,"footnotes":""},"class_list":["post-59","page","type-page","status-publish","hentry"],"acf":[],"_links":{"self":[{"href":"https:\/\/sisu.ut.ee\/keskkond\/wp-json\/wp\/v2\/pages\/59","targetHints":{"allow":["GET"]}}],"collection":[{"href":"https:\/\/sisu.ut.ee\/keskkond\/wp-json\/wp\/v2\/pages"}],"about":[{"href":"https:\/\/sisu.ut.ee\/keskkond\/wp-json\/wp\/v2\/types\/page"}],"author":[{"embeddable":true,"href":"https:\/\/sisu.ut.ee\/keskkond\/wp-json\/wp\/v2\/users\/42"}],"replies":[{"embeddable":true,"href":"https:\/\/sisu.ut.ee\/keskkond\/wp-json\/wp\/v2\/comments?post=59"}],"version-history":[{"count":1,"href":"https:\/\/sisu.ut.ee\/keskkond\/wp-json\/wp\/v2\/pages\/59\/revisions"}],"predecessor-version":[{"id":1053,"href":"https:\/\/sisu.ut.ee\/keskkond\/wp-json\/wp\/v2\/pages\/59\/revisions\/1053"}],"wp:attachment":[{"href":"https:\/\/sisu.ut.ee\/keskkond\/wp-json\/wp\/v2\/media?parent=59"}],"curies":[{"name":"wp","href":"https:\/\/api.w.org\/{rel}","templated":true}]}}