{"id":4,"date":"2024-04-03T23:32:16","date_gmt":"2024-04-03T20:32:16","guid":{"rendered":"https:\/\/sisu.ut.ee\/keskkond\/kasvamas-kuskil-uks-pisike-puu\/"},"modified":"2024-04-03T23:39:12","modified_gmt":"2024-04-03T20:39:12","slug":"kasvamas-kuskil-uks-pisike-puu","status":"publish","type":"page","link":"https:\/\/sisu.ut.ee\/keskkond\/kasvamas-kuskil-uks-pisike-puu\/","title":{"rendered":"On kasvamas kuskil \u00fcks pisike puu"},"content":{"rendered":"<p><strong>Loo lasteaed<\/strong><\/p>\n<p><strong>Projekti on kaasatud: \u00a0<\/strong>\u00a0\u00a0 Loodus \u2013 laps tutvub puudega ning v\u00f5rdleb neid<\/p>\n<p>\u00a0\u00a0\u00a0\u00a0\u00a0\u00a0\u00a0\u00a0\u00a0\u00a0\u00a0\u00a0\u00a0\u00a0\u00a0\u00a0\u00a0\u00a0\u00a0\u00a0\u00a0\u00a0\u00a0\u00a0\u00a0\u00a0\u00a0\u00a0\u00a0\u00a0\u00a0\u00a0\u00a0\u00a0\u00a0\u00a0\u00a0\u00a0\u00a0\u00a0\u00a0 \u00a0 \u00a0 \u00a0 Inimesed \u2013 laps arendab oma meeli (n\u00e4gemist, kompimist, kuulamist)<\/p>\n<p>\u00a0\u00a0\u00a0\u00a0\u00a0\u00a0\u00a0\u00a0\u00a0\u00a0\u00a0\u00a0\u00a0\u00a0\u00a0\u00a0\u00a0\u00a0\u00a0\u00a0\u00a0\u00a0\u00a0\u00a0\u00a0\u00a0\u00a0\u00a0\u00a0\u00a0\u00a0\u00a0\u00a0\u00a0\u00a0\u00a0\u00a0\u00a0\u00a0\u00a0\u00a0\u00a0 \u00a0 \u00a0 Kultuurip\u00e4rand \u2013 rahvatarkused hobukastani kasutamisel, regilaul.<\/p>\n<p>Samuti on kaasatud kogukond: maja personal, lapsevanemad.<\/p>\n<p>Tegevused on seotud lapse igap\u00e4evaeluga, kuna tegevuse kaudu tutvub laps loodushoiu ning t\u00f6\u00f6kasvatusega.<\/p>\n<p>Tegevus toetab j\u00e4rgmisi v\u00e4\u00e4rtuseid ja hoiakuid: p\u00e4rimuskultuur (rahvatarkused), loodushoid, panustamine keskkonda, taaskasutus (loodusliku materjali kasutamine).<\/p>\n<p><strong>Tegevuse eesm\u00e4rgid:<\/strong><\/p>\n<ul>\n<li>Laps tutvub puule iseloomulike tunnustega<\/li>\n<li>Laps tunneb ja v\u00f5rdleb puid lehtede ja viljade j\u00e4rgi.<\/li>\n<\/ul>\n<p>Eelt\u00f6\u00f6: lapsed on eelnevalt tutvunud tamme, pihlaka ja vahtraga. Tunnevad \u00e4ra puu, lehe ja vilja.<\/p>\n<p>\u00d5ppem\u00e4ng: \u201eLeia lehe j\u00e4rgi puu\u201c<\/p>\n<p>Vahendid: lamineeritud kaardid puude, lehtede ja viljade piltidega [v\u00f5imalusel looduslikud vahendid (kastan, tamm, pihlakas, vaher)]; kastanimunadele maalitud t\u00e4hed (ainult t\u00e4hed, mis on s\u00f5nas); hobukastanimunad pesade m\u00e4rgistuseks, korvit\u00e4is kastanimune (igale lapsele \u00fcks muna), istutuspotid, muld, pulgad nimede jaoks (j\u00e4\u00e4tisepulgad), kastekann, k\u00fchvlid<\/p>\n<p>Lapsed kogunevad \u00f5pperajale hobukastani alla ja moodustavad kastanipuu \u00fcmber ringi. \u00d5petaja esitab luuletuse (L. Raudsik \u201eKastan\u201c) m\u00f5istatuse vormis. Lapsed vastavad, et tegemist on kastaniga. Sellele j\u00e4rgneb v\u00e4ike hobukastani tutvustus. \u00d5petaja k\u00e4ib korviga ringi ja lapsed v\u00f5tavad korvist hobukastanimuna, millel on m\u00e4rgitud number. Seej\u00e4rel otsib laps \u00fcles oma numbrile vastava pesa (igasse pessa on jagatud vastav arv kastaneid). Lapsed tervitavad oma pesakaaslasi: \u201eTere paremale, tere vasemale, tere keskele\u201c.<\/p>\n<p>Pesadesse on \u00fcmbriku sisse valmis pandud mosaiik \u00fchest puust. Lapsed v\u00f5tavad \u00fcmbrikust mosaiigi ja panevad koos kokku. Saavad teada, milline on nende puu. Eemale on paigutatud eraldi hular\u00f5ngastesse viljad ja lehed. Pesast \u00fcks laps l\u00e4heb kokkulepitud liikumisviisil (kukesammul, tibusammul, hiiglase sammul, \u00fchel jala h\u00fcpates jne) r\u00f5nga juurde ja valib sealt \u00f5ige vilja ja lehe. Kui laps ei leia \u00f5igeid vilju ja lehti, siis l\u00e4heb j\u00e4rgmine pesas olev laps, kuni on leitud \u00f5iged viljad ja lehed. Lapsed kogunevad \u00f5petaja juurde, kellel on pildid puudest, viljadest ja lehtedest ning s\u00f5nakaardid. \u00d5petaja paneb puude pildid j\u00e4rjest tahvlile, et lapsed saaksid neid v\u00f5rrelda. Pesas olevatest kastanitest moodustavad lapsed s\u00f5na <em>HOBUKASTAN<\/em>. Kellel mune ei j\u00e4tkunud, aitavad s\u00f5na moodustada. \u00d5petaja kontrollib s\u00f5na \u00f5igsust. Edasi liigutakse j\u00e4rgmisesse punkti, kus on valmis pandud istutusvahendid. Iga laps t\u00e4idab oma poti ja asetab sinna hobukastanimuna, kastab mulda ning kirjutab pulgale oma nime. Potid viiakse j\u00e4lgimiseks r\u00fchma aknalauale.<\/p>\n","protected":false},"excerpt":{"rendered":"<p>Loo lasteaed Projekti on kaasatud: \u00a0\u00a0\u00a0 Loodus \u2013 laps tutvub puudega ning v\u00f5rdleb neid \u00a0\u00a0\u00a0\u00a0\u00a0\u00a0\u00a0\u00a0\u00a0\u00a0\u00a0\u00a0\u00a0\u00a0\u00a0\u00a0\u00a0\u00a0\u00a0\u00a0\u00a0\u00a0\u00a0\u00a0\u00a0\u00a0\u00a0\u00a0\u00a0\u00a0\u00a0\u00a0\u00a0\u00a0\u00a0\u00a0\u00a0\u00a0\u00a0\u00a0\u00a0 \u00a0 \u00a0 \u00a0 Inimesed \u2013 laps arendab oma meeli (n\u00e4gemist, kompimist, kuulamist) \u00a0\u00a0\u00a0\u00a0\u00a0\u00a0\u00a0\u00a0\u00a0\u00a0\u00a0\u00a0\u00a0\u00a0\u00a0\u00a0\u00a0\u00a0\u00a0\u00a0\u00a0\u00a0\u00a0\u00a0\u00a0\u00a0\u00a0\u00a0\u00a0\u00a0\u00a0\u00a0\u00a0\u00a0\u00a0\u00a0\u00a0\u00a0\u00a0\u00a0\u00a0\u00a0 \u00a0 \u00a0 Kultuurip\u00e4rand \u2013 rahvatarkused hobukastani kasutamisel, regilaul. Samuti on kaasatud kogukond: &#8230;<\/p>\n","protected":false},"author":42,"featured_media":0,"parent":0,"menu_order":0,"comment_status":"closed","ping_status":"closed","template":"","meta":{"_acf_changed":false,"inline_featured_image":false,"footnotes":""},"class_list":["post-4","page","type-page","status-publish","hentry"],"acf":[],"_links":{"self":[{"href":"https:\/\/sisu.ut.ee\/keskkond\/wp-json\/wp\/v2\/pages\/4","targetHints":{"allow":["GET"]}}],"collection":[{"href":"https:\/\/sisu.ut.ee\/keskkond\/wp-json\/wp\/v2\/pages"}],"about":[{"href":"https:\/\/sisu.ut.ee\/keskkond\/wp-json\/wp\/v2\/types\/page"}],"author":[{"embeddable":true,"href":"https:\/\/sisu.ut.ee\/keskkond\/wp-json\/wp\/v2\/users\/42"}],"replies":[{"embeddable":true,"href":"https:\/\/sisu.ut.ee\/keskkond\/wp-json\/wp\/v2\/comments?post=4"}],"version-history":[{"count":1,"href":"https:\/\/sisu.ut.ee\/keskkond\/wp-json\/wp\/v2\/pages\/4\/revisions"}],"predecessor-version":[{"id":1108,"href":"https:\/\/sisu.ut.ee\/keskkond\/wp-json\/wp\/v2\/pages\/4\/revisions\/1108"}],"wp:attachment":[{"href":"https:\/\/sisu.ut.ee\/keskkond\/wp-json\/wp\/v2\/media?parent=4"}],"curies":[{"name":"wp","href":"https:\/\/api.w.org\/{rel}","templated":true}]}}