{"id":24,"date":"2024-04-03T23:32:17","date_gmt":"2024-04-03T20:32:17","guid":{"rendered":"https:\/\/sisu.ut.ee\/keskkond\/ii-mooduli-materjalid\/"},"modified":"2024-04-03T23:39:11","modified_gmt":"2024-04-03T20:39:11","slug":"ii-mooduli-materjalid","status":"publish","type":"page","link":"https:\/\/sisu.ut.ee\/keskkond\/ii-mooduli-materjalid\/","title":{"rendered":"LOODUSKESKKOND"},"content":{"rendered":"<p>Mooduli \u201cLooduskeskkond\u201d toimumiskohad: Tartu Salme 1a \u00f5ppehoone, Tartu Keskkonnahariduskeskus, Tartu \u00dclikooli Loodusmuuseum<\/p>\n<p>Mooduli l\u00e4biviijad: Margit Teller, Helle Kont, K\u00fclli Kalamees-Pani, Aivo Tamm, Tartu Loodusmaja t\u00f6\u00f6tajad<\/p>\n<p><img loading=\"lazy\" decoding=\"async\" width=\"700\" height=\"571\" class=\"alignnone wp-image-267\" src=\"https:\/\/sisu.ut.ee\/wp-content\/uploads\/sites\/107\/koduloomuuseum.jpg\" title=\"koduloomuuseum.jpg\" alt=\"koduloomuuseum.jpg\" srcset=\"https:\/\/sisu.ut.ee\/wp-content\/uploads\/sites\/107\/koduloomuuseum.jpg 700w, https:\/\/sisu.ut.ee\/wp-content\/uploads\/sites\/107\/koduloomuuseum-300x245.jpg 300w\" sizes=\"auto, (max-width: 700px) 100vw, 700px\"><\/p>\n<p>Tartu \u00dclikooli Loodusmuuseum<\/p>\n","protected":false},"excerpt":{"rendered":"<p>Mooduli \u201cLooduskeskkond\u201d toimumiskohad: Tartu Salme 1a \u00f5ppehoone, Tartu Keskkonnahariduskeskus, Tartu \u00dclikooli Loodusmuuseum Mooduli l\u00e4biviijad: Margit Teller, Helle Kont, K\u00fclli Kalamees-Pani, Aivo Tamm, Tartu Loodusmaja t\u00f6\u00f6tajad Tartu \u00dclikooli Loodusmuuseum<\/p>\n","protected":false},"author":42,"featured_media":0,"parent":0,"menu_order":0,"comment_status":"closed","ping_status":"closed","template":"","meta":{"_acf_changed":false,"inline_featured_image":false,"footnotes":""},"class_list":["post-24","page","type-page","status-publish","hentry"],"acf":[],"_links":{"self":[{"href":"https:\/\/sisu.ut.ee\/keskkond\/wp-json\/wp\/v2\/pages\/24","targetHints":{"allow":["GET"]}}],"collection":[{"href":"https:\/\/sisu.ut.ee\/keskkond\/wp-json\/wp\/v2\/pages"}],"about":[{"href":"https:\/\/sisu.ut.ee\/keskkond\/wp-json\/wp\/v2\/types\/page"}],"author":[{"embeddable":true,"href":"https:\/\/sisu.ut.ee\/keskkond\/wp-json\/wp\/v2\/users\/42"}],"replies":[{"embeddable":true,"href":"https:\/\/sisu.ut.ee\/keskkond\/wp-json\/wp\/v2\/comments?post=24"}],"version-history":[{"count":1,"href":"https:\/\/sisu.ut.ee\/keskkond\/wp-json\/wp\/v2\/pages\/24\/revisions"}],"predecessor-version":[{"id":1088,"href":"https:\/\/sisu.ut.ee\/keskkond\/wp-json\/wp\/v2\/pages\/24\/revisions\/1088"}],"wp:attachment":[{"href":"https:\/\/sisu.ut.ee\/keskkond\/wp-json\/wp\/v2\/media?parent=24"}],"curies":[{"name":"wp","href":"https:\/\/api.w.org\/{rel}","templated":true}]}}