{"id":155,"date":"2024-04-03T23:32:24","date_gmt":"2024-04-03T20:32:24","guid":{"rendered":"https:\/\/sisu.ut.ee\/keskkond\/aed-ja-park-killukesed-linnaloodusest\/"},"modified":"2024-04-03T23:39:06","modified_gmt":"2024-04-03T20:39:06","slug":"aed-ja-park-killukesed-linnaloodusest","status":"publish","type":"page","link":"https:\/\/sisu.ut.ee\/keskkond\/aed-ja-park-killukesed-linnaloodusest\/","title":{"rendered":"Aed ja park -killukesed linnaloodusest"},"content":{"rendered":"<p class=\"Standard\"><strong>J\u00f5geva lasteaed Karikakar<\/strong><\/p>\n<p class=\"Standard\"><span style=\"color: #000080\"><strong><\/strong><\/span>Koostajad: Krista Annuk, Triin Kuusik, Marge P\u00f5dra<\/p>\n<p class=\"Standard\">\n<\/p><p class=\"Standard\">Projekti alusel on v\u00f5imalik h\u00f5lmata kogu maja keskkonnateemaliste tegevustega. Projektis osalevad 2 r\u00fchma (3\u20134a ja 4\u20135a lapsed), naitusel osalevad k\u00f5ikide r\u00fchmade lapsed koos vanematega. Projekt kestab 1 n\u00e4dala.<\/p>\n<p class=\"Standard\">Projekti raames uuritakse laste eelnevaid teadmisi pargi kohta ning antakse v\u00f5imalus vahetus keskkonnas uute teadmiste hankimiseks. Teema k\u00e4sitlemiseks valmivad \u00f5petajatel teemamapid.<\/p>\n<p class=\"Standard\">Kaasatud: elumaja omanik, linna aednik, lapsevanemad.<\/p>\n<p class=\"Standard\">Lapsevanemad meisterdavad koos lastega s\u00fcgisnaitusele eksponaate ning valivad pargist oma lemmikkoha, mida lapsed foto v\u00f5i joonistuse abil teistele tutvustavad.<\/p>\n<p class=\"Standard\"><strong>Eesm\u00e4rk:<\/strong><\/p>\n<ul>\n<li>Laps tutvub s\u00fcgisel linnaloodusega.<\/li>\n<li>Laps saab uusi teadmisi loodus- ja inimkeskkonna omavahelistest seostest ning inimeste m\u00f5just pargile.<\/li>\n<\/ul>\n<p class=\"Standard\">Eelnevalt on vanematele antud kodused \u00fclesanded:<\/p>\n<p class=\"Standard\">1) valida pargist koos lapsega oma lemmikkoht ja teha sellest foto (ning saata r\u00fchma meili peale) v\u00f5i joonistus<\/p>\n<p class=\"Standard\">2) meisterdada koos lapsega eksponaate naitusele \u201eS\u00fcgis pargis ja aias\u201c.<\/p>\n<p class=\"Standard\"><span style=\"color: #00ff00\"><strong>1. P\u00c4EV<\/strong><\/span><\/p>\n<p class=\"Standard\"><strong>I Tegevus <\/strong><strong>\u2013 vestlus \u201eMis see park k\u00fcll olla v\u00f5iks\u201c<\/strong><\/p>\n<ul>\n<li><em>Eesm\u00e4rk:<\/em> saada koduse t\u00f6\u00f6 tutvustamise ning vestluse kaudu \u00fclevaade laste teadmistest pargi kohta.<\/li>\n<\/ul>\n<p class=\"Standard\">K\u00fcsimused: mis on park? Millal ja kellega sa oled pargis k\u00e4inud? Mida n\u00e4inud, mida teinud? Mis meeldis \/ ei meeldinud? \u2026 (keel ja k\u00f5ne)<\/p>\n<ul>\n<li>Vestlus kestab r\u00fchmaruumis 15\u201320 minutit.<\/li>\n<\/ul>\n<p class=\"Standard\"><strong>II Tegevus \u2013 \u201eL\u00e4hen uurin l\u00e4hemalt\u201c \u00f5ppek\u00e4ik parki<\/strong><\/p>\n<ul>\n<li><em>Eesm\u00e4rk:<\/em> laps tunneb pildil oleva objekti\/koha looduses \u00e4ra.<\/li>\n<li>\u00d5petaja n\u00e4itab lastele joonistust v\u00f5i tahvelarvutist pilti ning lapsed leiavad pargis selle koha\/objekti. \u00d5petaja on enda jaoks paika pannud piltide j\u00e4rjekorra, et laste liikumine oleks l\u00e4bim\u00f5eldud.<\/li>\n<li><em>Eesm\u00e4rk:<\/em> laps oskab loendada. Laps saab esmased teadmised kauguste m\u00f5\u00f5tmisest. (matemaatika)<\/li>\n<\/ul>\n<p class=\"Standard\">Objektidevahelise kauguse m\u00f5\u00f5tmine sammudega.<\/p>\n<p class=\"Standard\"><span style=\"color: #00ff00\"><strong>2. P\u00c4EV<\/strong><\/span><\/p>\n<p class=\"Standard\"><strong>I Tegevus \u2013 naitus \u201eS\u00fcgis aias ja pargis\u201c<\/strong><\/p>\n<ul>\n<li><em>Eesm\u00e4rk:<\/em> laps m\u00e4rkab vanema abil pargis ja aias s\u00fcgise tunnuseid. Laps valmistab koos vanemaga naitusele s\u00fcgisandidest eksponaadi. (k\u00e4eline tegevus)<\/li>\n<\/ul>\n<table class=\"table table-hover\" align=\"left\" cellpadding=\"0\" cellspacing=\"0\">\n<tbody>\n<tr>\n<td><\/td>\n<\/tr>\n<tr>\n<td><\/td>\n<td><\/td>\n<\/tr>\n<\/tbody>\n<\/table>\n<p class=\"Standard\"><strong>\u00a0<img loading=\"lazy\" decoding=\"async\" width=\"2560\" height=\"1920\" class=\"alignnone wp-image-590\" src=\"https:\/\/sisu.ut.ee\/wp-content\/uploads\/sites\/107\/1-13-scaled.jpg\" title=\"1.jpg\" alt=\"1.jpg\" srcset=\"https:\/\/sisu.ut.ee\/wp-content\/uploads\/sites\/107\/1-13-scaled.jpg 2560w, https:\/\/sisu.ut.ee\/wp-content\/uploads\/sites\/107\/1-13-300x225.jpg 300w, https:\/\/sisu.ut.ee\/wp-content\/uploads\/sites\/107\/1-13-1024x768.jpg 1024w, https:\/\/sisu.ut.ee\/wp-content\/uploads\/sites\/107\/1-13-768x576.jpg 768w, https:\/\/sisu.ut.ee\/wp-content\/uploads\/sites\/107\/1-13-1536x1152.jpg 1536w, https:\/\/sisu.ut.ee\/wp-content\/uploads\/sites\/107\/1-13-2048x1536.jpg 2048w, https:\/\/sisu.ut.ee\/wp-content\/uploads\/sites\/107\/1-13-1920x1440.jpg 1920w\" sizes=\"auto, (max-width: 2560px) 100vw, 2560px\">\u00a0\u00a0\u00a0\u00a0\u00a0\u00a0 <img loading=\"lazy\" decoding=\"async\" width=\"2560\" height=\"1920\" class=\"alignnone wp-image-591\" src=\"https:\/\/sisu.ut.ee\/wp-content\/uploads\/sites\/107\/2-14-scaled.jpg\" title=\"2.jpg\" alt=\"2.jpg\" srcset=\"https:\/\/sisu.ut.ee\/wp-content\/uploads\/sites\/107\/2-14-scaled.jpg 2560w, https:\/\/sisu.ut.ee\/wp-content\/uploads\/sites\/107\/2-14-300x225.jpg 300w, https:\/\/sisu.ut.ee\/wp-content\/uploads\/sites\/107\/2-14-1024x768.jpg 1024w, https:\/\/sisu.ut.ee\/wp-content\/uploads\/sites\/107\/2-14-768x576.jpg 768w, https:\/\/sisu.ut.ee\/wp-content\/uploads\/sites\/107\/2-14-1536x1152.jpg 1536w, https:\/\/sisu.ut.ee\/wp-content\/uploads\/sites\/107\/2-14-2048x1536.jpg 2048w, https:\/\/sisu.ut.ee\/wp-content\/uploads\/sites\/107\/2-14-1920x1440.jpg 1920w\" sizes=\"auto, (max-width: 2560px) 100vw, 2560px\"> \u00a0 \u00a0 <br><\/strong><\/p>\n<p class=\"Standard\"><strong>II Tegevus <\/strong><strong>\u2013 \u00f5ppek\u00e4ik parki<\/strong><\/p>\n<ul>\n<li><em>Eesm\u00e4rk:<\/em> laps \u00f5pib erinevatele meeltele toetudes tundma pargis kasvavaid puid.<\/li>\n<\/ul>\n<p class=\"Standard\">Puude vaatlus \u2013 kask, pihlakas, tamm, m\u00e4nd, vaher. Tajumine erinevate meeltega \u2013 puukoore katsumine, okaste ja lehtede katsumine ning nuusutamine, pihlakate maitsmine.<\/p>\n<p class=\"Standard\">K\u00e4em\u00e4ng:\u00a0\u00a0\u00a0\u00a0\u00a0\u00a0\u00a0 Tuul naksib lehti vahtrapuult,<\/p>\n<p class=\"Standard\">neid keerleb, keerleb alla,<\/p>\n<p class=\"Standard\">vihm sabistab ja t\u00f5stab tuult,\u00a0\u00a0\u00a0\u00a0\u00a0\u00a0\u00a0\u00a0\u00a0\u00a0\u00a0\u00a0\u00a0\u00a0\u00a0\u00a0\u00a0\u00a0\u00a0\u00a0\u00a0\u00a0\u00a0\u00a0\u00a0\u00a0\u00a0\u00a0\u00a0\u00a0\u00a0\u00a0\u00a0\u00a0\u00a0\u00a0\u00a0\u00a0\u00a0\u00a0\u00a0\u00a0\u00a0\u00a0\u00a0\u00a0\u00a0\u00a0\u00a0\u00a0\u00a0\u00a0\u00a0\u00a0\u00a0\u00a0\u00a0\u00a0\u00a0\u00a0\u00a0\u00a0\u00a0\u00a0\u00a0\u00a0\u00a0\u00a0\u00a0\u00a0\u00a0\u00a0\u00a0\u00a0\u00a0\u00a0\u00a0\u00a0\u00a0\u00a0\u00a0\u00a0\u00a0\u00a0\u00a0\u00a0\u00a0\u00a0\u00a0 <img loading=\"lazy\" decoding=\"async\" width=\"800\" height=\"1200\" class=\"alignnone wp-image-592\" style=\"float: right\" src=\"https:\/\/sisu.ut.ee\/wp-content\/uploads\/sites\/107\/3-15.jpg\" title=\"3.jpg\" alt=\"3.jpg\" srcset=\"https:\/\/sisu.ut.ee\/wp-content\/uploads\/sites\/107\/3-15.jpg 800w, https:\/\/sisu.ut.ee\/wp-content\/uploads\/sites\/107\/3-15-200x300.jpg 200w, https:\/\/sisu.ut.ee\/wp-content\/uploads\/sites\/107\/3-15-683x1024.jpg 683w, https:\/\/sisu.ut.ee\/wp-content\/uploads\/sites\/107\/3-15-768x1152.jpg 768w\" sizes=\"auto, (max-width: 800px) 100vw, 800px\"><\/p>\n<p class=\"Standard\">uks s\u00fcgisele valla. (keel ja k\u00f5ne)<\/p>\n<ul>\n<li><em>Eesm\u00e4rk<\/em>: lapsel kinnistuvad puude nimetused.<\/li>\n<\/ul>\n<p class=\"Standard\">Ringm\u00e4ng \u201eKes aias\u201c \u00fcmber puu. Lapsed v\u00f5tavad k\u00e4test kinni ning teevad puu \u00fcmber ringi. Lauldakse \u201eKes aias, kes aias? Vahtrapuu on aias. Mis nimi, mis nimi? Vaher tema nimi.\u201c Puu nimetamisel liiguvad lapsed k\u00e4test kinni hoides puu poole. \u201eK\u00e4i ringi, k\u00e4i ringi, k\u00e4i ringi \u00fcmber \u2026puu ja v\u00f5ta k\u00e4test kinni.\u201c Lapsed k\u00f5nnivad l\u00e4bisegi \u00fcmber puu ja moodustavad uuesti ringi. Nii lauldakse iga vaadeldava puu \u00fcmber. (muusika ja liikumine)<\/p>\n<ul>\n<li><em>Eesm\u00e4rk:<\/em> laps tunneb lehe j\u00e4rgi \u00e4ra \u00f5ige puu.<\/li>\n<\/ul>\n<p class=\"Standard\">Liikumism\u00e4ng \u201eLeia puu\u201c.\u00a0\u00a0\u00a0\u00a0\u00a0\u00a0\u00a0\u00a0\u00a0\u00a0\u00a0\u00a0\u00a0\u00a0\u00a0\u00a0\u00a0\u00a0\u00a0\u00a0\u00a0\u00a0\u00a0\u00a0\u00a0\u00a0\u00a0\u00a0\u00a0\u00a0\u00a0\u00a0\u00a0\u00a0\u00a0\u00a0\u00a0\u00a0\u00a0\u00a0\u00a0\u00a0\u00a0\u00a0\u00a0\u00a0\u00a0\u00a0\u00a0\u00a0\u00a0\u00a0\u00a0\u00a0\u00a0\u00a0\u00a0\u00a0\u00a0\u00a0\u00a0\u00a0 \u00a0 \u00a0 \u00a0 \u00a0 \u00a0 \u00a0 \u00a0 \u00a0 \u00a0 \u00a0 \u00a0 \u00a0 \u00a0 \u00a0 \u00a0 \u00a0 \u00a0 \u00a0 \u00a0 \u00a0 \u00a0 \u00a0 \u00a0 \u00a0 \u00a0 \u00a0 \u00a0 \u00a0 \u00a0 \u00a0 \u00a0 \u00a0 \u00a0<img loading=\"lazy\" decoding=\"async\" width=\"800\" height=\"1200\" class=\"alignnone wp-image-593\" style=\"float: right\" src=\"https:\/\/sisu.ut.ee\/wp-content\/uploads\/sites\/107\/4-9.jpg\" title=\"4.jpg\" alt=\"4.jpg\" srcset=\"https:\/\/sisu.ut.ee\/wp-content\/uploads\/sites\/107\/4-9.jpg 800w, https:\/\/sisu.ut.ee\/wp-content\/uploads\/sites\/107\/4-9-200x300.jpg 200w, https:\/\/sisu.ut.ee\/wp-content\/uploads\/sites\/107\/4-9-683x1024.jpg 683w, https:\/\/sisu.ut.ee\/wp-content\/uploads\/sites\/107\/4-9-768x1152.jpg 768w\" sizes=\"auto, (max-width: 800px) 100vw, 800px\"> \u00a0\u00a0\u00a0\u00a0\u00a0\u00a0\u00a0\u00a0\u00a0\u00a0\u00a0\u00a0\u00a0\u00a0\u00a0\u00a0\u00a0\u00a0\u00a0\u00a0\u00a0\u00a0\u00a0\u00a0\u00a0\u00a0\u00a0\u00a0\u00a0\u00a0\u00a0\u00a0\u00a0\u00a0\u00a0\u00a0\u00a0\u00a0\u00a0\u00a0\u00a0\u00a0\u00a0\u00a0\u00a0\u00a0\u00a0\u00a0\u00a0\u00a0\u00a0\u00a0\u00a0\u00a0\u00a0\u00a0\u00a0\u00a0<\/p>\n<p class=\"Standard\">\u00d5petaja n\u00e4itab lapsele puulehte, laps jookseb vastava kokkulepitud puu juurde. (liikumine)<\/p>\n<p class=\"Standard\"><strong>III Tegevus \u2013 \u201ePargimatemaatika I\u201c<\/strong><\/p>\n<ul>\n<li><em>Eesm\u00e4rk:<\/em> laps tunneb m\u00f5isteid <em>suurem\/v\u00e4iksem<\/em>. Loendab esemeid. Tunneb m\u00f5isteid <em>rohkem\/v\u00e4hem<\/em>.<\/li>\n<\/ul>\n<p class=\"Standard\">Tammet\u00f5rude ja pihlakamarjade v\u00f5rdlemine. (matemaatika)<\/p>\n<p class=\"Standard\">Viljade ladumine kahte \u00fchesuurusesse topsi. Tammet\u00f5rudest ja pihlakamarjadest mustri ladumine, liivakookide kaunistamine. (matemaatika ja kunstitegevus)<\/p>\n<ul>\n<li><em>Eesm\u00e4rk:<\/em> Laps \u00f5pib aitama loomi.<\/li>\n<\/ul>\n<p class=\"Standard\">Arutlus \u2013 kes s\u00f6\u00f6vad tammet\u00f5rusid? Tammet\u00f5rude korjamine loomaparki viimise jaoks.<\/p>\n<p class=\"Standard\"><img loading=\"lazy\" decoding=\"async\" width=\"800\" height=\"1200\" class=\"alignnone wp-image-594\" style=\"float: left\" src=\"https:\/\/sisu.ut.ee\/wp-content\/uploads\/sites\/107\/5-8.jpg\" title=\"5.jpg\" alt=\"5.jpg\" srcset=\"https:\/\/sisu.ut.ee\/wp-content\/uploads\/sites\/107\/5-8.jpg 800w, https:\/\/sisu.ut.ee\/wp-content\/uploads\/sites\/107\/5-8-200x300.jpg 200w, https:\/\/sisu.ut.ee\/wp-content\/uploads\/sites\/107\/5-8-683x1024.jpg 683w, https:\/\/sisu.ut.ee\/wp-content\/uploads\/sites\/107\/5-8-768x1152.jpg 768w\" sizes=\"auto, (max-width: 800px) 100vw, 800px\"><\/p>\n<p class=\"Standard\"><strong>\u00a0 \u00a0 \u00a0 \u00a0 \u00a0 \u00a0 \u00a0 \u00a0 \u00a0 \u00a0 \u00a0 \u00a0 \u00a0 \u00a0 \u00a0 \u00a0 \u00a0\u00a0\u00a0\u00a0\u00a0 <img loading=\"lazy\" decoding=\"async\" width=\"800\" height=\"1200\" class=\"alignnone wp-image-595\" src=\"https:\/\/sisu.ut.ee\/wp-content\/uploads\/sites\/107\/6-5.jpg\" title=\"6.jpg\" alt=\"6.jpg\" srcset=\"https:\/\/sisu.ut.ee\/wp-content\/uploads\/sites\/107\/6-5.jpg 800w, https:\/\/sisu.ut.ee\/wp-content\/uploads\/sites\/107\/6-5-200x300.jpg 200w, https:\/\/sisu.ut.ee\/wp-content\/uploads\/sites\/107\/6-5-683x1024.jpg 683w, https:\/\/sisu.ut.ee\/wp-content\/uploads\/sites\/107\/6-5-768x1152.jpg 768w\" sizes=\"auto, (max-width: 800px) 100vw, 800px\"> \u00a0 \u00a0 \u00a0 \u00a0 \u00a0 \u00a0 \u00a0 \u00a0 \u00a0 \u00a0 \u00a0 \u00a0 \u00a0 \u00a0 \u00a0 \u00a0 \u00a0 \u00a0 \u00a0 \u00a0 \u00a0 \u00a0 \u00a0<\/strong><\/p>\n<p class=\"Standard\"><strong>\u00a0\u00a0\u00a0<\/strong><\/p>\n<p class=\"Standard\"><strong> <img loading=\"lazy\" decoding=\"async\" width=\"800\" height=\"533\" class=\"alignnone wp-image-596\" src=\"https:\/\/sisu.ut.ee\/wp-content\/uploads\/sites\/107\/7-4.jpg\" title=\"7.jpg\" alt=\"7.jpg\" srcset=\"https:\/\/sisu.ut.ee\/wp-content\/uploads\/sites\/107\/7-4.jpg 800w, https:\/\/sisu.ut.ee\/wp-content\/uploads\/sites\/107\/7-4-300x200.jpg 300w, https:\/\/sisu.ut.ee\/wp-content\/uploads\/sites\/107\/7-4-768x512.jpg 768w\" sizes=\"auto, (max-width: 800px) 100vw, 800px\"><\/strong><\/p>\n<p class=\"Standard\"><strong>IV Tegevus \u2013 \u201eOtsimism\u00e4ng<\/strong>\u201c<\/p>\n<ul>\n<li><em>Eesm\u00e4rk:<\/em> laps tunneb puude lehti. Laps teeb paarilisega koost\u00f6\u00f6d.<\/li>\n<\/ul>\n<p class=\"Standard\">Lastele antakse kahepeale puulehtedega t\u00f6\u00f6leht. Koos s\u00f5braga tuleb pargist leida samasugune leht nagu t\u00f6\u00f6lehel ning see sinna peale kleepida. (kunstitegevus) <img loading=\"lazy\" decoding=\"async\" width=\"800\" height=\"1200\" class=\"alignnone wp-image-597\" style=\"float: right\" src=\"https:\/\/sisu.ut.ee\/wp-content\/uploads\/sites\/107\/8-5.jpg\" title=\"8.jpg\" alt=\"8.jpg\" srcset=\"https:\/\/sisu.ut.ee\/wp-content\/uploads\/sites\/107\/8-5.jpg 800w, https:\/\/sisu.ut.ee\/wp-content\/uploads\/sites\/107\/8-5-200x300.jpg 200w, https:\/\/sisu.ut.ee\/wp-content\/uploads\/sites\/107\/8-5-683x1024.jpg 683w, https:\/\/sisu.ut.ee\/wp-content\/uploads\/sites\/107\/8-5-768x1152.jpg 768w\" sizes=\"auto, (max-width: 800px) 100vw, 800px\"><\/p>\n<p class=\"Standard\">\n<\/p><p class=\"Standard\">\n<\/p><p class=\"Standard\">\n<\/p><p class=\"Standard\">\n<\/p><p class=\"Standard\"><strong>V Tegevus \u201eAitame linna aednikku\u201c<\/strong><\/p>\n<ul>\n<li><em>Eesm\u00e4rk:<\/em> laps saab teada,<strong> <\/strong>kuidas hoida ja hooldada parki (puid, p\u00f5\u00f5said).<\/li>\n<\/ul>\n<p class=\"Standard\">Linna aednik r\u00e4\u00e4gib pargi korrashoiust.<\/p>\n<ul>\n<li><em>Eesm\u00e4rk<\/em>: laps tunneb r\u00f5\u00f5mu t\u00f6\u00f6 tegemisest ning aedniku abistamisest.<\/li>\n<\/ul>\n<p class=\"Standard\">Lehtede riisumine koos aednikuga. Vestlus \u201eMis saab kokkuriisutud lehtedest?\u201c<\/p>\n<p class=\"Standard\"><span style=\"color: #00ff00\"><strong>3. P\u00c4EV<\/strong><\/span><\/p>\n<p class=\"Standard\"><strong>I Tegevus \u2013 \u201eL\u00e4heme k\u00fclla!\u201c<\/strong><\/p>\n<p class=\"Standard\">\n<\/p><table class=\"table table-hover\" style=\"width: 1px;height: 1px\" align=\"left\" cellpadding=\"0\" cellspacing=\"0\">\n<tbody>\n<tr>\n<td><\/td>\n<\/tr>\n<tr>\n<td><\/td>\n<td><\/td>\n<\/tr>\n<\/tbody>\n<\/table>\n<p><img loading=\"lazy\" decoding=\"async\" width=\"800\" height=\"533\" class=\"alignnone wp-image-598\" src=\"https:\/\/sisu.ut.ee\/wp-content\/uploads\/sites\/107\/9-2.jpg\" title=\"9.jpg\" alt=\"9.jpg\" srcset=\"https:\/\/sisu.ut.ee\/wp-content\/uploads\/sites\/107\/9-2.jpg 800w, https:\/\/sisu.ut.ee\/wp-content\/uploads\/sites\/107\/9-2-300x200.jpg 300w, https:\/\/sisu.ut.ee\/wp-content\/uploads\/sites\/107\/9-2-768x512.jpg 768w\" sizes=\"auto, (max-width: 800px) 100vw, 800px\"><\/p>\n<ul>\n<li>K\u00fclask\u00e4ik eramaja aeda. Perenaisega tutvumine.<\/li>\n<\/ul>\n<p class=\"Standard\"><em>Eesm\u00e4rk:<\/em> Laps m\u00f5istab koduaia ja pargi erinevusi ja sarnasusi ning teab, kuidas m\u00f5lema eest hoolitseda. Laps teab, kuidas k\u00fclas k\u00e4ituda.<\/p>\n<ul>\n<li>Puude v\u00f5rdlemine aias ja pargis (erinevad puud) \u2013 meenutatakse, mis puid n\u00e4hti pargis ja mida n\u00e4hakse aias.<\/li>\n<li><em>Eesm\u00e4rk: <\/em>laps teab suuruse <em>pikem-l\u00fchem<\/em> m\u00f5isteid ning koham\u00f5isted <em>\u00fcleval<\/em> ja <em>all.<\/em><\/li>\n<\/ul>\n<p class=\"Standard\">Maja \u00fcmbritseva piirdeaia vaatlus (\u00fcks aed lippidest, teine v\u00f5rgust) \u2013 arutelu, miks piirdeaed on vajalik. Pikkuste v\u00f5rdlemine, kes lastest on aiast pikem\/l\u00fchem. Aialippide loendamine. (matemaatika)<\/p>\n<ul>\n<li>Pererahva abistamine \u00f5unte korjamisel ja lehtede riisumisel. Ilusate \u00f5unte korjamine korvidesse, plekiliste \u00f5unte ja lehtede viimine kompostikasti.<\/li>\n<li><em>Eesm\u00e4rk:<\/em> laps tutvub m\u00f5istega <em>kompost<\/em>.<\/li>\n<\/ul>\n<p class=\"Standard\">Kompostikasti vaatlus. Perenaine r\u00e4\u00e4gib, millest tema komposti teeb ning kuidas seda kasutab. Uurime luubiga komposti. T\u00fckike komposti v\u00f5etakse lasteaeda kaasa, kus seda saab mikroskoobiga uurida.<\/p>\n<p class=\"Standard\">Lisainfo komposti kohta: <a href=\"http:\/\/www.keskkonnaamet.ee\/public\/Kompostimine_kodumajapidamises.pdf\">http:\/\/www.keskkonnaamet.ee\/public\/Kompostimine_kodumajapidamises.pdf<\/a><\/p>\n<p class=\"Standard\"><a href=\"http:\/\/www.youtube.com\/watch?v=8PElbErayZg\">http:\/\/www.youtube.com\/watch?v=8PElbErayZg<\/a> (Peppa Pig multifilm)<\/p>\n<p class=\"Standard\"><strong>II Tegevus \u2013 \u201ePargimatemaatika II\u201c<\/strong><\/p>\n<ul>\n<li><em>Eesm\u00e4rk:<\/em> laps oskab v\u00f5rrelda esemeid erinevate tunnuste j\u00e4rgi.<\/li>\n<\/ul>\n<p class=\"Standard\">\u00d5unte v\u00f5rdlemine suuruse ja v\u00e4rvuse j\u00e4rgi. (matemaatika)<\/p>\n<p class=\"Standard\">\u00d5unte ladumine erinevaid matemaatilisi \u00fclesandeid t\u00e4ites. (matemaatika)<\/p>\n<p class=\"Standard\"><span style=\"color: #00ff00\"><strong>4. P\u00c4EV<\/strong><\/span><\/p>\n<p class=\"Standard\"><strong>I Tegevus \u2013 \u201ePargivana k\u00fcsimused\u201c <\/strong>(Pargivanaks on k\u00e4piknukk, kes k\u00fclastab r\u00fchmi eraldi)<\/p>\n<ul>\n<li><em>Eesm\u00e4rk: <\/em>laps suudab meenutada eelnevaid s\u00fcndmusi ning oma m\u00f5tteid arusaadavalt v\u00e4ljendada. (keel ja k\u00f5ne)<\/li>\n<\/ul>\n<p class=\"Standard\">Pargivana tuleb lasteaia \u00f5uealale k\u00fclla. T\u00e4nab lapsi hea k\u00e4itumise eest pargis ja koduaias.<\/p>\n<p class=\"Standard\">Pargivana tunneb huvi, mida lapsed pargi kohta teada said.<\/p>\n<p class=\"Standard\">\u2013 Milline oli sinu lemmikkoht pargis?<\/p>\n<p class=\"Standard\">\u2013 Kuidas korrastatakse parki\/koduaeda?<\/p>\n<p class=\"Standard\">\u2013 Mis saab lehtedest pargis ja aias?<\/p>\n<p class=\"Standard\">\u2013 Mis on kompost? Milleks seda vaja on?<\/p>\n<p class=\"Standard\">\u2013 Millise puu nime sa teada said?<\/p>\n<p class=\"Standard\">\u2013 Mida teha t\u00f5rudega? jne<\/p>\n<ul>\n<li><em>Eesm\u00e4rk: <\/em>laps kogeb t\u00e4nu avaldades h\u00e4id emotsioone.<\/li>\n<\/ul>\n<p class=\"Standard\">Pargivanaga koos pannakse kirja head soovid pargile ja maja perenaisele.<\/p>\n<p class=\"Standard\"><strong>II Tegevus \u2013 \u201eTeadmised paberile\u201c<\/strong><\/p>\n<ul>\n<li><em>Eesm\u00e4rk:<\/em> lapsel kinnistub pargis \u00f5pitu. Lapsed tegutsevad koos \u00fchise eesm\u00e4rgi nimel.<\/li>\n<\/ul>\n<p class=\"Standard\">\u00dcks r\u00fchm valmistab \u00fchist\u00f6\u00f6 teemal \u201ePark\u201c. Vahendid: suur aluspaber, kahepoolne teip, liiv, puulehed, vanad ajakirjad, oksad, \u2026<\/p>\n<table class=\"table table-hover\" align=\"left\" cellpadding=\"0\" cellspacing=\"0\">\n<tbody>\n<tr>\n<td><\/td>\n<\/tr>\n<tr>\n<td><\/td>\n<td><\/td>\n<\/tr>\n<\/tbody>\n<\/table>\n<p><img loading=\"lazy\" decoding=\"async\" width=\"800\" height=\"533\" class=\"alignnone wp-image-599\" src=\"https:\/\/sisu.ut.ee\/wp-content\/uploads\/sites\/107\/4_paev.jpg\" title=\"4_paev.jpg\" alt=\"4_paev.jpg\" srcset=\"https:\/\/sisu.ut.ee\/wp-content\/uploads\/sites\/107\/4_paev.jpg 800w, https:\/\/sisu.ut.ee\/wp-content\/uploads\/sites\/107\/4_paev-300x200.jpg 300w, https:\/\/sisu.ut.ee\/wp-content\/uploads\/sites\/107\/4_paev-768x512.jpg 768w\" sizes=\"auto, (max-width: 800px) 100vw, 800px\"><\/p>\n<ul>\n<li><em>Eesm\u00e4rk:<\/em> laps kasutab oma fantaasiat, tunneb puulehti.<\/li>\n<\/ul>\n<p class=\"Standard\">Teine r\u00fchm joonistab fantaasiapildi paberile kleebitud kuivatatud puulehest, mille laps on pargist korjanud. Vahendid: puuleht, viltpliiatsid (v\u00f5i muud joonistusvahendid), aluspaber, liim.<\/p>\n<table class=\"table table-hover\" style=\"width: 1px;height: 1px\" align=\"left\" cellpadding=\"0\" cellspacing=\"0\">\n<tbody>\n<tr>\n<td><\/td>\n<td><\/td>\n<td><\/td>\n<td><\/td>\n<\/tr>\n<tr>\n<td><\/td>\n<td align=\"left\" valign=\"top\"><\/td>\n<td><\/td>\n<td rowspan=\"2\" align=\"left\" valign=\"top\"><\/td>\n<\/tr>\n<tr>\n<td><\/td>\n<\/tr>\n<\/tbody>\n<\/table>\n<p><img loading=\"lazy\" decoding=\"async\" width=\"640\" height=\"427\" class=\"alignnone wp-image-600\" src=\"https:\/\/sisu.ut.ee\/wp-content\/uploads\/sites\/107\/4paev2.jpg\" title=\"4paev2.jpg\" alt=\"4paev2.jpg\" srcset=\"https:\/\/sisu.ut.ee\/wp-content\/uploads\/sites\/107\/4paev2.jpg 640w, https:\/\/sisu.ut.ee\/wp-content\/uploads\/sites\/107\/4paev2-300x200.jpg 300w\" sizes=\"auto, (max-width: 640px) 100vw, 640px\">\u00a0\u00a0\u00a0\u00a0\u00a0\u00a0\u00a0\u00a0\u00a0\u00a0\u00a0\u00a0\u00a0\u00a0\u00a0\u00a0\u00a0\u00a0\u00a0\u00a0\u00a0\u00a0\u00a0\u00a0\u00a0\u00a0\u00a0\u00a0\u00a0\u00a0 <img loading=\"lazy\" decoding=\"async\" width=\"640\" height=\"427\" class=\"alignnone wp-image-601\" src=\"https:\/\/sisu.ut.ee\/wp-content\/uploads\/sites\/107\/4paev3.jpg\" title=\"4paev3.jpg\" alt=\"4paev3.jpg\" srcset=\"https:\/\/sisu.ut.ee\/wp-content\/uploads\/sites\/107\/4paev3.jpg 640w, https:\/\/sisu.ut.ee\/wp-content\/uploads\/sites\/107\/4paev3-300x200.jpg 300w\" sizes=\"auto, (max-width: 640px) 100vw, 640px\"><\/p>\n<p style=\"text-align: left\" class=\"Standard\">\n<\/p><p style=\"text-align: left\" class=\"Standard\"><span style=\"color: #00ff00\"><strong>5. P\u00c4EV<\/strong><\/span><\/p>\n<p class=\"Standard\"><strong>I Tegevus<\/strong><\/p>\n<ul>\n<li><em>Eesm\u00e4rk:<\/em> laps n\u00e4eb taime sirgumist.<\/li>\n<\/ul>\n<p class=\"Standard\">Noorema r\u00fchma lapsed istutavad korjatud tammet\u00f5rud potti ja j\u00e4lgivad nende t\u00e4rkamist. Alguses v\u00f5ib vaatlusperioodi vahe olla 2 n\u00e4dalat, kui taim on t\u00e4rganud, siis v\u00f5iks taime kasvu vaadelda igal n\u00e4dalal. J\u00e4lgimise muudab p\u00f5nevamaks see, kui potti asetada pulk, millele m\u00e4rgitakse kuup\u00e4ev ja t\u00e4rganud taime pikkus.<\/p>\n<table class=\"table table-hover\" align=\"left\" cellpadding=\"0\" cellspacing=\"0\">\n<tbody>\n<tr>\n<td><\/td>\n<\/tr>\n<tr>\n<td><\/td>\n<td><\/td>\n<\/tr>\n<\/tbody>\n<\/table>\n<p><img loading=\"lazy\" decoding=\"async\" width=\"800\" height=\"1186\" class=\"alignnone wp-image-602\" src=\"https:\/\/sisu.ut.ee\/wp-content\/uploads\/sites\/107\/5paev.jpg\" title=\"5paev.jpg\" alt=\"5paev.jpg\" srcset=\"https:\/\/sisu.ut.ee\/wp-content\/uploads\/sites\/107\/5paev.jpg 800w, https:\/\/sisu.ut.ee\/wp-content\/uploads\/sites\/107\/5paev-202x300.jpg 202w, https:\/\/sisu.ut.ee\/wp-content\/uploads\/sites\/107\/5paev-691x1024.jpg 691w, https:\/\/sisu.ut.ee\/wp-content\/uploads\/sites\/107\/5paev-768x1139.jpg 768w\" sizes=\"auto, (max-width: 800px) 100vw, 800px\"><\/p>\n<p class=\"Standard\"><strong>II Tegevus<\/strong><\/p>\n<ul>\n<li><em>Eesm\u00e4rk:<\/em> lapsed saavad p\u00e4riselt loomi aidata. Laps tutvub meie metsades elavate loomadega.<\/li>\n<\/ul>\n<p class=\"Standard\">4\u20135a laste r\u00fchm s\u00f5idab Elistvere loomaparki ning viib korjatud tammet\u00f5rud metssigadele.<\/p>\n<table class=\"table table-hover\" align=\"left\" cellpadding=\"0\" cellspacing=\"0\">\n<tbody>\n<tr>\n<td><\/td>\n<\/tr>\n<tr>\n<td><\/td>\n<td><\/td>\n<\/tr>\n<\/tbody>\n<\/table>\n<p><img loading=\"lazy\" decoding=\"async\" width=\"2560\" height=\"1920\" class=\"alignnone wp-image-603\" src=\"https:\/\/sisu.ut.ee\/wp-content\/uploads\/sites\/107\/5paev2-scaled.jpg\" title=\"5paev2.jpg\" alt=\"5paev2.jpg\" srcset=\"https:\/\/sisu.ut.ee\/wp-content\/uploads\/sites\/107\/5paev2-scaled.jpg 2560w, https:\/\/sisu.ut.ee\/wp-content\/uploads\/sites\/107\/5paev2-300x225.jpg 300w, https:\/\/sisu.ut.ee\/wp-content\/uploads\/sites\/107\/5paev2-1024x768.jpg 1024w, https:\/\/sisu.ut.ee\/wp-content\/uploads\/sites\/107\/5paev2-768x576.jpg 768w, https:\/\/sisu.ut.ee\/wp-content\/uploads\/sites\/107\/5paev2-1536x1152.jpg 1536w, https:\/\/sisu.ut.ee\/wp-content\/uploads\/sites\/107\/5paev2-2048x1536.jpg 2048w, https:\/\/sisu.ut.ee\/wp-content\/uploads\/sites\/107\/5paev2-1920x1440.jpg 1920w\" sizes=\"auto, (max-width: 2560px) 100vw, 2560px\"><\/p>\n<p class=\"Standard\">Sama projekti on v\u00f5imalik laiendada igale aastaajale, andes lastele seel\u00e4bi teadmised aastaringist looduses ning inimeste tegevustest erinevatel aastaaegadel.<\/p>\n<p class=\"Standard\">Sellest projektist v\u00f5ivad v\u00e4lja kasvada uued projektid, milles kajastuvad n\u00e4iteks tamme aastaring; metsloomade elu; ilmastikun\u00e4htused; s\u00fcgisesed ja kevadised aiat\u00f6\u00f6d jms.<\/p>\n<p class=\"Standard\">\u00a0<\/p>\n<p class=\"Standard\">\u00a0<\/p>\n<p class=\"Standard\">\u00a0<\/p>\n<p class=\"Standard\">\u00a0<\/p>\n<p class=\"Standard\">\u00a0<\/p>\n","protected":false},"excerpt":{"rendered":"<p>J\u00f5geva lasteaed Karikakar Koostajad: Krista Annuk, Triin Kuusik, Marge P\u00f5dra Projekti alusel on v\u00f5imalik h\u00f5lmata kogu maja keskkonnateemaliste tegevustega. Projektis osalevad 2 r\u00fchma (3\u20134a ja 4\u20135a lapsed), naitusel osalevad k\u00f5ikide r\u00fchmade lapsed koos vanematega. Projekt kestab 1 n\u00e4dala. Projekti raames &#8230;<\/p>\n","protected":false},"author":42,"featured_media":0,"parent":0,"menu_order":0,"comment_status":"closed","ping_status":"closed","template":"","meta":{"_acf_changed":false,"inline_featured_image":false,"footnotes":""},"class_list":["post-155","page","type-page","status-publish","hentry"],"acf":[],"_links":{"self":[{"href":"https:\/\/sisu.ut.ee\/keskkond\/wp-json\/wp\/v2\/pages\/155","targetHints":{"allow":["GET"]}}],"collection":[{"href":"https:\/\/sisu.ut.ee\/keskkond\/wp-json\/wp\/v2\/pages"}],"about":[{"href":"https:\/\/sisu.ut.ee\/keskkond\/wp-json\/wp\/v2\/types\/page"}],"author":[{"embeddable":true,"href":"https:\/\/sisu.ut.ee\/keskkond\/wp-json\/wp\/v2\/users\/42"}],"replies":[{"embeddable":true,"href":"https:\/\/sisu.ut.ee\/keskkond\/wp-json\/wp\/v2\/comments?post=155"}],"version-history":[{"count":1,"href":"https:\/\/sisu.ut.ee\/keskkond\/wp-json\/wp\/v2\/pages\/155\/revisions"}],"predecessor-version":[{"id":957,"href":"https:\/\/sisu.ut.ee\/keskkond\/wp-json\/wp\/v2\/pages\/155\/revisions\/957"}],"wp:attachment":[{"href":"https:\/\/sisu.ut.ee\/keskkond\/wp-json\/wp\/v2\/media?parent=155"}],"curies":[{"name":"wp","href":"https:\/\/api.w.org\/{rel}","templated":true}]}}