{"id":139,"date":"2024-04-03T23:32:23","date_gmt":"2024-04-03T20:32:23","guid":{"rendered":"https:\/\/sisu.ut.ee\/keskkond\/majanduskeskkond\/"},"modified":"2024-04-03T23:39:06","modified_gmt":"2024-04-03T20:39:06","slug":"majanduskeskkond","status":"publish","type":"page","link":"https:\/\/sisu.ut.ee\/keskkond\/majanduskeskkond\/","title":{"rendered":"MAJANDUSKESKKOND"},"content":{"rendered":"<p>Mooduli \u201cMajanduskeskkond\u201d toimumiskohad:\u00a0Mammaste Tervisespordikeskus, Mammaste Kool- Lasteaed, P\u00f5lvamaa Keskkonnamaja, S\u00fcvahavva villavabrik- muuseum<\/p>\n<p>Mooduli l\u00e4biviijad: Margit Teller, Kaire H\u00e4\u00e4l, Mai Tammvere, Liivi P\u00f5ld, Kadri Ugur, Mari Kala, Kai Pettai, Reet Pettai,<\/p>\n<p><img loading=\"lazy\" decoding=\"async\" width=\"700\" height=\"460\" class=\"alignnone wp-image-537\" src=\"https:\/\/sisu.ut.ee\/wp-content\/uploads\/sites\/107\/rapinad.jpg\" title=\"rapinad.jpg\" alt=\"rapinad.jpg\" srcset=\"https:\/\/sisu.ut.ee\/wp-content\/uploads\/sites\/107\/rapinad.jpg 700w, https:\/\/sisu.ut.ee\/wp-content\/uploads\/sites\/107\/rapinad-300x197.jpg 300w\" sizes=\"auto, (max-width: 700px) 100vw, 700px\"><\/p>\n<p>P\u00f5lvamaa Keskkonnamaja<\/p>\n","protected":false},"excerpt":{"rendered":"<p>Mooduli \u201cMajanduskeskkond\u201d toimumiskohad:\u00a0Mammaste Tervisespordikeskus, Mammaste Kool- Lasteaed, P\u00f5lvamaa Keskkonnamaja, S\u00fcvahavva villavabrik- muuseum Mooduli l\u00e4biviijad: Margit Teller, Kaire H\u00e4\u00e4l, Mai Tammvere, Liivi P\u00f5ld, Kadri Ugur, Mari Kala, Kai Pettai, Reet Pettai, P\u00f5lvamaa Keskkonnamaja<\/p>\n","protected":false},"author":42,"featured_media":0,"parent":0,"menu_order":0,"comment_status":"closed","ping_status":"closed","template":"","meta":{"_acf_changed":false,"inline_featured_image":false,"footnotes":""},"class_list":["post-139","page","type-page","status-publish","hentry"],"acf":[],"_links":{"self":[{"href":"https:\/\/sisu.ut.ee\/keskkond\/wp-json\/wp\/v2\/pages\/139","targetHints":{"allow":["GET"]}}],"collection":[{"href":"https:\/\/sisu.ut.ee\/keskkond\/wp-json\/wp\/v2\/pages"}],"about":[{"href":"https:\/\/sisu.ut.ee\/keskkond\/wp-json\/wp\/v2\/types\/page"}],"author":[{"embeddable":true,"href":"https:\/\/sisu.ut.ee\/keskkond\/wp-json\/wp\/v2\/users\/42"}],"replies":[{"embeddable":true,"href":"https:\/\/sisu.ut.ee\/keskkond\/wp-json\/wp\/v2\/comments?post=139"}],"version-history":[{"count":1,"href":"https:\/\/sisu.ut.ee\/keskkond\/wp-json\/wp\/v2\/pages\/139\/revisions"}],"predecessor-version":[{"id":973,"href":"https:\/\/sisu.ut.ee\/keskkond\/wp-json\/wp\/v2\/pages\/139\/revisions\/973"}],"wp:attachment":[{"href":"https:\/\/sisu.ut.ee\/keskkond\/wp-json\/wp\/v2\/media?parent=139"}],"curies":[{"name":"wp","href":"https:\/\/api.w.org\/{rel}","templated":true}]}}