{"id":109,"date":"2024-04-03T23:32:21","date_gmt":"2024-04-03T20:32:21","guid":{"rendered":"https:\/\/sisu.ut.ee\/keskkond\/taaskasutuse-kaudu-eelkooli-oppeprogrammide-korraldamiseks-keskkonda-saastvate\/"},"modified":"2024-04-03T23:39:08","modified_gmt":"2024-04-03T20:39:08","slug":"taaskasutuse-kaudu-eelkooli-oppeprogrammide-korraldamiseks-keskkonda-saastvate","status":"publish","type":"page","link":"https:\/\/sisu.ut.ee\/keskkond\/taaskasutuse-kaudu-eelkooli-oppeprogrammide-korraldamiseks-keskkonda-saastvate\/","title":{"rendered":"Taaskasutuse kaudu eelkooli \u00f5ppeprogrammide korraldamiseks keskkonda s\u00e4\u00e4stvate \u00f5ppevahendite loomine"},"content":{"rendered":"<p>Koostaja Astrid Viik<\/p>\n<p><strong>Eesm\u00e4rgid<\/strong><\/p>\n<p>Tuua n\u00e4iteid Soome s\u00e4\u00e4stva arengu \u00f5ppevahendite programmist ja arutada l\u00e4bi v\u00f5imalused, kuidas ning milliste vahenditega toota keskkonda s\u00e4\u00e4stvaid loodusteemalisi \u00f5ppevahendeid P\u00e4rnu loodus- ja tehnikamaja eelkooli \u00f5pilaste \u00f5ppeprogrammide l\u00e4biviimiseks.<\/p>\n<p><strong>\u00d5piv\u00e4ljundid<\/strong><\/p>\n<p>1. \u00d5petajad on teadlikud taaskasutuse v\u00f5imalustest ja teevad keskkonda s\u00e4\u00e4stvaid valikuid \u00f5ppevahendite kavandamisel ja loomisel.<\/p>\n<p>2. \u00d5petajad kasutavad eelkooli loodussuuna \u00f5ppeprogrammides \u00f5ppevahendeid, mis on toodetud taaskasutuse tehnoloogiate abil.<\/p>\n<p>3. Loodus- ja tehnikasuuna \u00f5petajad teevad koost\u00f6\u00f6d \u00f5ppevahendite arendamisel ja loomisel.<\/p>\n<p><strong>Sisu l\u00fchikirjeldus, meetodid<\/strong><\/p>\n<p>Selgitada \u00f5petajale taaskasutuse p\u00f5him\u00f5tteid ning n\u00e4idata selle kasulikkust \u00f5petaja igap\u00e4evat\u00f6\u00f6s. Varustada \u00f5petaja teoreetiliste teadmiste ning praktiliste oskustega keskkonda s\u00e4\u00e4stvate \u00f5ppevahendite tegemisel ning kasutamisel.<\/p>\n<p>1. N\u00e4ited ja arutelu s\u00e4\u00e4stva arengu \u00f5ppevahendite tootmisest Helsingi keskkonnaameti ja taaskasutuskeskuse n\u00e4itel.<\/p>\n<p>2. V\u00e4lja t\u00f6\u00f6tada \u00f5ppevahendite kirjeldused eelkooli loodussuuna programmidele.<\/p>\n<p>3. Ettepanekud P\u00e4rnu loodus- ja tehnikamaja tehnoloogia huviringide \u00f5petajatele \u00f5ppevahendite tegemiseks koost\u00f6\u00f6s ringi\u00f5pilastega.<\/p>\n<p>4. Koost\u00f6\u00f6v\u00f5imaluste loomine P\u00e4rnu linna taaskasutuskeskustega.<\/p>\n<p>5. Praktiliste \u00f5ppevahendite tootmine taaskasutuse abil.<\/p>\n<p>6. Programmide l\u00e4biviimine \u00fche lasteaia n\u00e4itel.<\/p>\n<p>7. Tagaside lasteaialt, vajadusel \u00f5ppevahendite t\u00e4iendamine.<\/p>\n<p>Meetodid: erinevad aktiiv\u00f5ppe meetodid.<\/p>\n<p><strong>S\u00e4\u00e4stva arengu kontseptsiooni l\u00f5imimine \u00f5ppekavasse<\/strong><\/p>\n<p>V\u00e4\u00e4rtushinnangute ja p\u00f5him\u00f5tete kujundamine s\u00e4\u00e4stval tarbimisel. R\u00f5hutatakse s\u00e4\u00e4stva arengu ja taaskasutuse ideed.<\/p>\n<p><strong>\u00d5ppematerjalid\u00a0\u00a0\u00a0\u00a0\u00a0\u00a0\u00a0\u00a0\u00a0\u00a0\u00a0\u00a0\u00a0\u00a0 <\/strong><\/p>\n<p>N\u00e4ited Soome s\u00e4\u00e4stva arengu programmist.<\/p>\n<p>http:\/\/www.espoo.fi\/enUS\/Housing_and_environment\/Environment_and_nature\/Sustainable_Development_Espoo_RCE<\/p>\n<p>http:\/\/www.kierratyskeskus.fi\/kaupat_ja_palvelut\/nihtisilta_espoo<\/p>\n<p>http:\/\/www.kierratyskeskus.fi\/in_english\/environmental_school_polku<\/p>\n<p>http:\/\/www.hel.fi\/www\/ymk\/en<\/p>\n<p>http:\/\/www.ekotuki.fi\/en\/<\/p>\n<p>http:\/\/www.lahti.fi\/www\/cms.nsf\/pages\/7BC3BA8E77372A0FC225741200483ABD<\/p>\n","protected":false},"excerpt":{"rendered":"<p>Koostaja Astrid Viik Eesm\u00e4rgid Tuua n\u00e4iteid Soome s\u00e4\u00e4stva arengu \u00f5ppevahendite programmist ja arutada l\u00e4bi v\u00f5imalused, kuidas ning milliste vahenditega toota keskkonda s\u00e4\u00e4stvaid loodusteemalisi \u00f5ppevahendeid P\u00e4rnu loodus- ja tehnikamaja eelkooli \u00f5pilaste \u00f5ppeprogrammide l\u00e4biviimiseks. \u00d5piv\u00e4ljundid 1. \u00d5petajad on teadlikud taaskasutuse v\u00f5imalustest ja &#8230;<\/p>\n","protected":false},"author":42,"featured_media":0,"parent":0,"menu_order":0,"comment_status":"closed","ping_status":"closed","template":"","meta":{"_acf_changed":false,"inline_featured_image":false,"footnotes":""},"class_list":["post-109","page","type-page","status-publish","hentry"],"acf":[],"_links":{"self":[{"href":"https:\/\/sisu.ut.ee\/keskkond\/wp-json\/wp\/v2\/pages\/109","targetHints":{"allow":["GET"]}}],"collection":[{"href":"https:\/\/sisu.ut.ee\/keskkond\/wp-json\/wp\/v2\/pages"}],"about":[{"href":"https:\/\/sisu.ut.ee\/keskkond\/wp-json\/wp\/v2\/types\/page"}],"author":[{"embeddable":true,"href":"https:\/\/sisu.ut.ee\/keskkond\/wp-json\/wp\/v2\/users\/42"}],"replies":[{"embeddable":true,"href":"https:\/\/sisu.ut.ee\/keskkond\/wp-json\/wp\/v2\/comments?post=109"}],"version-history":[{"count":1,"href":"https:\/\/sisu.ut.ee\/keskkond\/wp-json\/wp\/v2\/pages\/109\/revisions"}],"predecessor-version":[{"id":1003,"href":"https:\/\/sisu.ut.ee\/keskkond\/wp-json\/wp\/v2\/pages\/109\/revisions\/1003"}],"wp:attachment":[{"href":"https:\/\/sisu.ut.ee\/keskkond\/wp-json\/wp\/v2\/media?parent=109"}],"curies":[{"name":"wp","href":"https:\/\/api.w.org\/{rel}","templated":true}]}}