{"id":9,"date":"2024-04-04T09:14:00","date_gmt":"2024-04-04T06:14:00","guid":{"rendered":"https:\/\/sisu.ut.ee\/keemiasuvi\/kontakt\/"},"modified":"2026-03-13T15:56:02","modified_gmt":"2026-03-13T13:56:02","slug":"kontakt","status":"publish","type":"page","link":"https:\/\/sisu.ut.ee\/keemiasuvi\/kontakt\/","title":{"rendered":"Kontakt"},"content":{"rendered":"<p><img loading=\"lazy\" decoding=\"async\" width=\"2560\" height=\"1707\" class=\"alignnone wp-image-35\" style=\"width: 250px; height: 167px; float: left; margin-right: 10px; margin-left: 10px;\" title=\"img_20191029_223204_302_1.jpg\" src=\"https:\/\/sisu.ut.ee\/wp-content\/uploads\/sites\/680\/img_20191029_223204_302_1-scaled.jpg\" alt=\"Joana\" srcset=\"https:\/\/sisu.ut.ee\/wp-content\/uploads\/sites\/680\/img_20191029_223204_302_1-scaled.jpg 2560w, https:\/\/sisu.ut.ee\/wp-content\/uploads\/sites\/680\/img_20191029_223204_302_1-300x200.jpg 300w, https:\/\/sisu.ut.ee\/wp-content\/uploads\/sites\/680\/img_20191029_223204_302_1-1024x683.jpg 1024w, https:\/\/sisu.ut.ee\/wp-content\/uploads\/sites\/680\/img_20191029_223204_302_1-768x512.jpg 768w, https:\/\/sisu.ut.ee\/wp-content\/uploads\/sites\/680\/img_20191029_223204_302_1-1536x1024.jpg 1536w, https:\/\/sisu.ut.ee\/wp-content\/uploads\/sites\/680\/img_20191029_223204_302_1-2048x1365.jpg 2048w, https:\/\/sisu.ut.ee\/wp-content\/uploads\/sites\/680\/img_20191029_223204_302_1-1920x1280.jpg 1920w\" sizes=\"auto, (max-width: 2560px) 100vw, 2560px\"><span style=\"font-family: Tahoma,Geneva,sans-serif;\">Joana J\u00f5gela<br>\n<\/span><span style=\"font-family: Tahoma,Geneva,sans-serif;\">\u00fcldise keemia \u00f5petaja<br>\n<\/span><span style=\"font-family: Tahoma,Geneva,sans-serif;\">Tartu \u00dclikool<br>\n<\/span><span style=\"font-family: Tahoma,Geneva,sans-serif;\">keemia instituut<br>\n<\/span><span style=\"font-family: Tahoma,Geneva,sans-serif;\">joana.jogela@ut.ee<\/span><\/p>\n<p style=\"text-align: right;\"><img loading=\"lazy\" decoding=\"async\" width=\"157\" height=\"170\" class=\"alignnone wp-image-20\" style=\"width: 157px; height: 170px; margin-left: 10px; margin-right: 10px; float: right;\" title=\"heili_kasuk_04_2.jpg\" src=\"https:\/\/sisu.ut.ee\/wp-content\/uploads\/sites\/680\/heili_kasuk_04_2.jpg\" alt=\"Heili\">Heili Kasuk, PhD<br>\nf\u00fc\u00fcsikalise keemia lektor ja \u00f5ppet\u00f6\u00f6 asedirektor<br>\nTartu \u00dclikool<br>\nkeemia instituut<br>\nheili.kasuk@ut.ee<\/p>\n","protected":false},"excerpt":{"rendered":"<p>Joana J\u00f5gela \u00fcldise keemia \u00f5petaja Tartu \u00dclikool keemia instituut joana.jogela@ut.ee Heili Kasuk, PhD f\u00fc\u00fcsikalise keemia lektor ja \u00f5ppet\u00f6\u00f6 asedirektor Tartu \u00dclikool keemia instituut heili.kasuk@ut.ee<\/p>\n","protected":false},"author":269,"featured_media":0,"parent":0,"menu_order":0,"comment_status":"closed","ping_status":"closed","template":"","meta":{"_acf_changed":false,"inline_featured_image":false,"footnotes":""},"class_list":["post-9","page","type-page","status-publish","hentry"],"acf":[],"_links":{"self":[{"href":"https:\/\/sisu.ut.ee\/keemiasuvi\/wp-json\/wp\/v2\/pages\/9","targetHints":{"allow":["GET"]}}],"collection":[{"href":"https:\/\/sisu.ut.ee\/keemiasuvi\/wp-json\/wp\/v2\/pages"}],"about":[{"href":"https:\/\/sisu.ut.ee\/keemiasuvi\/wp-json\/wp\/v2\/types\/page"}],"author":[{"embeddable":true,"href":"https:\/\/sisu.ut.ee\/keemiasuvi\/wp-json\/wp\/v2\/users\/269"}],"replies":[{"embeddable":true,"href":"https:\/\/sisu.ut.ee\/keemiasuvi\/wp-json\/wp\/v2\/comments?post=9"}],"version-history":[{"count":3,"href":"https:\/\/sisu.ut.ee\/keemiasuvi\/wp-json\/wp\/v2\/pages\/9\/revisions"}],"predecessor-version":[{"id":387,"href":"https:\/\/sisu.ut.ee\/keemiasuvi\/wp-json\/wp\/v2\/pages\/9\/revisions\/387"}],"wp:attachment":[{"href":"https:\/\/sisu.ut.ee\/keemiasuvi\/wp-json\/wp\/v2\/media?parent=9"}],"curies":[{"name":"wp","href":"https:\/\/api.w.org\/{rel}","templated":true}]}}