{"id":6,"date":"2024-04-04T09:14:00","date_gmt":"2024-04-04T06:14:00","guid":{"rendered":"https:\/\/sisu.ut.ee\/keemiasuvi\/olulised-kuupaevad\/"},"modified":"2026-03-13T15:31:15","modified_gmt":"2026-03-13T13:31:15","slug":"olulised-kuupaevad","status":"publish","type":"page","link":"https:\/\/sisu.ut.ee\/keemiasuvi\/olulised-kuupaevad\/","title":{"rendered":"Olulised kuup\u00e4evad"},"content":{"rendered":"<p><a href=\"https:\/\/sisu.ut.ee\/wp-content\/uploads\/sites\/680\/Olulised-kuupaevad.svg\"><img loading=\"lazy\" decoding=\"async\" class=\"alignnone  wp-image-359\" src=\"https:\/\/sisu.ut.ee\/wp-content\/uploads\/sites\/680\/Olulised-kuupaevad.svg\" alt=\"\" width=\"705\" height=\"259\"><\/a><\/p>\n<p><span style=\"font-family: Tahoma,Geneva,sans-serif;\"><span style=\"color: #2c5697;\"><strong>1. aprill<\/strong><\/span>: avaneb laagrisse registreerumine<\/span><\/p>\n<p><span style=\"font-family: Tahoma,Geneva,sans-serif;\"><span style=\"color: #2c5697;\"><strong>1. juuni<\/strong><\/span>: l\u00f5peb laagrisse registreerumine<\/span><\/p>\n<p><span style=\"font-family: Tahoma,Geneva,sans-serif;\"> <span style=\"color: #2c5697;\"><strong>13. juuni<\/strong><\/span>: veebikohtumine, kus jagame laagri infot ja teeme eelh\u00e4\u00e4lestuse<\/span><\/p>\n<p><span style=\"font-family: Tahoma,Geneva,sans-serif;\"><span style=\"color: #2c5697;\"><strong>11. august<\/strong><\/span>: paki kott ja v\u00f5ta kaasa m\u00f5nus tuju<\/span><\/p>\n<p><span style=\"font-family: Tahoma,Geneva,sans-serif;\"><span style=\"color: #2c5697;\"><strong>12. august<\/strong><\/span>: laagri esimene p\u00e4ev\u00a0<\/span><\/p>\n<p><span style=\"font-family: Tahoma,Geneva,sans-serif;\"><span style=\"color: #2c5697;\"><strong>13. august<\/strong><\/span>: laagri teine p\u00e4ev<\/span><\/p>\n<p><span style=\"font-family: Tahoma,Geneva,sans-serif;\"><strong><span style=\"color: #2c5697;\">14. august<\/span><\/strong>: laagri kolmas p\u00e4ev<\/span><\/p>\n<p><span style=\"font-family: Tahoma,Geneva,sans-serif;\"><strong><span style=\"color: #2c5697;\">20. august<\/span><\/strong>: laagri tagasiside t\u00e4itmine<\/span><\/p>\n<p><span style=\"font-family: Tahoma,Geneva,sans-serif;\">Edasi v\u00f5id m\u00f5elda j\u00e4rgmise aasta laagri peale.\u00a0<\/span><\/p>\n","protected":false},"excerpt":{"rendered":"<p>1. aprill: avaneb laagrisse registreerumine 1. juuni: l\u00f5peb laagrisse registreerumine 13. juuni: veebikohtumine, kus jagame laagri infot ja teeme eelh\u00e4\u00e4lestuse 11. august: paki kott ja v\u00f5ta kaasa m\u00f5nus tuju 12. august: laagri esimene p\u00e4ev\u00a0 13. august: laagri teine p\u00e4ev 14. &#8230;<\/p>\n","protected":false},"author":269,"featured_media":0,"parent":0,"menu_order":0,"comment_status":"closed","ping_status":"closed","template":"","meta":{"_acf_changed":false,"inline_featured_image":false,"footnotes":""},"class_list":["post-6","page","type-page","status-publish","hentry"],"acf":[],"_links":{"self":[{"href":"https:\/\/sisu.ut.ee\/keemiasuvi\/wp-json\/wp\/v2\/pages\/6","targetHints":{"allow":["GET"]}}],"collection":[{"href":"https:\/\/sisu.ut.ee\/keemiasuvi\/wp-json\/wp\/v2\/pages"}],"about":[{"href":"https:\/\/sisu.ut.ee\/keemiasuvi\/wp-json\/wp\/v2\/types\/page"}],"author":[{"embeddable":true,"href":"https:\/\/sisu.ut.ee\/keemiasuvi\/wp-json\/wp\/v2\/users\/269"}],"replies":[{"embeddable":true,"href":"https:\/\/sisu.ut.ee\/keemiasuvi\/wp-json\/wp\/v2\/comments?post=6"}],"version-history":[{"count":10,"href":"https:\/\/sisu.ut.ee\/keemiasuvi\/wp-json\/wp\/v2\/pages\/6\/revisions"}],"predecessor-version":[{"id":362,"href":"https:\/\/sisu.ut.ee\/keemiasuvi\/wp-json\/wp\/v2\/pages\/6\/revisions\/362"}],"wp:attachment":[{"href":"https:\/\/sisu.ut.ee\/keemiasuvi\/wp-json\/wp\/v2\/media?parent=6"}],"curies":[{"name":"wp","href":"https:\/\/api.w.org\/{rel}","templated":true}]}}

Olulised kuupäevad

<p><a href="https://sisu.ut.ee/wp-content/uploads/sites/680/Olulised-kuupaevad.svg"><img loading="lazy" decoding="async" class="alignnone  wp-image-359" src="https://sisu.ut.ee/wp-content/uploads/sites/680/Olulised-kuupaevad.svg" alt="" width="705" height="259"></a></p>
<p><span style="font-family: Tahoma,Geneva,sans-serif;"><span style="color: #2c5697;"><strong>1. aprill</strong></span>: avaneb laagrisse registreerumine</span></p>
<p><span style="font-family: Tahoma,Geneva,sans-serif;"><span style="color: #2c5697;"><strong>1. juuni</strong></span>: lõpeb laagrisse registreerumine</span></p>
<p><span style="font-family: Tahoma,Geneva,sans-serif;"> <span style="color: #2c5697;"><strong>13. juuni</strong></span>: veebikohtumine, kus jagame laagri infot ja teeme eelhäälestuse</span></p>
<p><span style="font-family: Tahoma,Geneva,sans-serif;"><span style="color: #2c5697;"><strong>11. august</strong></span>: paki kott ja võta kaasa mõnus tuju</span></p>
<p><span style="font-family: Tahoma,Geneva,sans-serif;"><span style="color: #2c5697;"><strong>12. august</strong></span>: laagri esimene päev </span></p>
<p><span style="font-family: Tahoma,Geneva,sans-serif;"><span style="color: #2c5697;"><strong>13. august</strong></span>: laagri teine päev</span></p>
<p><span style="font-family: Tahoma,Geneva,sans-serif;"><strong><span style="color: #2c5697;">14. august</span></strong>: laagri kolmas päev</span></p>
<p><span style="font-family: Tahoma,Geneva,sans-serif;"><strong><span style="color: #2c5697;">20. august</span></strong>: laagri tagasiside täitmine</span></p>
<p><span style="font-family: Tahoma,Geneva,sans-serif;">Edasi võid mõelda järgmise aasta laagri peale. </span></p>

<p>1. aprill: avaneb laagrisse registreerumine 1. juuni: lõpeb laagrisse registreerumine 13. juuni: veebikohtumine, kus jagame laagri infot ja teeme eelhäälestuse 11. august: paki kott ja võta kaasa mõnus tuju 12. august: laagri esimene päev  13. august: laagri teine päev 14. &#8230;</p>
