{"id":363,"date":"2026-03-13T15:33:05","date_gmt":"2026-03-13T13:33:05","guid":{"rendered":"https:\/\/sisu.ut.ee\/keemiasuvi\/?page_id=363"},"modified":"2026-04-24T19:55:21","modified_gmt":"2026-04-24T16:55:21","slug":"programm-3","status":"publish","type":"page","link":"https:\/\/sisu.ut.ee\/keemiasuvi\/programm-3\/","title":{"rendered":"Programm"},"content":{"rendered":"<h2 class=\"wp-block-heading\">12. august<\/h2>\n\n\n\n<div class=\"wp-block-media-text is-stacked-on-mobile\"><figure class=\"wp-block-media-text__media\"><img loading=\"lazy\" decoding=\"async\" width=\"842\" height=\"595\" src=\"https:\/\/sisu.ut.ee\/wp-content\/uploads\/sites\/680\/12.-augusti-tunniplaan.svg\" alt=\"\" class=\"wp-image-366 size-full\"><\/figure><div class=\"wp-block-media-text__content\">\n<p><strong>Merike<\/strong> \u201c\u00d5ppe kohandamine erinevate vajadustega \u00f5ppijatele\u201d<\/p>\n\n\n\n<p><strong>Tiia<\/strong> \u201cIoonide teke l\u00e4bi Johnstone\u2019i mudeli\u201d<\/p>\n\n\n\n<p><strong>Maarja ja Kaarina <\/strong>\u201cPesup\u00e4hkel, looduslik pesuvahend\u201d<\/p>\n\n\n\n<p><strong>Triinu<\/strong> \u201cKui materjale pole, loome need ise!\u201d<\/p>\n\n\n\n<p><strong>Rasmus ja Denis<\/strong> \u201cTeadusteatri t\u00f6\u00f6riistad \u00f5petajale\u201d\u00a0<\/p>\n\n\n\n<p><strong>Karl-Ander, Mihkel, Jaak, Henri <\/strong> \u201eTuleviku energias\u00fcsteemid\u201c<\/p>\n<\/div><\/div>\n\n\n\n<h2 class=\"wp-block-heading\">13. august<\/h2>\n\n\n\n<div class=\"wp-block-media-text is-stacked-on-mobile\"><figure class=\"wp-block-media-text__media\"><img loading=\"lazy\" decoding=\"async\" width=\"842\" height=\"595\" src=\"https:\/\/sisu.ut.ee\/wp-content\/uploads\/sites\/680\/13.-augusti-tunniplaan-1.svg\" alt=\"\" class=\"wp-image-389 size-full\"><\/figure><div class=\"wp-block-media-text__content\">\n<p><strong>Lennart <\/strong>\u201cImproteatri v\u00f5tted keemiatunnis\u201d<\/p>\n<\/div><\/div>\n\n\n\n<h2 class=\"wp-block-heading\">14. august<\/h2>\n\n\n\n<div class=\"wp-block-media-text is-stacked-on-mobile\"><figure class=\"wp-block-media-text__media\"><img loading=\"lazy\" decoding=\"async\" width=\"842\" height=\"444\" src=\"https:\/\/sisu.ut.ee\/wp-content\/uploads\/sites\/680\/14.-augusti-tunniplaan.svg\" alt=\"\" class=\"wp-image-377 size-full\"><\/figure><div class=\"wp-block-media-text__content\">\n<p><strong>Heily<\/strong> \u201cReaktsioon k\u00e4ivitub: kutsestandard + karj\u00e4\u00e4rimudel praktikas\u201d<\/p>\n<\/div><\/div>\n","protected":false},"excerpt":{"rendered":"<p>12. august Merike \u201c\u00d5ppe kohandamine erinevate vajadustega \u00f5ppijatele\u201d Tiia \u201cIoonide teke l\u00e4bi Johnstone\u2019i mudeli\u201d Maarja ja Kaarina \u201cPesup\u00e4hkel, looduslik pesuvahend\u201d Triinu \u201cKui materjale pole, loome need ise!\u201d Rasmus ja Denis \u201cTeadusteatri t\u00f6\u00f6riistad \u00f5petajale\u201d\u00a0 Karl-Ander, Mihkel, Jaak, Henri \u201eTuleviku energias\u00fcsteemid\u201c 13. &#8230;<\/p>\n","protected":false},"author":276,"featured_media":0,"parent":0,"menu_order":0,"comment_status":"closed","ping_status":"closed","template":"","meta":{"_acf_changed":false,"inline_featured_image":false,"footnotes":""},"class_list":["post-363","page","type-page","status-publish","hentry"],"acf":[],"_links":{"self":[{"href":"https:\/\/sisu.ut.ee\/keemiasuvi\/wp-json\/wp\/v2\/pages\/363","targetHints":{"allow":["GET"]}}],"collection":[{"href":"https:\/\/sisu.ut.ee\/keemiasuvi\/wp-json\/wp\/v2\/pages"}],"about":[{"href":"https:\/\/sisu.ut.ee\/keemiasuvi\/wp-json\/wp\/v2\/types\/page"}],"author":[{"embeddable":true,"href":"https:\/\/sisu.ut.ee\/keemiasuvi\/wp-json\/wp\/v2\/users\/276"}],"replies":[{"embeddable":true,"href":"https:\/\/sisu.ut.ee\/keemiasuvi\/wp-json\/wp\/v2\/comments?post=363"}],"version-history":[{"count":10,"href":"https:\/\/sisu.ut.ee\/keemiasuvi\/wp-json\/wp\/v2\/pages\/363\/revisions"}],"predecessor-version":[{"id":436,"href":"https:\/\/sisu.ut.ee\/keemiasuvi\/wp-json\/wp\/v2\/pages\/363\/revisions\/436"}],"wp:attachment":[{"href":"https:\/\/sisu.ut.ee\/keemiasuvi\/wp-json\/wp\/v2\/media?parent=363"}],"curies":[{"name":"wp","href":"https:\/\/api.w.org\/{rel}","templated":true}]}}