{"id":11,"date":"2024-04-04T07:50:44","date_gmt":"2024-04-04T04:50:44","guid":{"rendered":"https:\/\/sisu.ut.ee\/keemiaabc\/3-anorgaaniliste-ainete-pohiklassid\/"},"modified":"2024-04-04T07:51:46","modified_gmt":"2024-04-04T04:51:46","slug":"3-anorgaaniliste-ainete-pohiklassid","status":"publish","type":"page","link":"https:\/\/sisu.ut.ee\/keemiaabc\/3-anorgaaniliste-ainete-pohiklassid\/","title":{"rendered":"3. Anorgaaniliste ainete p\u00f5hiklassid"},"content":{"rendered":"<p dir=\"ltr\">\n\tSelles peat\u00fckis saad \u00fclevaate anorgaaniliste \u00fchendite maailmast:\u00a0\u00f5pid tundma oksiide, happeid, aluseid ja soolasid. P\u00e4rast materjali l\u00e4bit\u00f6\u00f6tamist peaksid oskama ka aineklasside omavahelisi seoseid reaktsiooniv\u00f5rranditena \u00fcles kirjutada. Samuti saad teada, mida kujutab endast pH ja kuidas selle j\u00e4rgi lahuse keskkonda m\u00e4\u00e4rata.<\/p>\n","protected":false},"excerpt":{"rendered":"<p>Selles peat\u00fckis saad \u00fclevaate anorgaaniliste \u00fchendite maailmast:\u00a0\u00f5pid tundma oksiide, happeid, aluseid ja soolasid. P\u00e4rast materjali l\u00e4bit\u00f6\u00f6tamist peaksid oskama ka aineklasside omavahelisi seoseid reaktsiooniv\u00f5rranditena \u00fcles kirjutada. Samuti saad teada, mida kujutab endast pH ja kuidas selle j\u00e4rgi lahuse keskkonda m\u00e4\u00e4rata.<\/p>\n","protected":false},"author":276,"featured_media":0,"parent":0,"menu_order":0,"comment_status":"closed","ping_status":"closed","template":"","meta":{"_acf_changed":false,"inline_featured_image":false,"footnotes":""},"class_list":["post-11","page","type-page","status-publish","hentry"],"acf":[],"_links":{"self":[{"href":"https:\/\/sisu.ut.ee\/keemiaabc\/wp-json\/wp\/v2\/pages\/11","targetHints":{"allow":["GET"]}}],"collection":[{"href":"https:\/\/sisu.ut.ee\/keemiaabc\/wp-json\/wp\/v2\/pages"}],"about":[{"href":"https:\/\/sisu.ut.ee\/keemiaabc\/wp-json\/wp\/v2\/types\/page"}],"author":[{"embeddable":true,"href":"https:\/\/sisu.ut.ee\/keemiaabc\/wp-json\/wp\/v2\/users\/276"}],"replies":[{"embeddable":true,"href":"https:\/\/sisu.ut.ee\/keemiaabc\/wp-json\/wp\/v2\/comments?post=11"}],"version-history":[{"count":1,"href":"https:\/\/sisu.ut.ee\/keemiaabc\/wp-json\/wp\/v2\/pages\/11\/revisions"}],"predecessor-version":[{"id":234,"href":"https:\/\/sisu.ut.ee\/keemiaabc\/wp-json\/wp\/v2\/pages\/11\/revisions\/234"}],"wp:attachment":[{"href":"https:\/\/sisu.ut.ee\/keemiaabc\/wp-json\/wp\/v2\/media?parent=11"}],"curies":[{"name":"wp","href":"https:\/\/api.w.org\/{rel}","templated":true}]}}