{"id":93,"date":"2024-04-04T05:03:29","date_gmt":"2024-04-04T02:03:29","guid":{"rendered":"https:\/\/sisu.ut.ee\/keeleylesanded\/tuletatud-uudisonad\/"},"modified":"2024-11-29T13:08:22","modified_gmt":"2024-11-29T11:08:22","slug":"tuletatud-uudisonad","status":"publish","type":"page","link":"https:\/\/sisu.ut.ee\/keeleylesanded\/tuletatud-uudisonad\/","title":{"rendered":"Tuletatud uudis\u00f5nad"},"content":{"rendered":"<p><b><span style=\"line-height: 107%;\">Maire Raadiku raamatust \u201eUudiss\u00f5nu uue aastatuhande algusest\u201c leiab muude uudissonade seast ka uusi tuletisi. <\/span><\/b><\/p>\n<p><b><span style=\"line-height: 107%;\">1. Kirjuta <i>kas<\/i>-liitega saadud argikeelsete s\u00f5nade k\u00f5rvale nende kirjakeelne vaste (ei pea olema \u00fches\u00f5naline).<\/span><\/b><\/p>\n<p><span style=\"line-height: 107%;\">hiinakas<\/span><\/p>\n<p><span style=\"line-height: 107%;\">kaltsukas<\/span><\/p>\n<p><span style=\"line-height: 107%;\">kodukas<\/span><\/p>\n<p><span style=\"line-height: 107%;\">l\u00e4pakas<\/span><\/p>\n<p><span style=\"line-height: 107%;\">naistekas<\/span><\/p>\n<p><b><span style=\"line-height: 107%;\">2. Kirjuta lisatud s\u00f5naloendi p\u00f5hjal v\u00e4lja isikut v\u00f5i asja t\u00e4histavad liited, kogumit t\u00e4histavad liited ja tegevust t\u00e4histavad liited.<\/span><\/b><\/p>\n<p><span style=\"line-height: 107%;\">bravuuritar, eemaldi, e-poodlemine, ideekorje, luger, modellindus, taristu, vabakond, veganlus, \u00fclbik<\/span><\/p>\n<p><span style=\"line-height: 107%;\">Isikut v\u00f5i asja t\u00e4histavad liited:<\/span><\/p>\n<p><span style=\"line-height: 107%;\">Kogumit t\u00e4histavad liited:<\/span><\/p>\n<p><span style=\"line-height: 107%;\">Tegevust t\u00e4histavad liited:<\/span><\/p>\n<p><span style=\"line-height: 107%;\">2018<\/span><\/p>\n<p><span style=\"line-height: 107%;\">noorem<\/span><\/p>\n<p><span style=\"line-height: 107%;\">piirkonnavoor<\/span><\/p>\n<p><a href=\"https:\/\/sisu.ut.ee\/keeleylesanded\/tuletatud-uudissonad-vastus\/\">Vastus<\/a><\/p>\n","protected":false},"excerpt":{"rendered":"<p>Maire Raadiku raamatust \u201eUudiss\u00f5nu uue aastatuhande algusest\u201c leiab muude uudissonade seast ka uusi tuletisi. 1. Kirjuta kas-liitega saadud argikeelsete s\u00f5nade k\u00f5rvale nende kirjakeelne vaste (ei pea olema \u00fches\u00f5naline). hiinakas kaltsukas kodukas l\u00e4pakas naistekas 2. Kirjuta lisatud s\u00f5naloendi p\u00f5hjal v\u00e4lja isikut &#8230;<\/p>\n","protected":false},"author":185,"featured_media":0,"parent":0,"menu_order":0,"comment_status":"closed","ping_status":"closed","template":"","meta":{"_acf_changed":false,"inline_featured_image":false,"footnotes":""},"class_list":["post-93","page","type-page","status-publish","hentry"],"acf":[],"_links":{"self":[{"href":"https:\/\/sisu.ut.ee\/keeleylesanded\/wp-json\/wp\/v2\/pages\/93","targetHints":{"allow":["GET"]}}],"collection":[{"href":"https:\/\/sisu.ut.ee\/keeleylesanded\/wp-json\/wp\/v2\/pages"}],"about":[{"href":"https:\/\/sisu.ut.ee\/keeleylesanded\/wp-json\/wp\/v2\/types\/page"}],"author":[{"embeddable":true,"href":"https:\/\/sisu.ut.ee\/keeleylesanded\/wp-json\/wp\/v2\/users\/185"}],"replies":[{"embeddable":true,"href":"https:\/\/sisu.ut.ee\/keeleylesanded\/wp-json\/wp\/v2\/comments?post=93"}],"version-history":[{"count":2,"href":"https:\/\/sisu.ut.ee\/keeleylesanded\/wp-json\/wp\/v2\/pages\/93\/revisions"}],"predecessor-version":[{"id":2009,"href":"https:\/\/sisu.ut.ee\/keeleylesanded\/wp-json\/wp\/v2\/pages\/93\/revisions\/2009"}],"wp:attachment":[{"href":"https:\/\/sisu.ut.ee\/keeleylesanded\/wp-json\/wp\/v2\/media?parent=93"}],"curies":[{"name":"wp","href":"https:\/\/api.w.org\/{rel}","templated":true}]}}