{"id":50,"date":"2024-04-04T05:03:25","date_gmt":"2024-04-04T02:03:25","guid":{"rendered":"https:\/\/sisu.ut.ee\/keeleylesanded\/valed-vormid-1\/"},"modified":"2024-11-29T13:31:35","modified_gmt":"2024-11-29T11:31:35","slug":"valed-vormid-1","status":"publish","type":"page","link":"https:\/\/sisu.ut.ee\/keeleylesanded\/valed-vormid-1\/","title":{"rendered":"Valed vormid (I)"},"content":{"rendered":"<p><strong>Korrigeeri valed vormid.<\/strong><\/p>\n<p>\u201cKiiremini!\u201d h\u00fc\u00fcatab pealik. J\u00e4rgmisel hetkel toodakse sisse uus vang, eelmine viidakse \u00e4ra. Vahialune pannakse pealiku ette seisma. Valvurid taanduvad. Vangi pea t\u00f5useb aeglaselt ning j\u00e4\u00e4b pealikule ainiti otsa vaatama. Need silmad ei oska pelgata. \u201cJuba mitmendat p\u00e4eva vaagin ma seda, mida sinusugusega peale hakata,\u201d kostab pealik. \u201cMind on p\u00fc\u00fctud veenata selles, et laseksin sul minna, kuna t\u00f6\u00f6data sulle meelidab, \u00e4ra jooksta pole sa ka proovinud \u2013 sul nagu polekski \u00f5iget s\u00fc\u00fcd.\u201d<\/p>\n<p>2002<\/p>\n<p>noorem<\/p>\n<p>piirkonnavoor<\/p>\n<p><a href=\"https:\/\/sisu.ut.ee\/keeleylesanded\/valed-vormid-vastus\/\">Vastus<\/a><\/p>\n","protected":false},"excerpt":{"rendered":"<p>Korrigeeri valed vormid. \u201cKiiremini!\u201d h\u00fc\u00fcatab pealik. J\u00e4rgmisel hetkel toodakse sisse uus vang, eelmine viidakse \u00e4ra. Vahialune pannakse pealiku ette seisma. Valvurid taanduvad. Vangi pea t\u00f5useb aeglaselt ning j\u00e4\u00e4b pealikule ainiti otsa vaatama. Need silmad ei oska pelgata. \u201cJuba mitmendat p\u00e4eva &#8230;<\/p>\n","protected":false},"author":185,"featured_media":0,"parent":0,"menu_order":0,"comment_status":"closed","ping_status":"closed","template":"","meta":{"_acf_changed":false,"inline_featured_image":false,"footnotes":""},"class_list":["post-50","page","type-page","status-publish","hentry"],"acf":[],"_links":{"self":[{"href":"https:\/\/sisu.ut.ee\/keeleylesanded\/wp-json\/wp\/v2\/pages\/50","targetHints":{"allow":["GET"]}}],"collection":[{"href":"https:\/\/sisu.ut.ee\/keeleylesanded\/wp-json\/wp\/v2\/pages"}],"about":[{"href":"https:\/\/sisu.ut.ee\/keeleylesanded\/wp-json\/wp\/v2\/types\/page"}],"author":[{"embeddable":true,"href":"https:\/\/sisu.ut.ee\/keeleylesanded\/wp-json\/wp\/v2\/users\/185"}],"replies":[{"embeddable":true,"href":"https:\/\/sisu.ut.ee\/keeleylesanded\/wp-json\/wp\/v2\/comments?post=50"}],"version-history":[{"count":2,"href":"https:\/\/sisu.ut.ee\/keeleylesanded\/wp-json\/wp\/v2\/pages\/50\/revisions"}],"predecessor-version":[{"id":2040,"href":"https:\/\/sisu.ut.ee\/keeleylesanded\/wp-json\/wp\/v2\/pages\/50\/revisions\/2040"}],"wp:attachment":[{"href":"https:\/\/sisu.ut.ee\/keeleylesanded\/wp-json\/wp\/v2\/media?parent=50"}],"curies":[{"name":"wp","href":"https:\/\/api.w.org\/{rel}","templated":true}]}}