{"id":457,"date":"2024-04-04T05:04:03","date_gmt":"2024-04-04T02:04:03","guid":{"rendered":"https:\/\/sisu.ut.ee\/keeleylesanded\/murdesonad-lausesse\/"},"modified":"2024-11-29T10:48:22","modified_gmt":"2024-11-29T08:48:22","slug":"murdesonad-lausesse","status":"publish","type":"page","link":"https:\/\/sisu.ut.ee\/keeleylesanded\/murdesonad-lausesse\/","title":{"rendered":"Murdes\u00f5nad lausesse"},"content":{"rendered":"<p><strong>J\u00e4rgnevalt on esitatud valik oigekeelsussonaraamatu s\u00f5naartikleid ja kaks l\u00fcnkteksti. vali loendist igasse l\u00fcnka \u00fcks sisult sobiv murdes\u00f5na ja kasuta seda lausesse sobivas vormis. Igasse l\u00fcnka kirjuta erinev s\u00f5na. Osa s\u00f5nu j\u00e4\u00e4b \u00fcle.<\/strong><\/p>\n<ul>\n<li><span id=\"q2040_1_m\" class=\"m leitud_id\"><span style=\"font-weight: bold;\">`aplama<\/span><\/span> &lt;<span class=\"grg\"><a style=\"color: #2460ad;\">29<\/a>: ablata, `aplan<\/span>&gt; MURDES\u00a0<span id=\"q2040_4_s\" class=\"s\"><span id=\"q2040_5_d\" class=\"d\"><span style=\"font-style: italic;\">aplalt s\u00f6\u00f6ma<\/span><\/span> <\/span><\/li>\n<li><span id=\"q10211_1_m\" class=\"m leitud_id\"><span style=\"font-weight: bold;\">h\u00e4itse<\/span><\/span> &lt;<span class=\"grg\"><a style=\"color: #2460ad;\">5<\/a>: h`\u00e4itsme, h\u00e4itset<\/span>&gt; MURDES\u00a0<span id=\"q10211_5_d\" class=\"d\"><span style=\"font-style: italic;\">\u00f5is<\/span><\/span><\/li>\n<li><span class=\"d\"><span style=\"font-style: italic;\"><span style=\"font-style: normal;\"><span style=\"font-weight: bold;\">h\u00f6\u00f6rik<\/span><\/span><\/span><span style=\"font-style: normal;\"> &lt;<\/span><span class=\"grg\" style=\"font-style: normal;\"><a style=\"color: #2460ad;\">2<\/a>: -u<\/span><span style=\"font-style: normal;\">&gt; MURDES\u00a0<\/span>\u00fcmmargune<\/span><\/li>\n<li><span class=\"d\"><span style=\"font-style: italic;\"><span style=\"font-style: normal;\"><span style=\"font-weight: bold;\">j`\u00f5lkuma<\/span><\/span><span style=\"font-style: normal;\"> &lt;<\/span><span class=\"grg\" style=\"font-style: normal;\"><a style=\"color: #2460ad;\">28<\/a>: j`\u00f5lkuda, j\u00f5lgun<\/span><span style=\"font-style: normal;\">&gt; <\/span>k\u00f5lkuma<span id=\"q12739_5_kvm\" class=\"kvm\" style=\"font-style: normal;\">;<\/span>\u00a0<\/span>ARGI\u00a0<i>k\u00e4ima, lonkima, hulkuma<\/i><\/span><\/li>\n<li><span class=\"d\"><span style=\"font-style: italic;\"><span style=\"font-style: normal;\"><span style=\"font-weight: bold;\">j\u00f5\u00f5re<\/span><\/span><\/span><\/span><span style=\"font-style: normal;\"> &lt;<\/span><span class=\"grg\" style=\"font-style: normal;\"><a style=\"color: #2460ad;\">6<\/a>: j`\u00f5\u00f5rde, j\u00f5\u00f5ret<\/span><span style=\"font-style: normal;\">&gt; MURDES\u00a0<\/span>kallakas koht, viidas<\/li>\n<li><span class=\"d\"><span style=\"font-style: italic;\"><span style=\"font-style: normal;\"><span style=\"font-weight: bold;\">jugar<\/span><\/span><\/span><span style=\"font-style: normal;\"> &lt;<\/span><span class=\"grg\" style=\"font-style: normal;\"><a style=\"color: #2460ad;\">2<\/a>: -a<\/span><span style=\"font-style: normal;\">&gt; MURDES\u00a0<\/span>junn, julk, jupp<\/span><\/li>\n<li><span class=\"d\"><span style=\"font-style: italic;\"><span style=\"font-style: normal;\"><span style=\"font-weight: bold;\">kali<\/span><\/span><\/span><\/span><span style=\"font-style: normal;\"> &lt;<\/span><span class=\"grg\" style=\"font-style: normal;\"><a style=\"color: #2460ad;\">17<\/a><\/span><span style=\"font-style: normal;\">&gt; MURDES\u00a0<\/span>kaigas<\/li>\n<li><span class=\"d\"><span style=\"font-style: italic;\"><span style=\"font-style: normal;\"><span style=\"font-weight: bold;\">k`ants<\/span><\/span><span style=\"font-style: normal;\"> &lt;<\/span><span class=\"grg\" style=\"font-style: normal;\"><a style=\"color: #2460ad;\">22<\/a>e: kantsu, k`antsu<\/span><span style=\"font-style: normal;\">&gt; <\/span><span id=\"q14158_4_s\" class=\"s1\"><span style=\"font-style: normal;\">MURDES<\/span><\/span><span style=\"font-style: normal;\">: <\/span>taime t\u00fc\u00fcgas, konts (kontsu)<span style=\"font-style: normal;\">; <\/span>kannikas<\/span><\/span><\/li>\n<li><span id=\"q14388_1_m\" class=\"m leitud_id\"><span style=\"font-weight: bold;\">kare<\/span><\/span> &lt;<span class=\"grg\"><a style=\"color: #2460ad;\">6<\/a>: k`arge, karet, k`argesse <i>ja<\/i> k`arge<\/span>&gt; MURDES\u00a0<span id=\"q14388_5_d\" class=\"d\"><span style=\"font-style: italic;\">rohtunud maa, kesa, s\u00f6\u00f6t<\/span><\/span><\/li>\n<li><span class=\"d\"><span style=\"font-style: italic;\"><span style=\"font-style: normal;\"><span style=\"font-weight: bold;\">kodima<\/span><\/span><\/span><span style=\"font-style: normal;\"> &lt;<\/span><span class=\"grg\" style=\"font-style: normal;\"><a style=\"color: #2460ad;\">27<\/a><\/span><span style=\"font-style: normal;\">&gt; <\/span><span id=\"q16805_3_s\" class=\"s\"><span style=\"font-style: normal;\">MURDES<\/span><\/span> ringi k\u00e4ima, hulkuma, kolama<\/span><\/li>\n<li><span class=\"d\"><span style=\"font-style: italic;\"><span style=\"font-style: normal;\"><span style=\"font-weight: bold;\">n`ut\u2019t<\/span><\/span><\/span><span style=\"font-style: normal;\"> &lt;<\/span><span class=\"grg\" style=\"font-style: normal;\"><a style=\"color: #2460ad;\">22<\/a>e: nuti, n`utti<\/span><span style=\"font-style: normal;\">&gt; <\/span>nupp<span id=\"q29709_5_kvm\" class=\"kvm\" style=\"font-style: normal;\">;<\/span>\u00a0BOT\u00a0nupukujuline kobar\u00f5isik<\/span><\/li>\n<li><span class=\"d\"><span style=\"font-style: italic;\"><span style=\"font-style: normal;\"><span style=\"font-weight: bold;\">pabul<\/span><\/span><\/span><span style=\"font-style: normal;\"> &lt;<\/span><span class=\"grg\" style=\"font-style: normal;\"><a style=\"color: #2460ad;\">2<\/a>: -a<\/span><span style=\"font-style: normal;\">&gt; <\/span>v\u00e4ike \u00fcmmargune ese v olend<\/span><\/li>\n<li><span class=\"d\"><span style=\"font-style: italic;\"><span style=\"font-style: normal;\"><span style=\"font-weight: bold;\">ubin<\/span><\/span><\/span><span style=\"font-style: normal;\"> &lt;<\/span><span class=\"grg\" style=\"font-style: normal;\"><a style=\"color: #2460ad;\">2<\/a>: -a<\/span><span style=\"font-style: normal;\">&gt; MURDES\u00a0<\/span>\u00f5un<\/span><\/li>\n<li><span id=\"q41161_1_m\" class=\"m leitud_id\"><span style=\"font-weight: bold;\">sidima<\/span><\/span> <span id=\"q41161_2_i\" class=\"m_q_i\"><span style=\"font-weight: bold;\">1<\/span><\/span><b>.<\/b> &lt;<span class=\"grg\"><a style=\"color: #2460ad;\">27<\/a><\/span>&gt;\u00a0ARGI\u00a0<span id=\"q41161_5_d\" class=\"d\"><span style=\"font-style: italic;\">istuma<\/span><\/span><\/li>\n<\/ul>\n<div><strong>A.\u00a0<\/strong>Kevadel, esimeste Paris soojade ilmadega, lippan ikka paljaialu (1) \u2026\u2026\u2026\u2026\u2026\u2026\u2026\u2026\u2026\u2026\u2026\u2026\u2026\u2026\u2026ja imetlen esimesi puhkenud (2) \u2026\u2026\u2026\u2026\u2026\u2026\u2026\u2026\u2026\u2026\u2026\u2026\u2026\u2026\u2026. Muidugi on lume alt ka koerte (3) \u2026\u2026\u2026\u2026\u2026\u2026\u2026\u2026\u2026\u2026\u2026\u2026\u2026\u2026\u2026v\u00e4lja sulanud ning tallaaluseid torgivad kuivanud\u00a0(4)\u2026\u2026\u2026\u2026\u2026\u2026\u2026\u2026\u2026\u2026\u2026\u2026\u2026\u2026\u2026, nii et ega ma eriti kaua metsas (5) \u2026\u2026\u2026\u2026\u2026\u2026\u2026\u2026\u2026\u2026\u2026\u2026\u2026\u2026\u2026\u00a0ei viitsi.<\/div>\n<div><\/div>\n<div>\n<div><strong>B.<\/strong> Vanaisa l\u00f5i\u00a0j\u00e4meda (1)\u2026\u2026\u2026\u2026\u2026\u2026\u2026\u2026\u2026\u2026\u2026\u2026\u2026\u2026\u2026 vastu puut\u00fcve, et \u00f5unad maha\u00a0pudeneksid. Eile korjatud saagi (2) \u2026\u2026\u2026\u2026\u2026\u2026\u2026\u2026\u2026\u2026\u2026\u2026\u2026\u2026\u2026ta juba hommikul \u00e4ra.\u00a0T\u00e4nane saak viiakse turule m\u00fc\u00fcki, v\u00e4lja arvatud need m\u00f5ned (3)\u00a0\u2026\u2026\u2026\u2026\u2026\u2026\u2026\u2026\u2026\u2026\u2026\u2026\u2026\u2026.., mis (4)\u2026\u2026\u2026\u2026\u2026\u2026\u2026\u2026\u2026\u2026\u2026\u2026\u2026\u2026\u2026\u00a0reelt maha pudenevad. Meil on ilusad punased\u00a0(5) \u2026\u2026\u2026\u2026\u2026\u2026\u2026\u2026\u2026\u2026\u2026\u2026\u2026\u2026\u2026 \u00f5unad, k\u00fcllap li\u00e4evad ruttu kaubaks.<\/div>\n<\/div>\n<div><\/div>\n<div><\/div>\n<div>2014<\/div>\n<div>keskmine<\/div>\n<div>piirkonnavoor<\/div>\n<div><\/div>\n<div><a href=\"https:\/\/sisu.ut.ee\/keeleylesanded\/murdesonad-lausesse-vastus\/\">Vastus<\/a><\/div>\n<div><\/div>\n","protected":false},"excerpt":{"rendered":"<p>J\u00e4rgnevalt on esitatud valik oigekeelsussonaraamatu s\u00f5naartikleid ja kaks l\u00fcnkteksti. vali loendist igasse l\u00fcnka \u00fcks sisult sobiv murdes\u00f5na ja kasuta seda lausesse sobivas vormis. Igasse l\u00fcnka kirjuta erinev s\u00f5na. Osa s\u00f5nu j\u00e4\u00e4b \u00fcle. `aplama &lt;29: ablata, `aplan&gt; MURDES\u00a0aplalt s\u00f6\u00f6ma h\u00e4itse &lt;5: &#8230;<\/p>\n","protected":false},"author":185,"featured_media":0,"parent":0,"menu_order":0,"comment_status":"closed","ping_status":"closed","template":"","meta":{"_acf_changed":false,"inline_featured_image":false,"footnotes":""},"class_list":["post-457","page","type-page","status-publish","hentry"],"acf":[],"_links":{"self":[{"href":"https:\/\/sisu.ut.ee\/keeleylesanded\/wp-json\/wp\/v2\/pages\/457","targetHints":{"allow":["GET"]}}],"collection":[{"href":"https:\/\/sisu.ut.ee\/keeleylesanded\/wp-json\/wp\/v2\/pages"}],"about":[{"href":"https:\/\/sisu.ut.ee\/keeleylesanded\/wp-json\/wp\/v2\/types\/page"}],"author":[{"embeddable":true,"href":"https:\/\/sisu.ut.ee\/keeleylesanded\/wp-json\/wp\/v2\/users\/185"}],"replies":[{"embeddable":true,"href":"https:\/\/sisu.ut.ee\/keeleylesanded\/wp-json\/wp\/v2\/comments?post=457"}],"version-history":[{"count":2,"href":"https:\/\/sisu.ut.ee\/keeleylesanded\/wp-json\/wp\/v2\/pages\/457\/revisions"}],"predecessor-version":[{"id":1898,"href":"https:\/\/sisu.ut.ee\/keeleylesanded\/wp-json\/wp\/v2\/pages\/457\/revisions\/1898"}],"wp:attachment":[{"href":"https:\/\/sisu.ut.ee\/keeleylesanded\/wp-json\/wp\/v2\/media?parent=457"}],"curies":[{"name":"wp","href":"https:\/\/api.w.org\/{rel}","templated":true}]}}